CRAN Package Check Results for Package ModelGood

Last updated on 2016-12-08 23:49:36.

Flavor Version Tinstall Tcheck Ttotal Status Flags
r-devel-linux-x86_64-debian-clang 1.0.9 1.07 24.27 25.34 NOTE
r-devel-linux-x86_64-debian-gcc 1.0.9 1.08 16.79 17.86 ERROR
r-devel-linux-x86_64-fedora-clang 1.0.9 51.46 NOTE --no-stop-on-test-error
r-devel-linux-x86_64-fedora-gcc 1.0.9 47.91 NOTE --no-stop-on-test-error
r-devel-macos-x86_64-clang 1.0.9 39.10 NOTE --no-stop-on-test-error
r-devel-windows-ix86+x86_64 1.0.9 5.00 63.00 68.00 NOTE
r-patched-linux-x86_64 1.0.9 0.99 19.14 20.13 NOTE
r-patched-solaris-sparc 1.0.9 224.40 NOTE
r-patched-solaris-x86 1.0.9 47.10 NOTE
r-release-linux-x86_64 1.0.9 0.88 18.99 19.86 NOTE
r-release-osx-x86_64-mavericks 1.0.9 NOTE
r-release-windows-ix86+x86_64 1.0.9 4.00 48.00 52.00 NOTE
r-oldrel-windows-ix86+x86_64 1.0.9 8.00 47.00 55.00 NOTE

Check Details

Version: 1.0.9
Check: dependencies in R code
Result: NOTE
    'library' or 'require' call to ‘glmnet’ in package code.
     Please use :: or requireNamespace() instead.
     See section 'Suggested packages' in the 'Writing R Extensions' manual.
Flavors: r-devel-linux-x86_64-debian-clang, r-devel-linux-x86_64-debian-gcc, r-devel-windows-ix86+x86_64, r-patched-linux-x86_64, r-patched-solaris-sparc, r-patched-solaris-x86, r-release-linux-x86_64, r-release-osx-x86_64-mavericks, r-release-windows-ix86+x86_64, r-oldrel-windows-ix86+x86_64

Version: 1.0.9
Check: R code for possible problems
Result: NOTE
    AutoSelectLRM: no visible global function definition for ‘reformulate’
    AutoSelectLRM: no visible global function definition for ‘glm’
    Brier.list: no visible global function definition for ‘model.frame’
    Brier.list: no visible binding for global variable ‘na.fail’
    Brier.list: no visible global function definition for ‘model.response’
    Brier.list : <anonymous>: no visible global function definition for
     ‘na.omit’
    ConfScore : <anonymous> : <anonymous>: no visible global function
     definition for ‘sd’
    Diagnose: no visible global function definition for ‘binom.test’
    ElasticNet: no visible global function definition for ‘model.frame’
    ElasticNet: no visible binding for global variable ‘na.omit’
    ElasticNet: no visible global function definition for ‘terms.formula’
    ElasticNet: no visible global function definition for ‘model.response’
    ElasticNet: no visible global function definition for ‘model.matrix’
    NPV: no visible global function definition for ‘binom.test’
    PPV: no visible global function definition for ‘binom.test’
    Roc.formula: no visible global function definition for ‘update.formula’
    Roc.list : <anonymous>: no visible global function definition for
     ‘update.formula’
    Roc.list: no visible global function definition for ‘model.frame’
    Roc.list: no visible binding for global variable ‘na.fail’
    Roc.list: no visible global function definition for ‘model.response’
    Roc.list : <anonymous>: no visible global function definition for
     ‘na.omit’
    Roc.list : <anonymous>: no visible global function definition for
     ‘approx’
    Roc.list : <anonymous>: no visible binding for global variable ‘median’
    Sensitivity: no visible global function definition for ‘binom.test’
    Specificity: no visible global function definition for ‘binom.test’
    TNR.numeric: no visible global function definition for ‘binom.test’
    TNR.table: no visible global function definition for ‘binom.test’
    TPR.numeric: no visible global function definition for ‘binom.test’
    TPR.table: no visible global function definition for ‘binom.test’
    avRoc : <anonymous>: no visible global function definition for ‘approx’
    avRoc : <anonymous>: no visible binding for global variable ‘median’
    calPlot2: no visible binding for global variable ‘na.fail’
    calPlot2: no visible global function definition for ‘model.frame’
    calPlot2: no visible global function definition for ‘model.response’
    calPlot2 : <anonymous>: no visible global function definition for
     ‘quantile’
    calPlot2 : <anonymous>: no visible global function definition for
     ‘na.omit’
    calPlot2: no visible global function definition for ‘par’
    calPlot2: no visible global function definition for ‘title’
    calPlot2: no visible global function definition for ‘segments’
    calPlot2 : <anonymous>: no visible global function definition for
     ‘col2rgb’
    calPlot2 : <anonymous>: no visible global function definition for
     ‘points’
    click.Roc: no visible global function definition for ‘xy.coords’
    click.Roc: no visible global function definition for ‘identify’
    click.Roc: no visible global function definition for ‘points’
    click.Roc: no visible global function definition for ‘text’
    lines.Roc: no visible global function definition for ‘plot’
    plot.Roc: no visible global function definition for ‘abline’
    plot.Roc: no visible global function definition for ‘gray’
    plot.Roc: no visible global function definition for ‘par’
    plot.confScore: no visible global function definition for ‘plot’
    plot.confScore : <anonymous>: no visible global function definition for
     ‘points’
    plot.confScore : <anonymous>: no visible global function definition for
     ‘lines’
    plot.confScore: no visible global function definition for ‘legend’
    plot.riskReclassification: no visible global function definition for
     ‘gray’
    plot.riskReclassification: no visible global function definition for
     ‘plot’
    plot.riskReclassification: no visible global function definition for
     ‘axis’
    plot.riskReclassification: no visible global function definition for
     ‘abline’
    predictClassProb.autoElasticNet: no visible global function definition
     for ‘predict’
    predictClassProb.mvr: no visible global function definition for
     ‘predict’
    predictClassProb.randomForest: no visible global function definition
     for ‘predict’
    predictStatusProb.ElasticNet: no visible global function definition for
     ‘model.frame’
    predictStatusProb.ElasticNet: no visible binding for global variable
     ‘na.omit’
    predictStatusProb.ElasticNet: no visible global function definition for
     ‘model.matrix’
    predictStatusProb.ElasticNet: no visible global function definition for
     ‘predict’
    predictStatusProb.formula: no visible global function definition for
     ‘update.formula’
    predictStatusProb.formula: no visible global function definition for
     ‘model.frame’
    predictStatusProb.formula: no visible global function definition for
     ‘glm’
    predictStatusProb.glm: no visible global function definition for
     ‘predict’
    predictStatusProb.lrm: no visible global function definition for
     ‘predict’
    predictStatusProb.randomForest: no visible global function definition
     for ‘predict’
    predictStatusProb.rfsrc: no visible global function definition for
     ‘predict’
    predictStatusProb.rpart: no visible global function definition for
     ‘predict’
    summary.Roc : <anonymous>: no visible global function definition for
     ‘quantile’
    Undefined global functions or variables:
     abline approx axis binom.test col2rgb glm gray identify legend lines
     median model.frame model.matrix model.response na.fail na.omit par
     plot points predict quantile reformulate sd segments terms.formula
     text title update.formula xy.coords
    Consider adding
     importFrom("grDevices", "col2rgb", "gray", "xy.coords")
     importFrom("graphics", "abline", "axis", "identify", "legend", "lines",
     "par", "plot", "points", "segments", "text", "title")
     importFrom("stats", "approx", "binom.test", "glm", "median",
     "model.frame", "model.matrix", "model.response", "na.fail",
     "na.omit", "predict", "quantile", "reformulate", "sd",
     "terms.formula", "update.formula")
    to your NAMESPACE file.
Flavors: r-devel-linux-x86_64-debian-clang, r-devel-linux-x86_64-debian-gcc, r-devel-windows-ix86+x86_64, r-patched-linux-x86_64, r-patched-solaris-sparc, r-patched-solaris-x86, r-release-linux-x86_64, r-release-osx-x86_64-mavericks, r-release-windows-ix86+x86_64

Version: 1.0.9
Check: package dependencies
Result: NOTE
    Package suggested but not available for checking: ‘rms’
Flavor: r-devel-linux-x86_64-debian-gcc

Version: 1.0.9
Check: examples
Result: ERROR
    Running examples in ‘ModelGood-Ex.R’ failed
    The error most likely occurred in:
    
    > base::assign(".ptime", proc.time(), pos = "CheckExEnv")
    > ### Name: AutoSelectLRM
    > ### Title: Automated backward elemination for logistic regression
    > ### Aliases: AutoSelectLRM
    >
    > ### ** Examples
    >
    > library(rms)
    Error in library(rms) : there is no package called ‘rms’
    Execution halted
Flavor: r-devel-linux-x86_64-debian-gcc

Version: 1.0.9
Flags: --no-stop-on-test-error
Check: dependencies in R code
Result: NOTE
    'library' or 'require' call to ‘glmnet’ in package code.
     Please use :: or requireNamespace() instead.
     See section 'Suggested packages' in the 'Writing R Extensions' manual.
Flavors: r-devel-linux-x86_64-fedora-clang, r-devel-linux-x86_64-fedora-gcc, r-devel-macos-x86_64-clang

Version: 1.0.9
Flags: --no-stop-on-test-error
Check: R code for possible problems
Result: NOTE
    AutoSelectLRM: no visible global function definition for ‘reformulate’
    AutoSelectLRM: no visible global function definition for ‘glm’
    Brier.list: no visible global function definition for ‘model.frame’
    Brier.list: no visible binding for global variable ‘na.fail’
    Brier.list: no visible global function definition for ‘model.response’
    Brier.list : <anonymous>: no visible global function definition for
     ‘na.omit’
    ConfScore : <anonymous> : <anonymous>: no visible global function
     definition for ‘sd’
    Diagnose: no visible global function definition for ‘binom.test’
    ElasticNet: no visible global function definition for ‘model.frame’
    ElasticNet: no visible binding for global variable ‘na.omit’
    ElasticNet: no visible global function definition for ‘terms.formula’
    ElasticNet: no visible global function definition for ‘model.response’
    ElasticNet: no visible global function definition for ‘model.matrix’
    NPV: no visible global function definition for ‘binom.test’
    PPV: no visible global function definition for ‘binom.test’
    Roc.formula: no visible global function definition for ‘update.formula’
    Roc.list : <anonymous>: no visible global function definition for
     ‘update.formula’
    Roc.list: no visible global function definition for ‘model.frame’
    Roc.list: no visible binding for global variable ‘na.fail’
    Roc.list: no visible global function definition for ‘model.response’
    Roc.list : <anonymous>: no visible global function definition for
     ‘na.omit’
    Roc.list : <anonymous>: no visible global function definition for
     ‘approx’
    Roc.list : <anonymous>: no visible binding for global variable ‘median’
    Sensitivity: no visible global function definition for ‘binom.test’
    Specificity: no visible global function definition for ‘binom.test’
    TNR.numeric: no visible global function definition for ‘binom.test’
    TNR.table: no visible global function definition for ‘binom.test’
    TPR.numeric: no visible global function definition for ‘binom.test’
    TPR.table: no visible global function definition for ‘binom.test’
    avRoc : <anonymous>: no visible global function definition for ‘approx’
    avRoc : <anonymous>: no visible binding for global variable ‘median’
    calPlot2: no visible binding for global variable ‘na.fail’
    calPlot2: no visible global function definition for ‘model.frame’
    calPlot2: no visible global function definition for ‘model.response’
    calPlot2 : <anonymous>: no visible global function definition for
     ‘quantile’
    calPlot2 : <anonymous>: no visible global function definition for
     ‘na.omit’
    calPlot2: no visible global function definition for ‘par’
    calPlot2: no visible global function definition for ‘title’
    calPlot2: no visible global function definition for ‘segments’
    calPlot2 : <anonymous>: no visible global function definition for
     ‘col2rgb’
    calPlot2 : <anonymous>: no visible global function definition for
     ‘points’
    click.Roc: no visible global function definition for ‘xy.coords’
    click.Roc: no visible global function definition for ‘identify’
    click.Roc: no visible global function definition for ‘points’
    click.Roc: no visible global function definition for ‘text’
    lines.Roc: no visible global function definition for ‘plot’
    plot.Roc: no visible global function definition for ‘abline’
    plot.Roc: no visible global function definition for ‘gray’
    plot.Roc: no visible global function definition for ‘par’
    plot.confScore: no visible global function definition for ‘plot’
    plot.confScore : <anonymous>: no visible global function definition for
     ‘points’
    plot.confScore : <anonymous>: no visible global function definition for
     ‘lines’
    plot.confScore: no visible global function definition for ‘legend’
    plot.riskReclassification: no visible global function definition for
     ‘gray’
    plot.riskReclassification: no visible global function definition for
     ‘plot’
    plot.riskReclassification: no visible global function definition for
     ‘axis’
    plot.riskReclassification: no visible global function definition for
     ‘abline’
    predictClassProb.autoElasticNet: no visible global function definition
     for ‘predict’
    predictClassProb.mvr: no visible global function definition for
     ‘predict’
    predictClassProb.randomForest: no visible global function definition
     for ‘predict’
    predictStatusProb.ElasticNet: no visible global function definition for
     ‘model.frame’
    predictStatusProb.ElasticNet: no visible binding for global variable
     ‘na.omit’
    predictStatusProb.ElasticNet: no visible global function definition for
     ‘model.matrix’
    predictStatusProb.ElasticNet: no visible global function definition for
     ‘predict’
    predictStatusProb.formula: no visible global function definition for
     ‘update.formula’
    predictStatusProb.formula: no visible global function definition for
     ‘model.frame’
    predictStatusProb.formula: no visible global function definition for
     ‘glm’
    predictStatusProb.glm: no visible global function definition for
     ‘predict’
    predictStatusProb.lrm: no visible global function definition for
     ‘predict’
    predictStatusProb.randomForest: no visible global function definition
     for ‘predict’
    predictStatusProb.rfsrc: no visible global function definition for
     ‘predict’
    predictStatusProb.rpart: no visible global function definition for
     ‘predict’
    summary.Roc : <anonymous>: no visible global function definition for
     ‘quantile’
    Undefined global functions or variables:
     abline approx axis binom.test col2rgb glm gray identify legend lines
     median model.frame model.matrix model.response na.fail na.omit par
     plot points predict quantile reformulate sd segments terms.formula
     text title update.formula xy.coords
    Consider adding
     importFrom("grDevices", "col2rgb", "gray", "xy.coords")
     importFrom("graphics", "abline", "axis", "identify", "legend", "lines",
     "par", "plot", "points", "segments", "text", "title")
     importFrom("stats", "approx", "binom.test", "glm", "median",
     "model.frame", "model.matrix", "model.response", "na.fail",
     "na.omit", "predict", "quantile", "reformulate", "sd",
     "terms.formula", "update.formula")
    to your NAMESPACE file.
Flavors: r-devel-linux-x86_64-fedora-clang, r-devel-linux-x86_64-fedora-gcc, r-devel-macos-x86_64-clang