CRAN Package Check Results for Package ModelGood

Last updated on 2014-08-29 23:48:51.

Flavor Version Tinstall Tcheck Ttotal Status Flags
r-devel-linux-x86_64-debian-clang 1.0.8 0.93 17.73 18.66 NOTE
r-devel-linux-x86_64-debian-gcc 1.0.8 0.92 17.17 18.09 NOTE
r-devel-linux-x86_64-fedora-clang 1.0.8 38.89 NOTE
r-devel-linux-x86_64-fedora-gcc 1.0.8 37.78 NOTE
r-devel-osx-x86_64-clang 1.0.8 37.25 NOTE
r-devel-windows-ix86+x86_64 1.0.8 4.00 37.00 41.00 NOTE
r-patched-linux-x86_64 1.0.8 0.96 21.15 22.10 OK
r-patched-solaris-sparc 1.0.8 262.50 OK
r-patched-solaris-x86 1.0.8 57.30 OK
r-release-linux-ix86 1.0.8 1.45 31.09 32.54 OK
r-release-linux-x86_64 1.0.8 0.99 21.28 22.28 OK
r-release-osx-x86_64-mavericks 1.0.8 OK
r-release-osx-x86_64-snowleopard 1.0.8 OK
r-release-windows-ix86+x86_64 1.0.8 4.00 44.00 48.00 OK
r-oldrel-windows-ix86+x86_64 1.0.8 4.00 40.00 44.00 OK

Check Details

Version: 1.0.8
Check: R code for possible problems
Result: NOTE
    ElasticNet: no visible global function definition for ‘cv.glmnet’
    ElasticNet: no visible global function definition for ‘glmnet’
Flavors: r-devel-linux-x86_64-debian-clang, r-devel-linux-x86_64-debian-gcc, r-devel-linux-x86_64-fedora-clang, r-devel-linux-x86_64-fedora-gcc, r-devel-osx-x86_64-clang, r-devel-windows-ix86+x86_64