CRAN Package Check Results for Package ModelGood

Last updated on 2014-09-30 10:46:47.

Flavor Version Tinstall Tcheck Ttotal Status Flags
r-devel-linux-x86_64-debian-clang 1.0.8 0.97 19.30 20.28 NOTE
r-devel-linux-x86_64-debian-gcc 1.0.8 0.96 18.62 19.58 NOTE
r-devel-linux-x86_64-fedora-clang 1.0.8 38.94 NOTE
r-devel-linux-x86_64-fedora-gcc 1.0.8 38.84 NOTE
r-devel-osx-x86_64-clang 1.0.8 38.56 NOTE
r-devel-windows-ix86+x86_64 1.0.8 5.00 38.00 43.00 NOTE
r-patched-linux-x86_64 1.0.8 1.02 22.11 23.13 OK
r-patched-solaris-sparc 1.0.8 262.50 OK
r-patched-solaris-x86 1.0.8 62.50 OK
r-release-linux-ix86 1.0.8 1.46 31.80 33.26 OK
r-release-linux-x86_64 1.0.8 0.98 22.79 23.77 OK
r-release-osx-x86_64-mavericks 1.0.8 OK
r-release-osx-x86_64-snowleopard 1.0.8 OK
r-release-windows-ix86+x86_64 1.0.8 4.00 41.00 45.00 OK
r-oldrel-windows-ix86+x86_64 1.0.8 5.00 42.00 47.00 OK

Check Details

Version: 1.0.8
Check: R code for possible problems
Result: NOTE
    ElasticNet: no visible global function definition for ‘cv.glmnet’
    ElasticNet: no visible global function definition for ‘glmnet’
Flavors: r-devel-linux-x86_64-debian-clang, r-devel-linux-x86_64-debian-gcc, r-devel-linux-x86_64-fedora-clang, r-devel-linux-x86_64-fedora-gcc, r-devel-osx-x86_64-clang, r-devel-windows-ix86+x86_64