CRAN Package Check Results for Package ModelGood

Last updated on 2015-01-31 13:48:27.

Flavor Version Tinstall Tcheck Ttotal Status Flags
r-devel-linux-x86_64-debian-clang 1.0.9 0.99 17.83 18.82 NOTE
r-devel-linux-x86_64-debian-gcc 1.0.9 0.94 17.19 18.13 NOTE
r-devel-linux-x86_64-fedora-clang 1.0.9 44.00 NOTE
r-devel-linux-x86_64-fedora-gcc 1.0.9 40.63 NOTE
r-devel-osx-x86_64-clang 1.0.9 43.11 NOTE
r-devel-windows-ix86+x86_64 1.0.9 8.00 34.00 42.00 NOTE
r-patched-linux-x86_64 1.0.9 1.02 20.52 21.54 OK
r-patched-solaris-sparc 1.0.9 249.40 OK
r-patched-solaris-x86 1.0.9 59.40 OK
r-release-linux-ix86 1.0.9 1.44 28.92 30.35 OK
r-release-linux-x86_64 1.0.9 1.02 20.52 21.54 OK
r-release-osx-x86_64-mavericks 1.0.9 OK
r-release-osx-x86_64-snowleopard 1.0.9 OK
r-release-windows-ix86+x86_64 1.0.9 5.00 41.00 46.00 OK
r-oldrel-windows-ix86+x86_64 1.0.9 5.00 43.00 48.00 OK

Check Details

Version: 1.0.9
Check: dependencies in R code
Result: NOTE
    'library' or 'require' call to ‘glmnet’ in package code.
     Please use :: or requireNamespace() instead.
     See section 'Suggested packages' in the 'Writing R Extensions' manual.
Flavors: r-devel-linux-x86_64-debian-clang, r-devel-linux-x86_64-debian-gcc, r-devel-linux-x86_64-fedora-clang, r-devel-linux-x86_64-fedora-gcc, r-devel-osx-x86_64-clang, r-devel-windows-ix86+x86_64