CRAN Package Check Results for Package ModelGood

Last updated on 2015-05-27 11:49:27.

Flavor Version Tinstall Tcheck Ttotal Status Flags
r-devel-linux-x86_64-debian-clang 1.0.9 0.90 19.62 20.52 NOTE
r-devel-linux-x86_64-debian-gcc 1.0.9 0.85 19.23 20.08 NOTE
r-devel-linux-x86_64-fedora-clang 1.0.9 38.15 NOTE
r-devel-linux-x86_64-fedora-gcc 1.0.9 36.36 NOTE
r-devel-osx-x86_64-clang 1.0.9 37.96 NOTE
r-devel-windows-ix86+x86_64 1.0.9 5.00 42.00 47.00 NOTE
r-patched-linux-x86_64 1.0.9 0.85 18.34 19.18 NOTE
r-patched-solaris-sparc 1.0.9 275.80 NOTE
r-patched-solaris-x86 1.0.9 53.40 NOTE
r-release-linux-x86_64 1.0.9 0.86 18.48 19.34 NOTE
r-release-osx-x86_64-mavericks 1.0.9 NOTE
r-release-osx-x86_64-snowleopard 1.0.9 ERROR
r-release-windows-ix86+x86_64 1.0.9 5.00 42.00 47.00 NOTE
r-oldrel-windows-ix86+x86_64 1.0.9 6.00 44.00 50.00 NOTE

Check Details

Version: 1.0.9
Check: dependencies in R code
Result: NOTE
    'library' or 'require' call to ‘glmnet’ in package code.
     Please use :: or requireNamespace() instead.
     See section 'Suggested packages' in the 'Writing R Extensions' manual.
Flavors: r-devel-linux-x86_64-debian-clang, r-devel-linux-x86_64-debian-gcc, r-devel-linux-x86_64-fedora-clang, r-devel-linux-x86_64-fedora-gcc, r-devel-osx-x86_64-clang, r-devel-windows-ix86+x86_64, r-patched-linux-x86_64, r-patched-solaris-sparc, r-patched-solaris-x86, r-release-linux-x86_64, r-release-osx-x86_64-mavericks, r-release-osx-x86_64-snowleopard, r-release-windows-ix86+x86_64, r-oldrel-windows-ix86+x86_64

Version: 1.0.9
Check: package dependencies
Result: NOTE
    Packages suggested but not available for checking: ‘party’ ‘rms’
Flavor: r-release-osx-x86_64-snowleopard

Version: 1.0.9
Check: examples
Result: ERROR
    Running examples in ‘ModelGood-Ex.R’ failed
    The error most likely occurred in:
    
    > ### Name: AutoSelectLRM
    > ### Title: Automated backward elemination for logistic regression
    > ### Aliases: AutoSelectLRM
    >
    > ### ** Examples
    >
    > library(rms)
    Error in library(rms) : there is no package called ‘rms’
    Execution halted
Flavor: r-release-osx-x86_64-snowleopard