CRAN Package Check Results for Package ModelGood

Last updated on 2014-11-01 13:49:54.

Flavor Version Tinstall Tcheck Ttotal Status Flags
r-devel-linux-x86_64-debian-clang 1.0.8 0.98 19.95 20.93 NOTE
r-devel-linux-x86_64-debian-gcc 1.0.8 0.97 18.82 19.79 NOTE
r-devel-linux-x86_64-fedora-clang 1.0.8 40.74 NOTE
r-devel-linux-x86_64-fedora-gcc 1.0.8 37.38 NOTE
r-devel-osx-x86_64-clang 1.0.8 39.87 NOTE
r-devel-windows-ix86+x86_64 1.0.8 4.00 37.00 41.00 NOTE
r-patched-linux-x86_64 1.0.8 0.99 18.71 19.70 NOTE
r-patched-solaris-sparc 1.0.8 223.20 NOTE
r-patched-solaris-x86 1.0.8 52.20 NOTE
r-release-linux-ix86 1.0.8 1.47 31.12 32.58 OK
r-release-linux-x86_64 1.0.8 0.98 23.38 24.36 OK
r-release-osx-x86_64-mavericks 1.0.8 OK
r-release-osx-x86_64-snowleopard 1.0.8 OK
r-release-windows-ix86+x86_64 1.0.8 5.00 38.00 43.00 NOTE
r-oldrel-windows-ix86+x86_64 1.0.8 4.00 40.00 44.00 OK

Check Details

Version: 1.0.8
Check: R code for possible problems
Result: NOTE
    ElasticNet: no visible global function definition for ‘cv.glmnet’
    ElasticNet: no visible global function definition for ‘glmnet’
Flavors: r-devel-linux-x86_64-debian-clang, r-devel-linux-x86_64-debian-gcc, r-devel-linux-x86_64-fedora-clang, r-devel-linux-x86_64-fedora-gcc, r-devel-osx-x86_64-clang, r-devel-windows-ix86+x86_64, r-patched-linux-x86_64, r-patched-solaris-sparc, r-patched-solaris-x86, r-release-windows-ix86+x86_64