CRAN Package Check Results for Package ModelGood

Last updated on 2014-10-25 15:48:30.

Flavor Version Tinstall Tcheck Ttotal Status Flags
r-devel-linux-x86_64-debian-clang 1.0.8 1.00 20.10 21.09 NOTE
r-devel-linux-x86_64-debian-gcc 1.0.8 1.03 20.04 21.07 NOTE
r-devel-linux-x86_64-fedora-clang 1.0.8 39.72 NOTE
r-devel-linux-x86_64-fedora-gcc 1.0.8 38.70 NOTE
r-devel-osx-x86_64-clang 1.0.8 39.87 NOTE
r-devel-windows-ix86+x86_64 1.0.8 4.00 35.00 39.00 NOTE
r-patched-linux-x86_64 1.0.8 1.00 18.88 19.88 NOTE
r-patched-solaris-sparc 1.0.8 223.20 NOTE
r-patched-solaris-x86 1.0.8 52.20 NOTE
r-release-linux-ix86 1.0.8 1.47 31.12 32.58 OK
r-release-linux-x86_64 1.0.8 0.98 23.38 24.36 OK
r-release-osx-x86_64-mavericks 1.0.8 OK
r-release-osx-x86_64-snowleopard 1.0.8 OK
r-release-windows-ix86+x86_64 1.0.8 4.00 41.00 45.00 OK
r-oldrel-windows-ix86+x86_64 1.0.8 5.00 47.00 52.00 OK

Check Details

Version: 1.0.8
Check: R code for possible problems
Result: NOTE
    ElasticNet: no visible global function definition for ‘cv.glmnet’
    ElasticNet: no visible global function definition for ‘glmnet’
Flavors: r-devel-linux-x86_64-debian-clang, r-devel-linux-x86_64-debian-gcc, r-devel-linux-x86_64-fedora-clang, r-devel-linux-x86_64-fedora-gcc, r-devel-osx-x86_64-clang, r-devel-windows-ix86+x86_64, r-patched-linux-x86_64, r-patched-solaris-sparc, r-patched-solaris-x86