CRAN Package Check Results for Package ModelGood

Last updated on 2014-04-23 17:47:48.

Flavor Version Tinstall Tcheck Ttotal Status Flags
r-devel-linux-x86_64-debian-clang 1.0.8 1.02 21.75 22.77 OK
r-devel-linux-x86_64-debian-gcc 1.0.8 1.01 22.70 23.71 OK
r-devel-linux-x86_64-fedora-clang 1.0.8 48.20 OK
r-devel-linux-x86_64-fedora-gcc 1.0.8 45.71 OK
r-devel-osx-x86_64-clang 1.0.8 44.84 OK
r-devel-osx-x86_64-gcc 1.0.8 ERROR
r-devel-windows-ix86+x86_64 1.0.8 5.00 42.00 47.00 OK
r-patched-linux-x86_64 1.0.8 1.05 21.81 22.86 OK
r-patched-solaris-sparc 1.0.8 236.50 OK
r-patched-solaris-x86 1.0.8 59.90 OK
r-release-linux-ix86 1.0.8 2.00 39.00 41.00 OK
r-release-linux-x86_64 1.0.8 1.04 22.37 23.42 OK
r-release-osx-x86_64-mavericks 1.0.8 WARN
r-release-osx-x86_64-snowleopard 1.0.8 OK
r-release-windows-ix86+x86_64 1.0.8 4.00 39.00 43.00 OK
r-oldrel-windows-ix86+x86_64 1.0.8 4.00 40.00 44.00 OK

Check Details

Version: 1.0.8
Check: package dependencies
Result: NOTE
    Packages suggested but not available for checking: ‘party’ ‘rms’
Flavor: r-devel-osx-x86_64-gcc

Version: 1.0.8
Check: examples
Result: ERROR
    Running examples in ‘ModelGood-Ex.R’ failed
    The error most likely occurred in:
    
    > ### Name: AutoSelectLRM
    > ### Title: Automated backward elemination for logistic regression
    > ### Aliases: AutoSelectLRM
    >
    > ### ** Examples
    >
    > library(rms)
    Error in library(rms) : there is no package called ‘rms’
    Execution halted
Flavor: r-devel-osx-x86_64-gcc

Version: 1.0.8
Check: PDF version of manual
Result: WARNING
    LaTeX errors when creating PDF version.
    This typically indicates Rd problems.
    LaTeX errors found:
    ! LaTeX Error: File `upquote.sty' not found.
    
    Type X to quit or <RETURN> to proceed,
    or enter new name. (Default extension: sty)
    
    18fc6f43/Rd2.tex:8: ==> Fatal error occurred, no output PDF file produced!
Flavor: r-release-osx-x86_64-mavericks