CRAN Package Check Results for Package ModelGood

Last updated on 2015-03-28 11:49:19.

Flavor Version Tinstall Tcheck Ttotal Status Flags
r-devel-linux-x86_64-debian-clang 1.0.9 0.91 18.61 19.52 NOTE
r-devel-linux-x86_64-debian-gcc 1.0.9 0.87 18.80 19.67 NOTE
r-devel-linux-x86_64-fedora-clang 1.0.9 36.86 NOTE
r-devel-linux-x86_64-fedora-gcc 1.0.9 35.79 NOTE
r-devel-osx-x86_64-clang 1.0.9 41.95 NOTE
r-prerel-windows-ix86+x86_64 1.0.9 8.00 39.00 47.00 NOTE
r-prerel-linux-x86_64 1.0.9 0.87 18.21 19.08 NOTE
r-prerel-solaris-sparc 1.0.9 237.80 NOTE
r-prerel-solaris-x86 1.0.9 51.30 NOTE
r-release-linux-x86_64 1.0.9 0.92 21.99 22.91 NOTE
r-release-osx-x86_64-mavericks 1.0.9 OK
r-release-osx-x86_64-snowleopard 1.0.9 OK
r-release-windows-ix86+x86_64 1.0.9 5.00 44.00 49.00 NOTE
r-oldrel-windows-ix86+x86_64 1.0.9 5.00 81.00 86.00 OK

Check Details

Version: 1.0.9
Check: dependencies in R code
Result: NOTE
    'library' or 'require' call to ‘glmnet’ in package code.
     Please use :: or requireNamespace() instead.
     See section 'Suggested packages' in the 'Writing R Extensions' manual.
Flavors: r-devel-linux-x86_64-debian-clang, r-devel-linux-x86_64-debian-gcc, r-devel-linux-x86_64-fedora-clang, r-devel-linux-x86_64-fedora-gcc, r-devel-osx-x86_64-clang, r-prerel-windows-ix86+x86_64, r-prerel-linux-x86_64, r-prerel-solaris-sparc, r-prerel-solaris-x86, r-release-linux-x86_64, r-release-windows-ix86+x86_64