CRAN Package Check Results for Package ModelMap

Last updated on 2014-09-16 03:48:49.

Flavor Version Tinstall Tcheck Ttotal Status Flags
r-devel-linux-x86_64-debian-clang 3.0.15 5.33 78.47 83.80 OK --no-vignettes
r-devel-linux-x86_64-debian-gcc 3.0.15 5.22 76.36 81.58 OK --no-vignettes
r-devel-linux-x86_64-fedora-clang 3.0.15 535.47 OK
r-devel-linux-x86_64-fedora-gcc 3.0.15 616.38 OK
r-devel-osx-x86_64-clang 3.0.15 406.82 OK
r-devel-windows-ix86+x86_64 3.0.15 14.00 380.00 394.00 OK
r-patched-linux-x86_64 3.0.15 5.58 77.57 83.16 OK --no-vignettes
r-patched-solaris-sparc 3.0.15 963.20 OK --no-vignettes
r-patched-solaris-x86 3.0.15 720.40 OK
r-release-linux-ix86 3.0.15 6.84 92.75 99.59 OK --no-vignettes
r-release-linux-x86_64 3.0.15 5.59 79.66 85.26 OK --no-vignettes
r-release-osx-x86_64-mavericks 3.0.15 ERROR
r-release-osx-x86_64-snowleopard 3.0.15 OK
r-release-windows-ix86+x86_64 3.0.15 14.00 402.00 416.00 OK
r-oldrel-windows-ix86+x86_64 3.0.15 16.00 404.00 420.00 OK

Check Details

Version: 3.0.15
Check: package dependencies
Result: ERROR
    Package required but not available: ‘rgdal’
    
    See the information on DESCRIPTION files in the chapter ‘Creating R
    packages’ of the ‘Writing R Extensions’ manual.
Flavor: r-release-osx-x86_64-mavericks