CRAN Package Check Results for Package ModelMap

Last updated on 2014-12-22 12:49:50.

Flavor Version Tinstall Tcheck Ttotal Status Flags
r-devel-linux-x86_64-debian-clang 3.0.15 5.54 78.72 84.26 OK --no-vignettes
r-devel-linux-x86_64-debian-gcc 3.0.15 5.10 75.21 80.32 OK --no-vignettes
r-devel-linux-x86_64-fedora-clang 3.0.15 542.29 OK
r-devel-linux-x86_64-fedora-gcc 3.0.15 527.29 OK
r-devel-osx-x86_64-clang 3.0.15 428.34 OK
r-devel-windows-ix86+x86_64 3.0.15 17.00 379.00 396.00 OK
r-patched-linux-x86_64 3.0.15 5.66 77.32 82.98 OK --no-vignettes
r-patched-solaris-sparc 3.0.15 1016.80 OK --no-vignettes
r-patched-solaris-x86 3.0.15 719.40 OK
r-release-linux-ix86 3.0.15 6.70 88.31 95.01 OK --no-vignettes
r-release-linux-x86_64 3.0.15 5.59 76.76 82.35 OK --no-vignettes
r-release-osx-x86_64-mavericks 3.0.15 ERROR
r-release-osx-x86_64-snowleopard 3.0.15 OK
r-release-windows-ix86+x86_64 3.0.15 17.00 393.00 410.00 OK
r-oldrel-windows-ix86+x86_64 3.0.15 17.00 398.00 415.00 OK

Check Details

Version: 3.0.15
Check: package dependencies
Result: ERROR
    Package required but not available: ‘rgdal’
    
    See the information on DESCRIPTION files in the chapter ‘Creating R
    packages’ of the ‘Writing R Extensions’ manual.
Flavor: r-release-osx-x86_64-mavericks