CRAN Package Check Results for Package ModelMap

Last updated on 2015-04-19 19:51:54.

Flavor Version Tinstall Tcheck Ttotal Status Flags
r-devel-linux-x86_64-debian-clang 3.0.15 4.16 62.98 67.14 NOTE --no-vignettes
r-devel-linux-x86_64-debian-gcc 3.0.15 3.89 61.22 65.11 NOTE --no-vignettes
r-devel-linux-x86_64-fedora-clang 3.0.15 489.57 NOTE
r-devel-linux-x86_64-fedora-gcc 3.0.15 480.79 NOTE
r-devel-osx-x86_64-clang 3.0.15 411.33 NOTE
r-devel-windows-ix86+x86_64 3.0.15 15.00 457.00 472.00 NOTE
r-patched-linux-x86_64 3.0.15 4.16 61.09 65.25 NOTE --no-vignettes
r-patched-solaris-sparc 3.0.15 777.90 NOTE --no-vignettes
r-patched-solaris-x86 3.0.15 663.80 NOTE
r-release-linux-x86_64 3.0.15 3.84 59.79 63.63 NOTE --no-vignettes
r-release-osx-x86_64-mavericks 3.0.15 ERROR
r-release-osx-x86_64-snowleopard 3.0.15 ERROR
r-release-windows-ix86+x86_64 3.0.15 8.00 349.00 357.00 NOTE
r-oldrel-windows-ix86+x86_64 3.0.15 19.00 388.00 407.00 OK

Check Details

Version: 3.0.15
Flags: --no-vignettes
Check: DESCRIPTION meta-information
Result: NOTE
    Malformed Title field: should not end in a period.
Flavors: r-devel-linux-x86_64-debian-clang, r-devel-linux-x86_64-debian-gcc, r-patched-linux-x86_64, r-patched-solaris-sparc, r-release-linux-x86_64

Version: 3.0.15
Check: DESCRIPTION meta-information
Result: NOTE
    Malformed Title field: should not end in a period.
Flavors: r-devel-linux-x86_64-fedora-clang, r-devel-linux-x86_64-fedora-gcc, r-devel-osx-x86_64-clang, r-devel-windows-ix86+x86_64, r-patched-solaris-x86, r-release-windows-ix86+x86_64

Version: 3.0.15
Check: package dependencies
Result: ERROR
    Package required but not available: ‘rgdal’
    
    See section ‘The DESCRIPTION file’ in the ‘Writing R Extensions’
    manual.
Flavor: r-release-osx-x86_64-mavericks

Version: 3.0.15
Check: package dependencies
Result: ERROR
    Packages required but not available: ‘raster’ ‘fields’
    
    See section ‘The DESCRIPTION file’ in the ‘Writing R Extensions’
    manual.
Flavor: r-release-osx-x86_64-snowleopard