CRAN Package Check Results for Package ModelMap

Last updated on 2014-10-01 21:47:05.

Flavor Version Tinstall Tcheck Ttotal Status Flags
r-devel-linux-x86_64-debian-clang 3.0.15 5.50 77.84 83.34 OK --no-vignettes
r-devel-linux-x86_64-debian-gcc 3.0.15 5.18 73.52 78.70 OK --no-vignettes
r-devel-linux-x86_64-fedora-clang 3.0.15 548.53 OK
r-devel-linux-x86_64-fedora-gcc 3.0.15 565.24 OK
r-devel-osx-x86_64-clang 3.0.15 403.53 OK
r-devel-windows-ix86+x86_64 3.0.15 14.00 380.00 394.00 OK
r-patched-linux-x86_64 3.0.15 5.58 81.14 86.72 OK --no-vignettes
r-patched-solaris-sparc 3.0.15 963.20 OK --no-vignettes
r-patched-solaris-x86 3.0.15 674.70 OK
r-release-linux-ix86 3.0.15 6.89 93.57 100.46 OK --no-vignettes
r-release-linux-x86_64 3.0.15 5.69 79.35 85.04 OK --no-vignettes
r-release-osx-x86_64-mavericks 3.0.15 ERROR
r-release-osx-x86_64-snowleopard 3.0.15 OK
r-release-windows-ix86+x86_64 3.0.15 18.00 402.00 420.00 OK
r-oldrel-windows-ix86+x86_64 3.0.15 19.00 401.00 420.00 OK

Check Details

Version: 3.0.15
Check: package dependencies
Result: ERROR
    Package required but not available: ‘rgdal’
    
    See the information on DESCRIPTION files in the chapter ‘Creating R
    packages’ of the ‘Writing R Extensions’ manual.
Flavor: r-release-osx-x86_64-mavericks