CRAN Package Check Results for Package ModelMap

Last updated on 2015-07-04 08:50:27.

Flavor Version Tinstall Tcheck Ttotal Status Flags
r-devel-linux-x86_64-debian-clang 3.0.15 4.38 64.25 68.62 NOTE --no-vignettes
r-devel-linux-x86_64-debian-gcc 3.0.15 4.90 62.24 67.14 NOTE --no-vignettes
r-devel-linux-x86_64-fedora-clang 3.0.15 487.73 NOTE
r-devel-linux-x86_64-fedora-gcc 3.0.15 464.03 NOTE
r-devel-osx-x86_64-clang 3.0.15 396.45 NOTE
r-devel-windows-ix86+x86_64 3.0.15 11.00 381.00 392.00 NOTE
r-patched-linux-x86_64 3.0.15 4.20 61.86 66.06 NOTE --no-vignettes
r-patched-solaris-sparc 3.0.15 813.20 NOTE --no-vignettes
r-patched-solaris-x86 3.0.15 675.00 NOTE
r-release-linux-x86_64 3.0.15 5.44 61.67 67.11 NOTE --no-vignettes
r-release-osx-x86_64-mavericks 3.0.15 NOTE
r-release-windows-ix86+x86_64 3.0.15 16.00 364.00 380.00 NOTE
r-oldrel-windows-ix86+x86_64 3.0.15 18.00 432.00 450.00 OK

Check Details

Version: 3.0.15
Flags: --no-vignettes
Check: DESCRIPTION meta-information
Result: NOTE
    Malformed Title field: should not end in a period.
Flavors: r-devel-linux-x86_64-debian-clang, r-devel-linux-x86_64-debian-gcc, r-patched-linux-x86_64, r-patched-solaris-sparc, r-release-linux-x86_64

Version: 3.0.15
Flags: --no-vignettes
Check: R code for possible problems
Result: NOTE
    build.rastLUT: no visible global function definition for ‘read.table’
    build.rastLUT: no visible global function definition for ‘select.list’
    build.rastLUT: no visible global function definition for ‘write.table’
    col2trans: no visible global function definition for ‘rgb’
    col2trans: no visible global function definition for ‘col2rgb’
    diagnostics.function: no visible binding for global variable ‘par’
    diagnostics.function: no visible global function definition for
     ‘write.table’
    diagnostics.function: no visible global function definition for ‘cor’
    diagnostics.function: no visible global function definition for ‘lm’
    diagnostics.function: no visible global function definition for
     ‘dev.new’
    diagnostics.function: no visible global function definition for ‘jpeg’
    diagnostics.function: no visible global function definition for
     ‘postscript’
    diagnostics.function: no visible global function definition for ‘pdf’
    diagnostics.function: no visible global function definition for ‘par’
    diagnostics.function: no visible global function definition for ‘mtext’
    diagnostics.function: no visible global function definition for
     ‘dev.off’
    diagnostics.function: no visible global function definition for ‘plot’
    diagnostics.function: no visible global function definition for
     ‘abline’
    get.test: no visible global function definition for ‘read.table’
    get.test: no visible global function definition for ‘write.table’
    getRasts: no visible global function definition for ‘select.list’
    model.build: no visible global function definition for ‘select.list’
    model.build: no visible global function definition for ‘read.table’
    model.build: no visible binding for global variable ‘na.omit’
    model.build: no visible global function definition for ‘capture.output’
    model.diagnostics: no visible global function definition for ‘par’
    model.diagnostics: no visible global function definition for
     ‘select.list’
    model.diagnostics: no visible global function definition for
     ‘read.table’
    model.diagnostics: no visible binding for global variable ‘na.omit’
    model.diagnostics: no visible global function definition for
     ‘write.table’
    model.importance.plot: no visible global function definition for ‘par’
    model.importance.plot: no visible global function definition for
     ‘select.list’
    model.importance.plot: no visible global function definition for
     ‘dev.new’
    model.importance.plot: no visible global function definition for ‘jpeg’
    model.importance.plot: no visible global function definition for
     ‘postscript’
    model.importance.plot: no visible global function definition for ‘pdf’
    model.importance.plot: no visible global function definition for
     ‘mtext’
    model.importance.plot: no visible global function definition for
     ‘dev.off’
    model.interaction.plot: no visible global function definition for ‘par’
    model.interaction.plot: no visible global function definition for
     ‘select.list’
    model.interaction.plot: no visible global function definition for ‘hcl’
    model.interaction.plot: no visible global function definition for
     ‘read.table’
    model.interaction.plot: no visible global function definition for ‘glm’
    model.interaction.plot: no visible binding for global variable
     ‘poisson’
    model.interaction.plot: no visible global function definition for
     ‘fitted’
    model.interaction.plot: no visible global function definition for
     ‘dev.new’
    model.interaction.plot: no visible global function definition for
     ‘jpeg’
    model.interaction.plot: no visible global function definition for
     ‘postscript’
    model.interaction.plot: no visible global function definition for ‘pdf’
    model.interaction.plot: no visible global function definition for
     ‘mtext’
    model.interaction.plot: no visible global function definition for
     ‘trans3d’
    model.interaction.plot: no visible global function definition for
     ‘dev.off’
    model.mapmake: no visible global function definition for ‘select.list’
    model.mapmake: no visible global function definition for ‘read.table’
    model.mapmake: no visible global function definition for ‘write.table’
    model.mapmake: no visible global function definition for
     ‘capture.output’
    prediction.model: no visible global function definition for
     ‘write.table’
    production.prediction: no visible binding for global variable ‘sd’
    projfix: no visible global function definition for ‘write.table’
    Undefined global functions or variables:
     abline capture.output col2rgb cor dev.new dev.off fitted glm hcl jpeg
     lm mtext na.omit par pdf plot poisson postscript read.table rgb sd
     select.list trans3d write.table
Flavors: r-devel-linux-x86_64-debian-clang, r-devel-linux-x86_64-debian-gcc

Version: 3.0.15
Check: DESCRIPTION meta-information
Result: NOTE
    Malformed Title field: should not end in a period.
Flavors: r-devel-linux-x86_64-fedora-clang, r-devel-linux-x86_64-fedora-gcc, r-devel-osx-x86_64-clang, r-devel-windows-ix86+x86_64, r-patched-solaris-x86, r-release-osx-x86_64-mavericks, r-release-windows-ix86+x86_64

Version: 3.0.15
Check: R code for possible problems
Result: NOTE
    build.rastLUT: no visible global function definition for ‘read.table’
    build.rastLUT: no visible global function definition for ‘select.list’
    build.rastLUT: no visible global function definition for ‘write.table’
    col2trans: no visible global function definition for ‘rgb’
    col2trans: no visible global function definition for ‘col2rgb’
    diagnostics.function: no visible binding for global variable ‘par’
    diagnostics.function: no visible global function definition for
     ‘write.table’
    diagnostics.function: no visible global function definition for ‘cor’
    diagnostics.function: no visible global function definition for ‘lm’
    diagnostics.function: no visible global function definition for
     ‘dev.new’
    diagnostics.function: no visible global function definition for ‘jpeg’
    diagnostics.function: no visible global function definition for
     ‘postscript’
    diagnostics.function: no visible global function definition for ‘pdf’
    diagnostics.function: no visible global function definition for ‘par’
    diagnostics.function: no visible global function definition for ‘mtext’
    diagnostics.function: no visible global function definition for
     ‘dev.off’
    diagnostics.function: no visible global function definition for ‘plot’
    diagnostics.function: no visible global function definition for
     ‘abline’
    get.test: no visible global function definition for ‘read.table’
    get.test: no visible global function definition for ‘write.table’
    getRasts: no visible global function definition for ‘select.list’
    model.build: no visible global function definition for ‘select.list’
    model.build: no visible global function definition for ‘read.table’
    model.build: no visible binding for global variable ‘na.omit’
    model.build: no visible global function definition for ‘capture.output’
    model.diagnostics: no visible global function definition for ‘par’
    model.diagnostics: no visible global function definition for
     ‘select.list’
    model.diagnostics: no visible global function definition for
     ‘read.table’
    model.diagnostics: no visible binding for global variable ‘na.omit’
    model.diagnostics: no visible global function definition for
     ‘write.table’
    model.importance.plot: no visible global function definition for ‘par’
    model.importance.plot: no visible global function definition for
     ‘select.list’
    model.importance.plot: no visible global function definition for
     ‘dev.new’
    model.importance.plot: no visible global function definition for ‘jpeg’
    model.importance.plot: no visible global function definition for
     ‘postscript’
    model.importance.plot: no visible global function definition for ‘pdf’
    model.importance.plot: no visible global function definition for
     ‘mtext’
    model.importance.plot: no visible global function definition for
     ‘dev.off’
    model.interaction.plot: no visible global function definition for ‘par’
    model.interaction.plot: no visible global function definition for
     ‘select.list’
    model.interaction.plot: no visible global function definition for ‘hcl’
    model.interaction.plot: no visible global function definition for
     ‘read.table’
    model.interaction.plot: no visible global function definition for ‘glm’
    model.interaction.plot: no visible binding for global variable
     ‘poisson’
    model.interaction.plot: no visible global function definition for
     ‘fitted’
    model.interaction.plot: no visible global function definition for
     ‘dev.new’
    model.interaction.plot: no visible global function definition for
     ‘jpeg’
    model.interaction.plot: no visible global function definition for
     ‘postscript’
    model.interaction.plot: no visible global function definition for ‘pdf’
    model.interaction.plot: no visible global function definition for
     ‘mtext’
    model.interaction.plot: no visible global function definition for
     ‘trans3d’
    model.interaction.plot: no visible global function definition for
     ‘dev.off’
    model.mapmake: no visible global function definition for ‘select.list’
    model.mapmake: no visible global function definition for ‘read.table’
    model.mapmake: no visible global function definition for ‘write.table’
    model.mapmake: no visible global function definition for
     ‘capture.output’
    prediction.model: no visible global function definition for
     ‘write.table’
    production.prediction: no visible binding for global variable ‘sd’
    projfix: no visible global function definition for ‘write.table’
    Undefined global functions or variables:
     abline capture.output col2rgb cor dev.new dev.off fitted glm hcl jpeg
     lm mtext na.omit par pdf plot poisson postscript read.table rgb sd
     select.list trans3d write.table
Flavors: r-devel-linux-x86_64-fedora-clang, r-devel-linux-x86_64-fedora-gcc

Version: 3.0.15
Check: R code for possible problems
Result: NOTE
    build.rastLUT: no visible global function definition for 'choose.dir'
    build.rastLUT: no visible global function definition for 'choose.files'
    build.rastLUT: no visible global function definition for 'read.table'
    build.rastLUT: no visible global function definition for 'select.list'
    build.rastLUT: no visible global function definition for 'write.table'
    col2trans: no visible global function definition for 'rgb'
    col2trans: no visible global function definition for 'col2rgb'
    diagnostics.function: no visible binding for global variable 'par'
    diagnostics.function: no visible global function definition for
     'write.table'
    diagnostics.function: no visible global function definition for 'cor'
    diagnostics.function: no visible global function definition for 'lm'
    diagnostics.function: no visible global function definition for
     'dev.new'
    diagnostics.function: no visible global function definition for 'jpeg'
    diagnostics.function: no visible global function definition for
     'postscript'
    diagnostics.function: no visible global function definition for 'pdf'
    diagnostics.function: no visible global function definition for 'par'
    diagnostics.function: no visible global function definition for 'mtext'
    diagnostics.function: no visible global function definition for
     'dev.off'
    diagnostics.function: no visible global function definition for 'plot'
    diagnostics.function: no visible global function definition for
     'abline'
    get.test: no visible global function definition for 'choose.files'
    get.test: no visible global function definition for 'choose.dir'
    get.test: no visible global function definition for 'read.table'
    get.test: no visible global function definition for 'write.table'
    getRasts: no visible global function definition for 'select.list'
    getRasts: no visible global function definition for 'choose.files'
    getRasts: no visible global function definition for 'choose.dir'
    model.build: no visible global function definition for 'select.list'
    model.build: no visible global function definition for 'choose.dir'
    model.build: no visible global function definition for 'choose.files'
    model.build: no visible global function definition for 'read.table'
    model.build: no visible binding for global variable 'na.omit'
    model.build: no visible global function definition for 'capture.output'
    model.diagnostics: no visible global function definition for 'par'
    model.diagnostics: no visible global function definition for
     'choose.files'
    model.diagnostics: no visible global function definition for
     'select.list'
    model.diagnostics: no visible global function definition for
     'choose.dir'
    model.diagnostics: no visible global function definition for
     'read.table'
    model.diagnostics: no visible binding for global variable 'na.omit'
    model.diagnostics: no visible global function definition for
     'write.table'
    model.importance.plot: no visible global function definition for 'par'
    model.importance.plot: no visible global function definition for
     'select.list'
    model.importance.plot: no visible global function definition for
     'choose.dir'
    model.importance.plot: no visible global function definition for
     'choose.files'
    model.importance.plot: no visible global function definition for
     'dev.new'
    model.importance.plot: no visible global function definition for 'jpeg'
    model.importance.plot: no visible global function definition for
     'postscript'
    model.importance.plot: no visible global function definition for 'pdf'
    model.importance.plot: no visible global function definition for
     'mtext'
    model.importance.plot: no visible global function definition for
     'dev.off'
    model.interaction.plot: no visible global function definition for 'par'
    model.interaction.plot: no visible global function definition for
     'select.list'
    model.interaction.plot: no visible global function definition for
     'choose.dir'
    model.interaction.plot: no visible global function definition for 'hcl'
    model.interaction.plot: no visible global function definition for
     'choose.files'
    model.interaction.plot: no visible global function definition for
     'read.table'
    model.interaction.plot: no visible global function definition for 'glm'
    model.interaction.plot: no visible binding for global variable
     'poisson'
    model.interaction.plot: no visible global function definition for
     'fitted'
    model.interaction.plot: no visible global function definition for
     'dev.new'
    model.interaction.plot: no visible global function definition for
     'jpeg'
    model.interaction.plot: no visible global function definition for
     'postscript'
    model.interaction.plot: no visible global function definition for 'pdf'
    model.interaction.plot: no visible global function definition for
     'mtext'
    model.interaction.plot: no visible global function definition for
     'trans3d'
    model.interaction.plot: no visible global function definition for
     'dev.off'
    model.mapmake: no visible global function definition for 'choose.files'
    model.mapmake: no visible global function definition for 'choose.dir'
    model.mapmake: no visible global function definition for 'select.list'
    model.mapmake: no visible global function definition for 'read.table'
    model.mapmake: no visible global function definition for 'write.table'
    model.mapmake: no visible global function definition for
     'capture.output'
    prediction.model: no visible global function definition for
     'write.table'
    production.prediction: no visible binding for global variable 'sd'
    projfix: no visible global function definition for 'write.table'
    Undefined global functions or variables:
     abline capture.output choose.dir choose.files col2rgb cor dev.new
     dev.off fitted glm hcl jpeg lm mtext na.omit par pdf plot poisson
     postscript read.table rgb sd select.list trans3d write.table
Flavor: r-devel-windows-ix86+x86_64