CRAN Package Check Results for Package ModelMap

Last updated on 2015-05-24 10:47:02.

Flavor Version Tinstall Tcheck Ttotal Status Flags
r-devel-linux-x86_64-debian-clang 3.0.15 4.15 62.51 66.66 NOTE --no-vignettes
r-devel-linux-x86_64-debian-gcc 3.0.15 4.00 61.50 65.50 NOTE --no-vignettes
r-devel-linux-x86_64-fedora-clang 3.0.15 469.33 NOTE
r-devel-linux-x86_64-fedora-gcc 3.0.15 462.53 NOTE
r-devel-osx-x86_64-clang 3.0.15 377.93 NOTE
r-devel-windows-ix86+x86_64 3.0.15 10.00 382.00 392.00 NOTE
r-patched-linux-x86_64 3.0.15 3.92 60.27 64.19 NOTE --no-vignettes
r-patched-solaris-sparc 3.0.15 813.20 NOTE --no-vignettes
r-patched-solaris-x86 3.0.15 668.30 NOTE
r-release-linux-x86_64 3.0.15 3.83 61.32 65.15 NOTE --no-vignettes
r-release-osx-x86_64-mavericks 3.0.15 NOTE
r-release-osx-x86_64-snowleopard 3.0.15 ERROR
r-release-windows-ix86+x86_64 3.0.15 13.00 363.00 376.00 NOTE
r-oldrel-windows-ix86+x86_64 3.0.15 19.00 386.00 405.00 OK

Check Details

Version: 3.0.15
Flags: --no-vignettes
Check: DESCRIPTION meta-information
Result: NOTE
    Malformed Title field: should not end in a period.
Flavors: r-devel-linux-x86_64-debian-clang, r-devel-linux-x86_64-debian-gcc, r-patched-linux-x86_64, r-patched-solaris-sparc, r-release-linux-x86_64

Version: 3.0.15
Check: DESCRIPTION meta-information
Result: NOTE
    Malformed Title field: should not end in a period.
Flavors: r-devel-linux-x86_64-fedora-clang, r-devel-linux-x86_64-fedora-gcc, r-devel-osx-x86_64-clang, r-devel-windows-ix86+x86_64, r-patched-solaris-x86, r-release-osx-x86_64-mavericks, r-release-windows-ix86+x86_64

Version: 3.0.15
Check: package dependencies
Result: ERROR
    Packages required but not available: ‘raster’ ‘fields’
    
    See section ‘The DESCRIPTION file’ in the ‘Writing R Extensions’
    manual.
Flavor: r-release-osx-x86_64-snowleopard