CRAN Package Check Results for Package ModelMap

Last updated on 2014-11-01 01:48:01.

Flavor Version Tinstall Tcheck Ttotal Status Flags
r-devel-linux-x86_64-debian-clang 3.0.15 5.40 77.62 83.02 OK --no-vignettes
r-devel-linux-x86_64-debian-gcc 3.0.15 5.29 76.13 81.42 OK --no-vignettes
r-devel-linux-x86_64-fedora-clang 3.0.15 542.49 OK
r-devel-linux-x86_64-fedora-gcc 3.0.15 525.73 OK
r-devel-osx-x86_64-clang 3.0.15 415.09 OK
r-devel-windows-ix86+x86_64 3.0.15 16.00 371.00 387.00 OK
r-patched-linux-x86_64 3.0.15 5.54 76.58 82.12 OK --no-vignettes
r-patched-solaris-sparc 3.0.15 963.20 OK --no-vignettes
r-patched-solaris-x86 3.0.15 726.40 OK
r-release-linux-ix86 3.0.15 7.01 94.29 101.30 OK --no-vignettes
r-release-linux-x86_64 3.0.15 5.67 80.96 86.63 OK --no-vignettes
r-release-osx-x86_64-mavericks 3.0.15 ERROR
r-release-osx-x86_64-snowleopard 3.0.15 OK
r-release-windows-ix86+x86_64 3.0.15 17.00 382.00 399.00 OK
r-oldrel-windows-ix86+x86_64 3.0.15 18.00 402.00 420.00 OK

Check Details

Version: 3.0.15
Check: package dependencies
Result: ERROR
    Package required but not available: ‘rgdal’
    
    See the information on DESCRIPTION files in the chapter ‘Creating R
    packages’ of the ‘Writing R Extensions’ manual.
Flavor: r-release-osx-x86_64-mavericks