CRAN Package Check Results for Package ModelMap

Last updated on 2014-07-26 05:50:42.

Flavor Version Tinstall Tcheck Ttotal Status Flags
r-devel-linux-x86_64-debian-clang 3.0.15 5.13 72.36 77.49 OK --no-vignettes
r-devel-linux-x86_64-debian-gcc 3.0.15 5.03 68.97 74.00 OK --no-vignettes
r-devel-linux-x86_64-fedora-clang 3.0.15 542.21 OK
r-devel-linux-x86_64-fedora-gcc 3.0.15 523.91 OK
r-devel-osx-x86_64-clang 3.0.15 398.65 OK
r-devel-windows-ix86+x86_64 3.0.15 15.00 378.00 393.00 OK
r-patched-linux-x86_64 3.0.15 5.09 69.46 74.55 OK --no-vignettes
r-patched-solaris-sparc 3.0.15 900.30 OK --no-vignettes
r-patched-solaris-x86 3.0.15 703.90 OK
r-release-linux-ix86 3.0.15 6.26 85.19 91.46 OK --no-vignettes
r-release-linux-x86_64 3.0.15 5.22 72.11 77.33 OK --no-vignettes
r-release-osx-x86_64-mavericks 3.0.15 ERROR
r-release-osx-x86_64-snowleopard 3.0.15 OK
r-release-windows-ix86+x86_64 3.0.15 15.00 391.00 406.00 OK
r-oldrel-windows-ix86+x86_64 3.0.15 14.00 397.00 411.00 OK

Check Details

Version: 3.0.15
Check: package dependencies
Result: ERROR
    Package required but not available: ‘rgdal’
    
    See the information on DESCRIPTION files in the chapter ‘Creating R
    packages’ of the ‘Writing R Extensions’ manual.
Flavor: r-release-osx-x86_64-mavericks