CRAN Package Check Results for Package ModelMap

Last updated on 2017-07-25 19:48:15.

Flavor Version Tinstall Tcheck Ttotal Status Flags
r-devel-linux-x86_64-debian-clang 3.3.5 5.98 96.61 102.59 OK --no-vignettes
r-devel-linux-x86_64-debian-gcc 3.3.5 5.46 94.72 100.17 OK --no-vignettes
r-devel-linux-x86_64-fedora-clang 3.3.5 638.28 OK
r-devel-linux-x86_64-fedora-gcc 3.3.5 672.90 OK
r-devel-windows-ix86+x86_64 3.3.5 17.00 498.00 515.00 OK
r-patched-linux-x86_64 3.3.5 5.92 99.37 105.28 OK --no-vignettes
r-patched-solaris-x86 3.3.5 921.20 OK
r-release-linux-x86_64 3.3.5 5.81 96.61 102.43 OK --no-vignettes
r-release-windows-ix86+x86_64 3.3.5 14.00 589.00 603.00 OK
r-release-osx-x86_64 3.3.5 NOTE
r-oldrel-windows-ix86+x86_64 3.3.5 14.00 432.00 446.00 OK
r-oldrel-osx-x86_64 3.3.5 OK

Check Details

Version: 3.3.5
Check: re-building of vignette outputs
Result: NOTE
    Error in re-building vignettes:
     ...
    Loading required package: sp
    Loading required package: rgdal
    rgdal: version: 1.2-6, (SVN revision 651)
     Geospatial Data Abstraction Library extensions to R successfully loaded
     Loaded GDAL runtime: GDAL 2.1.3, released 2017/20/01
     Path to GDAL shared files: /Volumes/XT3/Builds/R-dev-web/QA/Simon/packages/el-capitan-x86_64/Rlib/3.4/rgdal/gdal
     Loaded PROJ.4 runtime: Rel. 4.9.3, 15 August 2016, [PJ_VERSION: 493]
     Path to PROJ.4 shared files: /Volumes/XT3/Builds/R-dev-web/QA/Simon/packages/el-capitan-x86_64/Rlib/3.4/rgdal/proj
     Linking to sp version: 1.2-4
    Error in texi2dvi(file = file, pdf = TRUE, clean = clean, quiet = quiet, :
     Running 'texi2dvi' on 'ExploreModelMap.tex' failed.
    LaTeX errors:
    ! LaTeX Error: File `a4wide.sty' not found.
    
    Type X to quit or <RETURN> to proceed,
    or enter new name. (Default extension: sty)
    
    ! Emergency stop.
    <read *>
    
    l.3 \setlength
     {\parskip}{0.7ex plus0.1ex minus0.1ex}^^M
    ! ==> Fatal error occurred, no output PDF file produced!
    Calls: buildVignettes -> texi2pdf -> texi2dvi
    Execution halted
Flavor: r-release-osx-x86_64