CRAN Package Check Results for Package ModelMap

Last updated on 2014-08-27 11:50:56.

Flavor Version Tinstall Tcheck Ttotal Status Flags
r-devel-linux-x86_64-debian-clang 3.0.15 5.10 69.76 74.85 OK --no-vignettes
r-devel-linux-x86_64-debian-gcc 3.0.15 4.95 67.98 72.92 OK --no-vignettes
r-devel-linux-x86_64-fedora-clang 3.0.15 533.55 OK
r-devel-linux-x86_64-fedora-gcc 3.0.15 510.75 OK
r-devel-osx-x86_64-clang 3.0.15 391.03 OK
r-devel-windows-ix86+x86_64 3.0.15 16.00 388.00 404.00 OK
r-patched-linux-x86_64 3.0.15 5.07 69.80 74.87 OK --no-vignettes
r-patched-solaris-sparc 3.0.15 963.20 OK --no-vignettes
r-patched-solaris-x86 3.0.15 713.90 OK
r-release-linux-ix86 3.0.15 6.38 86.52 92.90 OK --no-vignettes
r-release-linux-x86_64 3.0.15 5.21 70.90 76.11 OK --no-vignettes
r-release-osx-x86_64-mavericks 3.0.15 ERROR
r-release-osx-x86_64-snowleopard 3.0.15 OK
r-release-windows-ix86+x86_64 3.0.15 16.00 380.00 396.00 OK
r-oldrel-windows-ix86+x86_64 3.0.15 16.00 388.00 404.00 OK

Check Details

Version: 3.0.15
Check: package dependencies
Result: ERROR
    Package required but not available: ‘rgdal’
    
    See the information on DESCRIPTION files in the chapter ‘Creating R
    packages’ of the ‘Writing R Extensions’ manual.
Flavor: r-release-osx-x86_64-mavericks