CRAN Package Check Results for Package ModelMap

Last updated on 2015-03-30 23:47:51.

Flavor Version Tinstall Tcheck Ttotal Status Flags
r-devel-linux-x86_64-debian-clang 3.0.15 5.28 61.70 66.99 NOTE --no-vignettes
r-devel-linux-x86_64-debian-gcc 3.0.15 3.90 59.40 63.30 NOTE --no-vignettes
r-devel-linux-x86_64-fedora-clang 3.0.15 479.64 NOTE
r-devel-linux-x86_64-fedora-gcc 3.0.15 460.15 NOTE
r-devel-osx-x86_64-clang 3.0.15 392.60 NOTE
r-prerel-windows-ix86+x86_64 3.0.15 10.00 357.00 367.00 NOTE
r-prerel-linux-x86_64 3.0.15 3.79 59.78 63.57 NOTE --no-vignettes
r-prerel-solaris-sparc 3.0.15 777.90 NOTE --no-vignettes
r-prerel-solaris-x86 3.0.15 665.20 NOTE
r-release-linux-x86_64 3.0.15 5.95 77.73 83.68 OK --no-vignettes
r-release-osx-x86_64-mavericks 3.0.15 ERROR
r-release-osx-x86_64-snowleopard 3.0.15 OK
r-release-windows-ix86+x86_64 3.0.15 18.00 377.00 395.00 OK
r-oldrel-windows-ix86+x86_64 3.0.15 17.00 398.00 415.00 OK

Check Details

Version: 3.0.15
Flags: --no-vignettes
Check: DESCRIPTION meta-information
Result: NOTE
    Malformed Title field: should not end in a period.
Flavors: r-devel-linux-x86_64-debian-clang, r-devel-linux-x86_64-debian-gcc, r-prerel-linux-x86_64, r-prerel-solaris-sparc

Version: 3.0.15
Check: DESCRIPTION meta-information
Result: NOTE
    Malformed Title field: should not end in a period.
Flavors: r-devel-linux-x86_64-fedora-clang, r-devel-linux-x86_64-fedora-gcc, r-devel-osx-x86_64-clang, r-prerel-windows-ix86+x86_64, r-prerel-solaris-x86

Version: 3.0.15
Check: package dependencies
Result: ERROR
    Package required but not available: ‘rgdal’
    
    See section ‘The DESCRIPTION file’ in the ‘Writing R Extensions’
    manual.
Flavor: r-release-osx-x86_64-mavericks