CRAN Package Check Results for Package Momocs

Last updated on 2017-08-22 02:47:44.

Flavor Version Tinstall Tcheck Ttotal Status Flags
r-devel-linux-x86_64-debian-clang 1.1.6 6.38 168.70 175.08 ERROR
r-devel-linux-x86_64-debian-gcc 1.1.6 6.36 160.45 166.81 ERROR
r-devel-linux-x86_64-fedora-clang 1.1.6 360.21 ERROR
r-devel-linux-x86_64-fedora-gcc 1.1.6 372.02 ERROR
r-devel-windows-ix86+x86_64 1.1.6 30.00 347.00 377.00 ERROR
r-patched-linux-x86_64 1.1.6 6.74 163.94 170.68 ERROR
r-patched-solaris-x86 1.1.6 460.70 ERROR
r-release-linux-x86_64 1.1.6 6.73 168.76 175.49 ERROR
r-release-windows-ix86+x86_64 1.1.6 20.00 256.00 276.00 ERROR
r-release-osx-x86_64 1.1.6 NOTE
r-oldrel-windows-ix86+x86_64 1.1.6 20.00 263.00 283.00 ERROR
r-oldrel-osx-x86_64 1.1.6 OK

Check Details

Version: 1.1.6
Check: examples
Result: ERROR
    Running examples in ‘Momocs-Ex.R’ failed
    The error most likely occurred in:
    
    > base::assign(".ptime", proc.time(), pos = "CheckExEnv")
    > ### Name: transmute
    > ### Title: Transmutes (ala dplyr) on Momocs objects
    > ### Aliases: transmute
    >
    > ### ** Examples
    >
    > olea
    An Opn object with:
     - $coo: 210 open outlines (99 +/- 4 coordinates)
     - $fac: 4 classifiers:
     'var' (factor 4): Aglan, Cypre, MouBo1, PicMa.
     'domes' (factor 2): cult, wild.
     'view' (factor 2): VD, VL.
     'ind' (factor 30): O1, O10, O11, O12, O13, O14, O15, O16, O17, O18, O19 ... + 19 more.
    > transmute(olea, id=factor(1:length(olea)))
    Error: evaluation nested too deeply: infinite recursion / options(expressions=)?
    Execution halted
Flavors: r-devel-linux-x86_64-debian-clang, r-devel-linux-x86_64-debian-gcc, r-patched-linux-x86_64, r-release-linux-x86_64

Version: 1.1.6
Check: re-building of vignette outputs
Result: WARN
    Error in re-building vignettes:
     ...
    This is Momocs 1.1.6
    
    Attaching package: 'Momocs'
    
    The following object is masked from 'package:stats':
    
     filter
    
    The following object is masked from 'package:base':
    
     table
    
    method not provided. efourier is used
    method not provided. efourier is used
    method not provided. efourier is used
    'nb.h' not provided and set to 8 (99% harmonic power)
    'nb.h' not provided and set to 8 (99% harmonic power)
    'nb.pts' missing and set to 91
    'degree' missing and set to 5
    'nb.pts' missing and set to 91
    'degree' missing and set to 5
    'nb.pts' missing and set to 91
    'degree' missing and set to 5
    'nb.h' not provided and set to 10 (99% harmonic power)
    PC axes 1 to 7 were retained
    PC axes 1 to 7 were retained
    'nb.h' not provided and set to 10 (99% harmonic power)
    PC axes 1 to 7 were retained
    no 'fac' provided, returns meanshape
    Error: processing vignette ‘Momocs_speed_dating.Rmd’ failed with diagnostics:
    evaluation nested too deeply: infinite recursion / options(expressions=)?
    Execution halted
Flavors: r-devel-linux-x86_64-debian-clang, r-devel-linux-x86_64-debian-gcc, r-devel-linux-x86_64-fedora-clang, r-devel-linux-x86_64-fedora-gcc, r-patched-linux-x86_64, r-release-linux-x86_64

Version: 1.1.6
Check: examples
Result: ERROR
    Running examples in ‘Momocs-Ex.R’ failed
    The error most likely occurred in:
    
    > ### Name: transmute
    > ### Title: Transmutes (ala dplyr) on Momocs objects
    > ### Aliases: transmute
    >
    > ### ** Examples
    >
    > olea
    An Opn object with:
     - $coo: 210 open outlines (99 +/- 4 coordinates)
     - $fac: 4 classifiers:
     'var' (factor 4): Aglan, Cypre, MouBo1, PicMa.
     'domes' (factor 2): cult, wild.
     'view' (factor 2): VD, VL.
     'ind' (factor 30): O1, O10, O11, O12, O13, O14, O15, O16, O17, O18, O19 ... + 19 more.
    > transmute(olea, id=factor(1:length(olea)))
    Error: evaluation nested too deeply: infinite recursion / options(expressions=)?
    Execution halted
Flavors: r-devel-linux-x86_64-fedora-clang, r-devel-linux-x86_64-fedora-gcc, r-devel-windows-ix86+x86_64, r-patched-solaris-x86, r-release-windows-ix86+x86_64, r-oldrel-windows-ix86+x86_64

Version: 1.1.6
Check: re-building of vignette outputs
Result: WARN
    Error in re-building vignettes:
     ...
    
    The following object is masked from 'package:base':
    
     table
    
    method not provided. efourier is used
    method not provided. efourier is used
    method not provided. efourier is used
    'nb.h' not provided and set to 8 (99% harmonic power)
    'nb.h' not provided and set to 8 (99% harmonic power)
    'nb.pts' missing and set to 91
    'degree' missing and set to 5
    'nb.pts' missing and set to 91
    'degree' missing and set to 5
    'nb.pts' missing and set to 91
    'degree' missing and set to 5
    'nb.h' not provided and set to 10 (99% harmonic power)
    PC axes 1 to 7 were retained
    PC axes 1 to 7 were retained
    'nb.h' not provided and set to 10 (99% harmonic power)
    PC axes 1 to 7 were retained
    no 'fac' provided, returns meanshape
    Error: processing vignette 'Momocs_speed_dating.Rmd' failed with diagnostics:
    evaluation nested too deeply: infinite recursion / options(expressions=)?
    Execution halted
Flavors: r-devel-windows-ix86+x86_64, r-release-windows-ix86+x86_64, r-oldrel-windows-ix86+x86_64

Version: 1.1.6
Check: re-building of vignette outputs
Result: WARN
    Error in re-building vignettes:
     ...
    Warning in engine$weave(file, quiet = quiet, encoding = enc) :
     Pandoc (>= 1.12.3) and/or pandoc-citeproc not available. Falling back to R Markdown v1.
    This is Momocs 1.1.6
    
    Attaching package: 'Momocs'
    
    The following object is masked from 'package:stats':
    
     filter
    
    The following object is masked from 'package:base':
    
     table
    
    method not provided. efourier is used
    method not provided. efourier is used
    method not provided. efourier is used
    'nb.h' not provided and set to 8 (99% harmonic power)
    'nb.h' not provided and set to 8 (99% harmonic power)
    'nb.pts' missing and set to 91
    'degree' missing and set to 5
    'nb.pts' missing and set to 91
    'degree' missing and set to 5
    'nb.pts' missing and set to 91
    'degree' missing and set to 5
    'nb.h' not provided and set to 10 (99% harmonic power)
    PC axes 1 to 7 were retained
    PC axes 1 to 7 were retained
    'nb.h' not provided and set to 10 (99% harmonic power)
    PC axes 1 to 7 were retained
    no 'fac' provided, returns meanshape
    Error: processing vignette 'Momocs_speed_dating.Rmd' failed with diagnostics:
    evaluation nested too deeply: infinite recursion / options(expressions=)?
    Execution halted
Flavor: r-patched-solaris-x86

Version: 1.1.6
Check: package dependencies
Result: NOTE
    Package suggested but not available for checking: ‘devtools’
Flavor: r-release-osx-x86_64