CRAN Package Check Results for Package Momocs

Last updated on 2015-07-07 06:46:40.

Flavor Version Tinstall Tcheck Ttotal Status Flags
r-devel-linux-x86_64-debian-clang 0.2-6 4.70 78.98 83.68 NOTE
r-devel-linux-x86_64-debian-gcc 0.2-6 4.55 78.46 83.01 NOTE
r-devel-linux-x86_64-fedora-clang 0.2-6 165.50 NOTE
r-devel-linux-x86_64-fedora-gcc 0.2-6 157.44 NOTE
r-devel-osx-x86_64-clang 0.2-6 135.70 OK
r-devel-windows-ix86+x86_64 0.2-6 19.00 132.00 151.00 NOTE
r-patched-linux-x86_64 0.2-6 4.35 78.68 83.03 OK
r-patched-solaris-sparc 0.2-6 1082.70 OK
r-patched-solaris-x86 0.2-6 242.00 OK
r-release-linux-x86_64 0.2-6 4.58 78.88 83.46 OK
r-release-osx-x86_64-mavericks 0.2-6 OK
r-release-windows-ix86+x86_64 0.2-6 19.00 123.00 142.00 OK
r-oldrel-windows-ix86+x86_64 0.2-6 19.00 211.00 230.00 OK

Check Details

Version: 0.2-6
Check: R code for possible problems
Result: NOTE
    A.plot: no visible binding for global variable ‘points’
    A.points: no visible binding for global variable ‘points’
    Coe: no visible global function definition for ‘new’
    Coo: no visible global function definition for ‘new’
    Coo2chc: no visible global function definition for ‘txtProgressBar’
    Coo2chc: no visible global function definition for ‘setTxtProgressBar’
    PC.contrib: no visible global function definition for ‘par’
    PC.contrib: no visible global function definition for ‘text’
    col.bcol: no visible global function definition for ‘colorRampPalette’
    col.wcol: no visible global function definition for ‘colorRampPalette’
    coo.align: no visible global function definition for ‘var’
    coo.draw: no visible global function definition for ‘polygon’
    coo.ldk: no visible global function definition for ‘locator’
    coo.ldk: no visible global function definition for ‘points’
    coo.list.panel: no visible global function definition for ‘par’
    coo.list.panel: no visible global function definition for ‘polygon’
    coo.oscillo: no visible global function definition for ‘par’
    coo.oscillo: no visible global function definition for ‘layout’
    coo.oscillo: no visible global function definition for ‘text’
    coo.oscillo: no visible global function definition for ‘lines’
    coo.oscillo: no visible global function definition for ‘abline’
    coo.oscillo: no visible global function definition for ‘axis’
    coo.oscillo1: no visible global function definition for ‘abline’
    coo.oscillo1: no visible global function definition for ‘axis’
    coo.plot: no visible global function definition for ‘polygon’
    coo.plot: no visible global function definition for ‘title’
    dev.plot: no visible global function definition for ‘axis’
    dev.plot: no visible global function definition for ‘polygon’
    dev.segments: no visible global function definition for ‘segments’
    dudi.plot: no visible global function definition for ‘par’
    dudi.plot: no visible global function definition for ‘box’
    dudi.plot : fun: no visible global function definition for ‘segments’
    efourier.shape: no visible global function definition for ‘runif’
    ellpar: no visible global function definition for ‘var’
    import.img.Conte: no visible global function definition for ‘rect’
    import.img.Conte: no visible global function definition for ‘locator’
    import.jpg: no visible global function definition for ‘txtProgressBar’
    import.jpg: no visible global function definition for
     ‘setTxtProgressBar’
    import.txt: no visible global function definition for ‘txtProgressBar’
    import.txt: no visible global function definition for ‘read.table’
    import.txt: no visible global function definition for
     ‘setTxtProgressBar’
    morpho.space: no visible global function definition for ‘par’
    morpho.space: no visible global function definition for ‘abline’
    morpho.space: no visible global function definition for ‘box’
    rfourier.shape: no visible global function definition for ‘runif’
    tfourier.shape: no visible global function definition for ‘runif’
    tps.arr: no visible global function definition for ‘arrows’
    tps.grid: no visible global function definition for ‘lines’
    tps.iso: no visible global function definition for ‘image’
    tps.iso: no visible global function definition for ‘contour’
    Ptolemy,Coo: no visible global function definition for ‘par’
    Ptolemy,Coo: no visible global function definition for ‘lines’
    Ptolemy,Coo: no visible global function definition for ‘points’
    Ptolemy,Coo: no visible global function definition for ‘arrows’
    [<-,Coo-ANY-ANY-ANY: no visible global function definition for
     ‘validObject’
    boxplot,Coe: no visible global function definition for ‘par’
    boxplot,Coe: no visible global function definition for ‘abline’
    boxplot,Coe: no visible global function definition for ‘axis’
    boxplot,Coe: no visible global function definition for ‘box’
    clust,Coe: no visible global function definition for ‘hclust’
    clust,Coe: no visible global function definition for ‘dist’
    clust,Coe: no visible global function definition for ‘par’
    diapo,Coo: no visible global function definition for ‘title’
    diapo,Coo: no visible global function definition for ‘points’
    ellipse.par,Coe: no visible global function definition for
     ‘txtProgressBar’
    ellipse.par,Coe: no visible global function definition for
     ‘setTxtProgressBar’
    hcontrib,Coe: no visible global function definition for ‘axis’
    hcontrib,Coe: no visible global function definition for ‘mtext’
    hist,Coe: no visible global function definition for ‘par’
    hist,Coe: no visible global function definition for ‘layout’
    hist,Coe: no visible global function definition for ‘dnorm’
    hist,Coe: no visible global function definition for ‘sd’
    hist,Coe: no visible global function definition for ‘abline’
    hist,Coe: no visible global function definition for ‘lines’
    hpow,Coo: no visible binding for global variable ‘quantile’
    hpow,Coo: no visible global function definition for ‘axis’
    hpow,Coo: no visible global function definition for ‘abline’
    hpow,Coo: no visible global function definition for ‘segments’
    hpow,Coo: no visible global function definition for ‘lines’
    hpow,Coo: no visible global function definition for ‘box’
    hqual,Coo: no visible global function definition for ‘par’
    hqual,Coo: no visible global function definition for ‘lines’
    hqual,Coo: no visible global function definition for ‘points’
    hqual,Coo: no visible global function definition for ‘text’
    hqual,Coo: no visible global function definition for ‘mtext’
    hquant,Coo: no visible global function definition for ‘txtProgressBar’
    hquant,Coo: no visible global function definition for
     ‘setTxtProgressBar’
    hquant,Coo: no visible binding for global variable ‘median’
    hquant,Coo: no visible binding for global variable ‘sd’
    hquant,Coo: no visible global function definition for ‘axis’
    hquant,Coo: no visible global function definition for ‘abline’
    hquant,Coo: no visible global function definition for ‘lines’
    hquant,Coo: no visible global function definition for ‘box’
    manova.Coe,Coe: no visible global function definition for ‘manova’
    panel,Coo: no visible global function definition for ‘text’
    plot,Coo-ANY: no visible global function definition for ‘points’
    show,Coo: no visible global function definition for ‘sd’
    smooth.qual,Coo: no visible global function definition for ‘lines’
    smooth.qual,Coo: no visible global function definition for ‘legend’
    stack,Coo: no visible global function definition for ‘points’
    Undefined global functions or variables:
     abline arrows axis box colorRampPalette contour dist dnorm hclust
     image layout legend lines locator manova median mtext new par points
     polygon quantile read.table rect runif sd segments setTxtProgressBar
     text title txtProgressBar validObject var
Flavors: r-devel-linux-x86_64-debian-clang, r-devel-linux-x86_64-debian-gcc, r-devel-linux-x86_64-fedora-clang, r-devel-linux-x86_64-fedora-gcc, r-devel-windows-ix86+x86_64