CRAN Package Check Results for Package Momocs

Last updated on 2017-10-20 02:48:25.

Flavor Version Tinstall Tcheck Ttotal Status Flags
r-devel-linux-x86_64-debian-clang 1.2.2 6.74 180.47 187.21 OK
r-devel-linux-x86_64-debian-gcc 1.2.2 7.27 192.00 199.27 OK
r-devel-linux-x86_64-fedora-clang 1.2.2 384.32 NOTE
r-devel-linux-x86_64-fedora-gcc 1.2.2 381.97 NOTE
r-devel-windows-ix86+x86_64 1.2.2 29.00 399.00 428.00 OK
r-patched-linux-x86_64 1.2.2 7.48 177.02 184.50 OK
r-patched-solaris-x86 1.2.2 499.50 NOTE
r-release-linux-x86_64 1.2.2 7.09 181.98 189.08 OK
r-release-windows-ix86+x86_64 1.2.2 38.00 390.00 428.00 OK
r-release-osx-x86_64 1.2.2 NOTE
r-oldrel-windows-ix86+x86_64 1.2.2 29.00 371.00 400.00 OK
r-oldrel-osx-x86_64 1.2.2 OK

Check Details

Version: 1.2.2
Check: installed package size
Result: NOTE
     installed size is 5.0Mb
     sub-directories of 1Mb or more:
     data 1.5Mb
     doc 2.3Mb
Flavors: r-devel-linux-x86_64-fedora-clang, r-devel-linux-x86_64-fedora-gcc, r-patched-solaris-x86, r-release-osx-x86_64