CRAN Package Check Results for Package Momocs

Last updated on 2014-04-25 05:47:19.

Flavor Version Tinstall Tcheck Ttotal Status Flags
r-devel-linux-x86_64-debian-clang 0.2-6 6.08 94.64 100.72 OK
r-devel-linux-x86_64-debian-gcc 0.2-6 6.08 93.61 99.69 OK
r-devel-linux-x86_64-fedora-clang 0.2-6 216.28 OK
r-devel-linux-x86_64-fedora-gcc 0.2-6 208.33 OK
r-devel-osx-x86_64-clang 0.2-6 164.05 OK
r-devel-osx-x86_64-gcc 0.2-6 ERROR
r-devel-windows-ix86+x86_64 0.2-6 14.00 129.00 143.00 OK
r-patched-linux-x86_64 0.2-6 6.07 93.90 99.97 OK
r-patched-solaris-sparc 0.2-6 1220.50 OK
r-patched-solaris-x86 0.2-6 280.10 OK
r-release-linux-ix86 0.2-6 9.00 150.00 159.00 OK
r-release-linux-x86_64 0.2-6 6.13 94.66 100.79 OK
r-release-osx-x86_64-mavericks 0.2-6 ERROR
r-release-osx-x86_64-snowleopard 0.2-6 OK
r-release-windows-ix86+x86_64 0.2-6 16.00 134.00 150.00 OK
r-oldrel-windows-ix86+x86_64 0.2-6 16.00 125.00 141.00 OK

Check Details

Version: 0.2-6
Check: package dependencies
Result: ERROR
    Package required but not available: ‘spdep’
    
    See the information on DESCRIPTION files in the chapter ‘Creating R
    packages’ of the ‘Writing R Extensions’ manual.
Flavors: r-devel-osx-x86_64-gcc, r-release-osx-x86_64-mavericks