CRAN Package Check Results for Package Momocs

Last updated on 2017-05-24 22:47:21.

Flavor Version Tinstall Tcheck Ttotal Status Flags
r-devel-linux-x86_64-debian-clang 1.1.6 6.71 180.49 187.20 OK
r-devel-linux-x86_64-debian-gcc 1.1.6 6.72 172.60 179.32 OK
r-devel-linux-x86_64-fedora-clang 1.1.6 375.92 OK --no-stop-on-test-error
r-devel-linux-x86_64-fedora-gcc 1.1.6 393.69 OK --no-stop-on-test-error
r-devel-windows-ix86+x86_64 1.1.6 20.00 302.00 322.00 OK
r-patched-linux-x86_64 1.1.6 7.27 177.34 184.61 OK
r-patched-solaris-sparc 1.1.6 2050.80 OK
r-patched-solaris-x86 1.1.6 441.30 OK
r-release-linux-x86_64 1.1.6 7.19 178.14 185.33 OK
r-release-windows-ix86+x86_64 1.1.6 21.00 387.00 408.00 OK
r-release-osx-x86_64 1.1.6 NOTE
r-oldrel-windows-ix86+x86_64 1.1.6 27.00 351.00 378.00 OK
r-oldrel-osx-x86_64 1.1.6 OK

Check Details

Version: 1.1.6
Check: package dependencies
Result: NOTE
    Package suggested but not available for checking: ‘devtools’
Flavor: r-release-osx-x86_64