CRAN Package Check Results for Package Momocs

Last updated on 2018-02-23 01:46:32 CET.

Flavor Version Tinstall Tcheck Ttotal Status Flags
r-devel-linux-x86_64-debian-clang 1.2.2 21.72 238.29 260.01 ERROR
r-devel-linux-x86_64-debian-gcc 1.2.2 17.03 200.47 217.50 ERROR
r-devel-linux-x86_64-fedora-clang 1.2.2 207.36 ERROR
r-devel-linux-x86_64-fedora-gcc 1.2.2 335.48 ERROR
r-devel-windows-ix86+x86_64 1.2.2 42.00 287.00 329.00 ERROR
r-patched-linux-x86_64 1.2.2 8.92 289.82 298.74 ERROR
r-patched-solaris-x86 1.2.2 407.30 ERROR
r-release-linux-x86_64 1.2.2 8.68 301.63 310.31 ERROR
r-release-windows-ix86+x86_64 1.2.2 28.00 390.00 418.00 OK
r-release-osx-x86_64 1.2.2 NOTE
r-oldrel-windows-ix86+x86_64 1.2.2 23.00 294.00 317.00 ERROR
r-oldrel-osx-x86_64 1.2.2 OK

Check Details

Version: 1.2.2
Check: tests
Result: ERROR
     Running ‘testthat.R’ [6s/6s]
    Running the tests in ‘tests/testthat.R’ failed.
    Complete output:
     > library(testthat)
     > library(Momocs)
     This is Momocs 1.2.2
    
     Attaching package: 'Momocs'
    
     The following object is masked from 'package:stats':
    
     filter
    
     The following object is masked from 'package:base':
    
     table
    
     >
     > test_check("Momocs")
     ── 1. Error: filter works fine (@test-nse.R#62) ───────────────────────────────
     bad value
     1: expect_true(x_lite$fac %>% sapply(nlevels) %>% ==1 %>% all) at testthat/test-nse.R:62
     2: quasi_label(enquo(object), label)
     3: force(quo)
     4: enquo(object)
    
     ══ testthat results ═══════════════════════════════════════════════════════════
     OK: 159 SKIPPED: 1 FAILED: 1
     1. Error: filter works fine (@test-nse.R#62)
    
     Error: testthat unit tests failed
     Execution halted
Flavor: r-devel-linux-x86_64-debian-clang

Version: 1.2.2
Check: tests
Result: ERROR
     Running ‘testthat.R’ [5s/7s]
    Running the tests in ‘tests/testthat.R’ failed.
    Complete output:
     > library(testthat)
     > library(Momocs)
     This is Momocs 1.2.2
    
     Attaching package: 'Momocs'
    
     The following object is masked from 'package:stats':
    
     filter
    
     The following object is masked from 'package:base':
    
     table
    
     >
     > test_check("Momocs")
     ── 1. Error: filter works fine (@test-nse.R#62) ───────────────────────────────
     bad value
     1: expect_true(x_lite$fac %>% sapply(nlevels) %>% ==1 %>% all) at testthat/test-nse.R:62
     2: quasi_label(enquo(object), label)
     3: force(quo)
     4: enquo(object)
    
     ══ testthat results ═══════════════════════════════════════════════════════════
     OK: 159 SKIPPED: 1 FAILED: 1
     1. Error: filter works fine (@test-nse.R#62)
    
     Error: testthat unit tests failed
     Execution halted
Flavor: r-devel-linux-x86_64-debian-gcc

Version: 1.2.2
Check: installed package size
Result: NOTE
     installed size is 5.4Mb
     sub-directories of 1Mb or more:
     data 1.5Mb
     doc 2.3Mb
Flavors: r-devel-linux-x86_64-fedora-clang, r-devel-linux-x86_64-fedora-gcc, r-devel-windows-ix86+x86_64, r-patched-solaris-x86, r-release-osx-x86_64

Version: 1.2.2
Check: tests
Result: ERROR
     Running ‘testthat.R’
    Running the tests in ‘tests/testthat.R’ failed.
    Complete output:
     > library(testthat)
     > library(Momocs)
     This is Momocs 1.2.2
    
     Attaching package: 'Momocs'
    
     The following object is masked from 'package:stats':
    
     filter
    
     The following object is masked from 'package:base':
    
     table
    
     >
     > test_check("Momocs")
     ── 1. Error: filter works fine (@test-nse.R#62) ───────────────────────────────
     bad value
     1: expect_true(x_lite$fac %>% sapply(nlevels) %>% ==1 %>% all) at testthat/test-nse.R:62
     2: quasi_label(enquo(object), label)
     3: force(quo)
     4: enquo(object)
    
     ══ testthat results ═══════════════════════════════════════════════════════════
     OK: 159 SKIPPED: 1 FAILED: 1
     1. Error: filter works fine (@test-nse.R#62)
    
     Error: testthat unit tests failed
     Execution halted
Flavors: r-devel-linux-x86_64-fedora-clang, r-devel-linux-x86_64-fedora-gcc

Version: 1.2.2
Check: tests
Result: ERROR
     Running 'testthat.R' [7s]
    Running the tests in 'tests/testthat.R' failed.
    Last 13 lines of output:
     >
     > test_check("Momocs")
     -- 1. Error: filter works fine (@test-nse.R#62) -------------------------------
     bad value
     1: expect_true(x_lite$fac %>% sapply(nlevels) %>% ==1 %>% all) at testthat/test-nse.R:62
     2: quasi_label(enquo(object), label)
     3: force(quo)
     4: enquo(object)
    
     == testthat results ===========================================================
     OK: 159 SKIPPED: 1 FAILED: 1
     1. Error: filter works fine (@test-nse.R#62)
    
     Error: testthat unit tests failed
     Execution halted
Flavors: r-devel-windows-ix86+x86_64, r-oldrel-windows-ix86+x86_64

Version: 1.2.2
Check: tests
Result: ERROR
     Running ‘testthat.R’ [8s/10s]
    Running the tests in ‘tests/testthat.R’ failed.
    Complete output:
     > library(testthat)
     > library(Momocs)
     This is Momocs 1.2.2
    
     Attaching package: 'Momocs'
    
     The following object is masked from 'package:stats':
    
     filter
    
     The following object is masked from 'package:base':
    
     table
    
     >
     > test_check("Momocs")
     ── 1. Error: filter works fine (@test-nse.R#62) ───────────────────────────────
     bad value
     1: expect_true(x_lite$fac %>% sapply(nlevels) %>% ==1 %>% all) at testthat/test-nse.R:62
     2: quasi_label(enquo(object), label)
     3: force(quo)
     4: enquo(object)
    
     ══ testthat results ═══════════════════════════════════════════════════════════
     OK: 159 SKIPPED: 1 FAILED: 1
     1. Error: filter works fine (@test-nse.R#62)
    
     Error: testthat unit tests failed
     Execution halted
Flavor: r-patched-linux-x86_64

Version: 1.2.2
Check: tests
Result: ERROR
     Running ‘testthat.R’ [11s/11s]
    Running the tests in ‘tests/testthat.R’ failed.
    Complete output:
     > library(testthat)
     > library(Momocs)
     This is Momocs 1.2.2
    
     Attaching package: 'Momocs'
    
     The following object is masked from 'package:stats':
    
     filter
    
     The following object is masked from 'package:base':
    
     table
    
     >
     > test_check("Momocs")
     ── 1. Error: filter works fine (@test-nse.R#62) ───────────────────────────────
     bad value
     1: expect_true(x_lite$fac %>% sapply(nlevels) %>% ==1 %>% all) at testthat/test-nse.R:62
     2: quasi_label(enquo(object), label)
     3: force(quo)
     4: enquo(object)
    
     ══ testthat results ═══════════════════════════════════════════════════════════
     OK: 159 SKIPPED: 1 FAILED: 1
     1. Error: filter works fine (@test-nse.R#62)
    
     Error: testthat unit tests failed
     Execution halted
Flavor: r-patched-solaris-x86

Version: 1.2.2
Check: tests
Result: ERROR
     Running ‘testthat.R’ [8s/11s]
    Running the tests in ‘tests/testthat.R’ failed.
    Complete output:
     > library(testthat)
     > library(Momocs)
     This is Momocs 1.2.2
    
     Attaching package: 'Momocs'
    
     The following object is masked from 'package:stats':
    
     filter
    
     The following object is masked from 'package:base':
    
     table
    
     >
     > test_check("Momocs")
     ── 1. Error: filter works fine (@test-nse.R#62) ───────────────────────────────
     bad value
     1: expect_true(x_lite$fac %>% sapply(nlevels) %>% ==1 %>% all) at testthat/test-nse.R:62
     2: quasi_label(enquo(object), label)
     3: force(quo)
     4: enquo(object)
    
     ══ testthat results ═══════════════════════════════════════════════════════════
     OK: 159 SKIPPED: 1 FAILED: 1
     1. Error: filter works fine (@test-nse.R#62)
    
     Error: testthat unit tests failed
     Execution halted
Flavor: r-release-linux-x86_64