CRAN Package Check Results for Package Momocs

Last updated on 2017-12-12 06:47:22 CET.

Flavor Version Tinstall Tcheck Ttotal Status Flags
r-devel-linux-x86_64-debian-clang 1.2.2 8.41 263.59 272.00 OK
r-devel-linux-x86_64-debian-gcc 1.2.2 7.62 219.05 226.67 OK
r-devel-linux-x86_64-fedora-clang 1.2.2 339.95 NOTE
r-devel-linux-x86_64-fedora-gcc 1.2.2 338.22 NOTE
r-devel-windows-ix86+x86_64 1.2.2 33.00 320.00 353.00 NOTE
r-patched-linux-x86_64 1.2.2 10.82 308.07 318.89 OK
r-patched-solaris-x86 1.2.2 506.60 NOTE
r-release-linux-x86_64 1.2.2 9.41 302.51 311.92 OK
r-release-windows-ix86+x86_64 1.2.2 22.00 314.00 336.00 OK
r-release-osx-x86_64 1.2.2 NOTE
r-oldrel-windows-ix86+x86_64 1.2.2 29.00 401.00 430.00 OK
r-oldrel-osx-x86_64 1.2.2 OK

Check Details

Version: 1.2.2
Check: installed package size
Result: NOTE
     installed size is 5.0Mb
     sub-directories of 1Mb or more:
     data 1.5Mb
     doc 2.3Mb
Flavors: r-devel-linux-x86_64-fedora-clang, r-devel-linux-x86_64-fedora-gcc, r-devel-windows-ix86+x86_64, r-patched-solaris-x86, r-release-osx-x86_64