Last updated on 2022-06-26 16:49:30 CEST.
Flavor | Version | Tinstall | Tcheck | Ttotal | Status | Flags |
---|---|---|---|---|---|---|
r-devel-linux-x86_64-debian-clang | 2.0.0 | 5.79 | 34.78 | 40.57 | OK | |
r-devel-linux-x86_64-debian-gcc | 2.0.0 | 4.51 | 27.24 | 31.75 | OK | |
r-devel-linux-x86_64-fedora-clang | 2.0.0 | 62.98 | NOTE | |||
r-devel-linux-x86_64-fedora-gcc | 2.0.0 | 60.29 | NOTE | |||
r-devel-windows-x86_64 | 2.0.0 | 52.00 | 61.00 | 113.00 | OK | |
r-patched-linux-x86_64 | 2.0.0 | 5.57 | 33.69 | 39.26 | OK | |
r-release-linux-x86_64 | 2.0.0 | 3.73 | 33.58 | 37.31 | OK | |
r-release-macos-arm64 | 2.0.0 | 22.00 | NOTE | |||
r-release-macos-x86_64 | 2.0.0 | 37.00 | NOTE | |||
r-release-windows-x86_64 | 2.0.0 | 50.00 | 59.00 | 109.00 | OK | |
r-oldrel-macos-arm64 | 2.0.0 | 31.00 | NOTE | |||
r-oldrel-macos-x86_64 | 2.0.0 | 46.00 | NOTE | |||
r-oldrel-windows-ix86+x86_64 | 2.0.0 | 18.00 | 66.00 | 84.00 | OK |
Version: 2.0.0
Check: dependencies in R code
Result: NOTE
Namespace in Imports field not imported from: ‘testthat’
All declared Imports should be used.
Flavors: r-devel-linux-x86_64-fedora-clang, r-devel-linux-x86_64-fedora-gcc, r-release-macos-arm64, r-release-macos-x86_64, r-oldrel-macos-arm64, r-oldrel-macos-x86_64