CRAN Package Check Results for Package MonetDB.R

Last updated on 2018-01-24 04:48:17 CET.

Flavor Version Tinstall Tcheck Ttotal Status Flags
r-devel-linux-x86_64-debian-clang 1.0.1 1.75 28.81 30.56 NOTE
r-devel-linux-x86_64-debian-gcc 1.0.1 1.44 22.66 24.10 NOTE
r-devel-linux-x86_64-fedora-clang 1.0.1 35.27 NOTE
r-devel-linux-x86_64-fedora-gcc 1.0.1 33.95 NOTE
r-devel-windows-ix86+x86_64 1.0.1 14.00 48.00 62.00 NOTE
r-patched-linux-x86_64 1.0.1 2.11 27.68 29.79 NOTE
r-patched-solaris-x86 1.0.1 52.50 NOTE
r-release-linux-x86_64 1.0.1 2.08 27.66 29.74 NOTE
r-release-windows-ix86+x86_64 1.0.1 7.00 58.00 65.00 NOTE
r-release-osx-x86_64 1.0.1 OK
r-oldrel-windows-ix86+x86_64 1.0.1 11.00 45.00 56.00 NOTE
r-oldrel-osx-x86_64 1.0.1 OK

Check Details

Version: 1.0.1
Check: dependencies in R code
Result: NOTE
    Missing or unexported objects:
     ‘dplyr::base_agg’ ‘dplyr::base_scalar’ ‘dplyr::build_sql’
     ‘dplyr::is.ident’ ‘dplyr::sql_infix’ ‘dplyr::sql_prefix’
     ‘dplyr::sql_translator’ ‘dplyr::sql_variant’ ‘dplyr::src_sql’
     ‘dplyr::tbl_sql’
Flavors: r-devel-linux-x86_64-debian-clang, r-devel-linux-x86_64-debian-gcc, r-devel-linux-x86_64-fedora-clang, r-devel-linux-x86_64-fedora-gcc, r-devel-windows-ix86+x86_64, r-patched-linux-x86_64, r-patched-solaris-x86, r-release-linux-x86_64, r-release-windows-ix86+x86_64, r-oldrel-windows-ix86+x86_64

Version: 1.0.1
Check: compiled code
Result: NOTE
    File ‘MonetDB.R/libs/MonetDB.R.so’:
     Found no calls to: ‘R_registerRoutines’, ‘R_useDynamicSymbols’
    
    It is good practice to register native routines and to disable symbol
    search.
    
    See ‘Writing portable packages’ in the ‘Writing R Extensions’ manual.
Flavors: r-devel-linux-x86_64-debian-clang, r-devel-linux-x86_64-debian-gcc, r-devel-linux-x86_64-fedora-clang, r-devel-linux-x86_64-fedora-gcc, r-patched-linux-x86_64, r-release-linux-x86_64

Version: 1.0.1
Check: package dependencies
Result: NOTE
    Package which this enhances but not available for checking: ‘MonetDBLite’
Flavor: r-patched-solaris-x86