CRAN Package Check Results for Package MonetDB.R

Last updated on 2025-01-18 07:50:39 CET.

Flavor Version Tinstall Tcheck Ttotal Status Flags
r-devel-linux-x86_64-debian-clang 2.0.0 5.78 28.66 34.44 NOTE
r-devel-linux-x86_64-debian-gcc 2.0.0 3.61 22.78 26.39 NOTE
r-devel-linux-x86_64-fedora-clang 2.0.0 55.36 NOTE
r-devel-linux-x86_64-fedora-gcc 2.0.0 52.04 NOTE
r-devel-windows-x86_64 2.0.0 9.00 50.00 59.00 NOTE
r-patched-linux-x86_64 2.0.0 5.49 27.11 32.60 OK
r-release-linux-x86_64 2.0.0 5.32 27.18 32.50 OK
r-release-macos-arm64 2.0.0 24.00 OK
r-release-macos-x86_64 2.0.0 47.00 OK
r-release-windows-x86_64 2.0.0 9.00 49.00 58.00 OK
r-oldrel-macos-arm64 2.0.0 26.00 OK
r-oldrel-macos-x86_64 2.0.0 32.00 OK
r-oldrel-windows-x86_64 2.0.0 10.00 56.00 66.00 OK

Check Details

Version: 2.0.0
Check: Rd cross-references
Result: NOTE Found the following Rd file(s) with Rd \link{} targets missing package anchors: MonetDB.R.Rd: control Please provide package anchors for all Rd \link{} targets not in the package itself and the base packages. Flavors: r-devel-linux-x86_64-debian-clang, r-devel-linux-x86_64-debian-gcc, r-devel-windows-x86_64

Version: 2.0.0
Check: dependencies in R code
Result: NOTE Namespace in Imports field not imported from: ‘testthat’ All declared Imports should be used. Flavors: r-devel-linux-x86_64-fedora-clang, r-devel-linux-x86_64-fedora-gcc