CRAN Package Check Results for Package MonetDB.R

Last updated on 2018-10-17 00:50:20 CEST.

Flavor Version Tinstall Tcheck Ttotal Status Flags
r-devel-linux-x86_64-debian-clang 1.0.1 4.44 31.51 35.95 NOTE
r-devel-linux-x86_64-debian-gcc 1.0.1 3.45 25.37 28.82 NOTE
r-devel-linux-x86_64-fedora-clang 1.0.1 42.59 NOTE
r-devel-linux-x86_64-fedora-gcc 1.0.1 41.30 NOTE
r-devel-windows-ix86+x86_64 1.0.1 14.00 67.00 81.00 NOTE
r-patched-linux-x86_64 1.0.1 4.07 28.03 32.10 NOTE
r-patched-solaris-x86 1.0.1 57.20 NOTE
r-release-linux-x86_64 1.0.1 3.82 28.65 32.47 NOTE
r-release-windows-ix86+x86_64 1.0.1 11.00 66.00 77.00 NOTE
r-release-osx-x86_64 1.0.1 NOTE
r-oldrel-windows-ix86+x86_64 1.0.1 16.00 61.00 77.00 NOTE
r-oldrel-osx-x86_64 1.0.1 OK

Check Details

Version: 1.0.1
Check: dependencies in R code
Result: NOTE
    Missing or unexported objects:
     ‘dplyr::base_agg’ ‘dplyr::base_scalar’ ‘dplyr::build_sql’
     ‘dplyr::is.ident’ ‘dplyr::sql_infix’ ‘dplyr::sql_prefix’
     ‘dplyr::sql_translator’ ‘dplyr::sql_variant’ ‘dplyr::src_sql’
     ‘dplyr::tbl_sql’
Flavors: r-devel-linux-x86_64-debian-clang, r-devel-linux-x86_64-debian-gcc, r-devel-linux-x86_64-fedora-clang, r-devel-linux-x86_64-fedora-gcc, r-devel-windows-ix86+x86_64, r-patched-linux-x86_64, r-patched-solaris-x86, r-release-linux-x86_64, r-release-windows-ix86+x86_64, r-release-osx-x86_64, r-oldrel-windows-ix86+x86_64

Version: 1.0.1
Check: compiled code
Result: NOTE
    File ‘MonetDB.R/libs/MonetDB.R.so’:
     Found no calls to: ‘R_registerRoutines’, ‘R_useDynamicSymbols’
    
    It is good practice to register native routines and to disable symbol
    search.
    
    See ‘Writing portable packages’ in the ‘Writing R Extensions’ manual.
Flavors: r-devel-linux-x86_64-fedora-clang, r-devel-linux-x86_64-fedora-gcc

Version: 1.0.1
Check: package dependencies
Result: NOTE
    Package which this enhances but not available for checking: ‘MonetDBLite’
Flavor: r-patched-solaris-x86