CRAN Package Check Results for Package MonetDB.R

Last updated on 2022-01-29 01:49:42 CET.

Flavor Version Tinstall Tcheck Ttotal Status Flags
r-devel-linux-x86_64-debian-clang 2.0.0 5.60 42.75 48.35 OK
r-devel-linux-x86_64-debian-gcc 2.0.0 4.67 32.95 37.62 OK
r-devel-linux-x86_64-fedora-clang 2.0.0 57.88 NOTE
r-devel-linux-x86_64-fedora-gcc 2.0.0 47.07 NOTE
r-devel-windows-x86_64-new-UL 2.0.0 89.00 62.00 151.00 OK
r-devel-windows-x86_64-new-TK 2.0.0 NOTE
r-patched-linux-x86_64 2.0.0 5.17 39.40 44.57 OK
r-release-linux-x86_64 2.0.0 6.04 40.11 46.15 OK
r-release-macos-arm64 2.0.0 NOTE
r-release-macos-x86_64 2.0.0 NOTE
r-release-windows-ix86+x86_64 2.0.0 16.00 60.00 76.00 OK
r-oldrel-macos-x86_64 2.0.0 NOTE
r-oldrel-windows-ix86+x86_64 2.0.0 17.00 63.00 80.00 OK

Check Details

Version: 2.0.0
Check: dependencies in R code
Result: NOTE
    Namespace in Imports field not imported from: ‘testthat’
     All declared Imports should be used.
Flavors: r-devel-linux-x86_64-fedora-clang, r-devel-linux-x86_64-fedora-gcc, r-devel-windows-x86_64-new-TK, r-release-macos-arm64, r-release-macos-x86_64, r-oldrel-macos-x86_64