CRAN Package Check Results for Package MonoPoly

Last updated on 2014-09-01 14:46:33.

Flavor Version Tinstall Tcheck Ttotal Status Flags
r-devel-linux-x86_64-debian-clang 0.2-8 1.00 18.51 19.51 NOTE
r-devel-linux-x86_64-debian-gcc 0.2-8 0.97 18.41 19.38 NOTE
r-devel-linux-x86_64-fedora-clang 0.2-8 41.20 NOTE
r-devel-linux-x86_64-fedora-gcc 0.2-8 38.02 NOTE
r-devel-osx-x86_64-clang 0.2-8 37.74 NOTE
r-devel-windows-ix86+x86_64 0.2-8 6.00 35.00 41.00 NOTE
r-patched-linux-x86_64 0.2-8 1.03 18.96 19.99 NOTE
r-patched-solaris-sparc 0.2-8 236.50 NOTE
r-patched-solaris-x86 0.2-8 52.70 NOTE
r-release-linux-ix86 0.2-8 1.60 26.80 28.40 NOTE
r-release-linux-x86_64 0.2-8 1.04 19.36 20.40 NOTE
r-release-osx-x86_64-mavericks 0.2-8 NOTE
r-release-osx-x86_64-snowleopard 0.2-8 WARN
r-release-windows-ix86+x86_64 0.2-8 9.00 36.00 45.00 NOTE
r-oldrel-windows-ix86+x86_64 0.2-8 7.00 37.00 44.00 NOTE

Check Details

Version: 0.2-8
Check: dependencies in R code
Result: NOTE
    Package in Depends field not imported from: ‘quadprog’
     These packages need to be imported from (in the NAMESPACE file)
     for when this namespace is loaded but not attached.
    See the information on DESCRIPTION files in the chapter ‘Creating R
    packages’ of the ‘Writing R Extensions’ manual.
Flavors: r-devel-linux-x86_64-debian-clang, r-devel-linux-x86_64-debian-gcc, r-devel-linux-x86_64-fedora-clang, r-devel-linux-x86_64-fedora-gcc, r-devel-osx-x86_64-clang, r-devel-windows-ix86+x86_64, r-patched-linux-x86_64, r-patched-solaris-sparc, r-patched-solaris-x86, r-release-linux-ix86, r-release-linux-x86_64, r-release-osx-x86_64-mavericks, r-release-windows-ix86+x86_64, r-oldrel-windows-ix86+x86_64

Version: 0.2-8
Check: R code for possible problems
Result: NOTE
    FullConstr: no visible global function definition for
     ‘solve.QP.compact’
    hawkins: no visible global function definition for ‘solve.QP’
Flavors: r-devel-linux-x86_64-debian-clang, r-devel-linux-x86_64-debian-gcc, r-devel-linux-x86_64-fedora-clang, r-devel-linux-x86_64-fedora-gcc, r-devel-osx-x86_64-clang, r-devel-windows-ix86+x86_64

Version: 0.2-8
Check: examples
Result: WARN
    checking a package with encoding 'latin1' in an ASCII locale
    
     OK
Flavor: r-release-osx-x86_64-snowleopard