CRAN Package Check Results for Package MonoPoly

Last updated on 2014-04-21 12:31:36.

Flavor Version Tinstall Tcheck Ttotal Status Flags
r-devel-linux-x86_64-debian-clang 0.2-8 1.09 19.78 20.87 NOTE
r-devel-linux-x86_64-debian-gcc 0.2-8 1.07 20.14 21.21 NOTE
r-devel-linux-x86_64-fedora-clang 0.2-8 41.88 NOTE
r-devel-linux-x86_64-fedora-gcc 0.2-8 40.61 NOTE
r-devel-osx-x86_64-clang 0.2-8 39.64 NOTE
r-devel-osx-x86_64-gcc 0.2-8 NOTE
r-devel-windows-ix86+x86_64 0.2-8 6.00 36.00 42.00 NOTE
r-patched-linux-x86_64 0.2-8 1.08 20.01 21.10 NOTE
r-patched-solaris-sparc 0.2-8 223.20 NOTE
r-patched-solaris-x86 0.2-8 50.10 NOTE
r-release-linux-x86_64 0.2-8 1.12 20.29 21.41 NOTE
r-release-osx-x86_64-mavericks 0.2-8 NOTE
r-release-osx-x86_64-snowleopard 0.2-8 WARN
r-release-windows-ix86+x86_64 0.2-8 13.00 49.00 62.00 NOTE
r-oldrel-windows-ix86+x86_64 0.2-8 7.00 37.00 44.00 NOTE

Check Details

Version: 0.2-8
Check: dependencies in R code
Result: NOTE
    Package in Depends field not imported from: ‘quadprog’
     These packages need to be imported from (in the NAMESPACE file)
     for when this namespace is loaded but not attached.
    See the information on DESCRIPTION files in the chapter ‘Creating R
    packages’ of the ‘Writing R Extensions’ manual.
Flavors: r-devel-linux-x86_64-debian-clang, r-devel-linux-x86_64-debian-gcc, r-devel-linux-x86_64-fedora-clang, r-devel-linux-x86_64-fedora-gcc, r-devel-osx-x86_64-clang, r-devel-osx-x86_64-gcc, r-devel-windows-ix86+x86_64, r-patched-linux-x86_64, r-patched-solaris-sparc, r-patched-solaris-x86, r-release-linux-x86_64, r-release-osx-x86_64-mavericks, r-release-windows-ix86+x86_64, r-oldrel-windows-ix86+x86_64

Version: 0.2-8
Check: examples
Result: WARNING
    checking a package with encoding 'latin1' in an ASCII locale
    
     OK
Flavor: r-release-osx-x86_64-snowleopard