CRAN Package Check Results for Package MonoPoly

Last updated on 2015-07-30 22:49:58.

Flavor Version Tinstall Tcheck Ttotal Status Flags
r-devel-linux-x86_64-debian-clang 0.2-8 1.01 18.68 19.69 NOTE
r-devel-linux-x86_64-debian-gcc 0.2-8 1.04 18.09 19.13 NOTE
r-devel-linux-x86_64-fedora-clang 0.2-8 36.66 NOTE
r-devel-linux-x86_64-fedora-gcc 0.2-8 33.94 NOTE
r-devel-osx-x86_64-clang 0.2-8 35.73 NOTE
r-devel-windows-ix86+x86_64 0.2-8 8.00 33.00 41.00 NOTE
r-patched-linux-x86_64 0.2-8 1.00 18.72 19.72 NOTE
r-patched-solaris-sparc 0.2-8 232.00 NOTE
r-patched-solaris-x86 0.2-8 46.90 NOTE
r-release-linux-x86_64 0.2-8 1.01 19.40 20.41 NOTE
r-release-osx-x86_64-mavericks 0.2-8 NOTE
r-release-windows-ix86+x86_64 0.2-8 7.00 36.00 43.00 NOTE
r-oldrel-windows-ix86+x86_64 0.2-8 12.00 42.00 54.00 NOTE

Check Details

Version: 0.2-8
Check: DESCRIPTION meta-information
Result: NOTE
    Malformed Description field: should contain one or more complete sentences.
Flavors: r-devel-linux-x86_64-debian-clang, r-devel-linux-x86_64-debian-gcc, r-devel-linux-x86_64-fedora-clang, r-devel-linux-x86_64-fedora-gcc, r-devel-osx-x86_64-clang, r-devel-windows-ix86+x86_64, r-patched-linux-x86_64, r-patched-solaris-sparc, r-patched-solaris-x86, r-release-linux-x86_64, r-release-osx-x86_64-mavericks, r-release-windows-ix86+x86_64

Version: 0.2-8
Check: dependencies in R code
Result: NOTE
    Package in Depends field not imported from: ‘quadprog’
     These packages need to be imported from (in the NAMESPACE file)
     for when this namespace is loaded but not attached.
Flavors: r-devel-linux-x86_64-debian-clang, r-devel-linux-x86_64-debian-gcc, r-devel-linux-x86_64-fedora-clang, r-devel-linux-x86_64-fedora-gcc, r-devel-osx-x86_64-clang, r-devel-windows-ix86+x86_64, r-patched-linux-x86_64, r-patched-solaris-sparc, r-patched-solaris-x86, r-release-linux-x86_64, r-release-osx-x86_64-mavericks, r-release-windows-ix86+x86_64, r-oldrel-windows-ix86+x86_64

Version: 0.2-8
Check: R code for possible problems
Result: NOTE
    BCD: no visible global function definition for ‘lm.fit’
    BCD: no visible global function definition for ‘coef’
    BCD: no visible global function definition for ‘lines’
    BCDConstr: no visible global function definition for ‘lm.fit’
    BCDConstr: no visible global function definition for ‘coef’
    BCDConstr: no visible global function definition for ‘lines’
    CD1: no visible global function definition for ‘lm.fit’
    CD1: no visible global function definition for ‘coef’
    CD1: no visible global function definition for ‘lines’
    CD1Constr: no visible global function definition for ‘lm.fit’
    CD1Constr: no visible global function definition for ‘coef’
    CD1Constr: no visible global function definition for ‘lines’
    CD2: no visible global function definition for ‘lm.fit’
    CD2: no visible global function definition for ‘coef’
    CD2: no visible global function definition for ‘lines’
    CD2Constr: no visible global function definition for ‘lm.fit’
    CD2Constr: no visible global function definition for ‘coef’
    CD2Constr: no visible global function definition for ‘lines’
    Full: no visible global function definition for ‘lines’
    FullConstr: no visible global function definition for
     ‘solve.QP.compact’
    FullConstr: no visible global function definition for ‘lines’
    evalCoefEHHc2: no visible global function definition for ‘convolve’
    evalCoefEHHcge0: no visible global function definition for ‘convolve’
    evalCoefElphinstonec2: no visible global function definition for
     ‘convolve’
    evalCoefElphinstonecge0: no visible global function definition for
     ‘convolve’
    evalCoefPenttilac2: no visible global function definition for
     ‘convolve’
    evalCoefPenttilacge0: no visible global function definition for
     ‘convolve’
    evalGradCoefEHHc2: no visible global function definition for ‘convolve’
    evalGradCoefEHHcge0: no visible global function definition for
     ‘convolve’
    evalGradCoefElphinstonec2: no visible global function definition for
     ‘convolve’
    evalGradCoefElphinstonecge0: no visible global function definition for
     ‘convolve’
    evalGradCoefPenttilac2: no visible global function definition for
     ‘convolve’
    evalGradCoefPenttilacge0: no visible global function definition for
     ‘convolve’
    evalGradHessCoefBlk1EHHc2: no visible global function definition for
     ‘convolve’
    evalGradHessCoefBlk1EHHcge0: no visible global function definition for
     ‘convolve’
    evalGradHessCoefBlk1Elphinstonec2: no visible global function
     definition for ‘convolve’
    evalGradHessCoefBlk1Elphinstonecge0: no visible global function
     definition for ‘convolve’
    evalGradHessCoefBlk1Penttilac2: no visible global function definition
     for ‘convolve’
    evalGradHessCoefBlk1Penttilacge0: no visible global function definition
     for ‘convolve’
    evalGradHessCoefBlk2EHHc2: no visible global function definition for
     ‘convolve’
    evalGradHessCoefBlk2EHHcge0: no visible global function definition for
     ‘convolve’
    evalGradHessCoefBlk2Elphinstonec2: no visible global function
     definition for ‘convolve’
    evalGradHessCoefBlk2Elphinstonecge0: no visible global function
     definition for ‘convolve’
    evalGradHessCoefBlk2Penttilac2: no visible global function definition
     for ‘convolve’
    evalGradHessCoefBlk2Penttilacge0: no visible global function definition
     for ‘convolve’
    evalHessCoefEHHc2: no visible global function definition for ‘convolve’
    evalHessCoefEHHcge0: no visible global function definition for
     ‘convolve’
    evalHessCoefElphinstonec2: no visible global function definition for
     ‘convolve’
    evalHessCoefElphinstonecge0: no visible global function definition for
     ‘convolve’
    evalHessCoefPenttilac2: no visible global function definition for
     ‘convolve’
    evalHessCoefPenttilacge0: no visible global function definition for
     ‘convolve’
    fitted.monpol: no visible global function definition for ‘napredict’
    formula.monpol: no visible global function definition for ‘formula’
    hawkins: no visible global function definition for ‘plot’
    hawkins: no visible global function definition for ‘lines’
    hawkins: no visible global function definition for ‘solve.QP’
    hawkins: no visible global function definition for ‘weighted.mean’
    logLik.monpol: no visible global function definition for ‘coef’
    model.matrix.monpol: no visible global function definition for
     ‘model.frame’
    model.matrix.monpol: no visible global function definition for
     ‘model.matrix.default’
    monpol: no visible global function definition for ‘model.response’
    monpol: no visible global function definition for ‘model.weights’
    monpol: no visible global function definition for ‘is.empty.model’
    monpol: no visible global function definition for ‘model.matrix’
    monpol.fit: no visible global function definition for ‘lm.fit’
    monpol.fit: no visible global function definition for ‘lm.wfit’
    monpol.fit: no visible global function definition for ‘coef’
    monpol.fit: no visible global function definition for ‘plot’
    monpol.fit: no visible global function definition for ‘abline’
    monpol.fit: no visible global function definition for ‘lines’
    predict.monpol: no visible global function definition for ‘fitted’
    predict.monpol: no visible global function definition for
     ‘delete.response’
    predict.monpol: no visible global function definition for ‘model.frame’
    predict.monpol: no visible binding for global variable ‘na.omit’
    predict.monpol: no visible global function definition for
     ‘.checkMFClasses’
    predict.monpol: no visible global function definition for
     ‘model.matrix’
    print.monpol: no visible global function definition for ‘coef’
    residuals.monpol: no visible global function definition for ‘naresid’
    Undefined global functions or variables:
     .checkMFClasses abline coef convolve delete.response fitted formula
     is.empty.model lines lm.fit lm.wfit model.frame model.matrix
     model.matrix.default model.response model.weights na.omit napredict
     naresid plot solve.QP solve.QP.compact weighted.mean
    Consider adding
     importFrom("graphics", "abline", "lines", "plot")
     importFrom("stats", ".checkMFClasses", "coef", "convolve",
     "delete.response", "fitted", "formula", "is.empty.model",
     "lm.fit", "lm.wfit", "model.frame", "model.matrix",
     "model.matrix.default", "model.response", "model.weights",
     "na.omit", "napredict", "naresid", "weighted.mean")
    to your NAMESPACE.
Flavors: r-devel-linux-x86_64-debian-clang, r-devel-linux-x86_64-debian-gcc, r-devel-linux-x86_64-fedora-clang, r-devel-linux-x86_64-fedora-gcc, r-devel-windows-ix86+x86_64

Version: 0.2-8
Check: R code for possible problems
Result: NOTE
    FullConstr: no visible global function definition for
     ‘solve.QP.compact’
    hawkins: no visible global function definition for ‘solve.QP’
    Undefined global functions or variables:
     solve.QP solve.QP.compact
Flavor: r-devel-osx-x86_64-clang

Version: 0.2-8
Check: R code for possible problems
Result: NOTE
    FullConstr: no visible global function definition for
     ‘solve.QP.compact’
    hawkins: no visible global function definition for ‘solve.QP’
Flavors: r-patched-linux-x86_64, r-patched-solaris-sparc, r-patched-solaris-x86, r-release-linux-x86_64, r-release-osx-x86_64-mavericks, r-release-windows-ix86+x86_64, r-oldrel-windows-ix86+x86_64