CRAN Package Check Results for Package MonoPoly

Last updated on 2014-12-20 01:49:21.

Flavor Version Tinstall Tcheck Ttotal Status Flags
r-devel-linux-x86_64-debian-clang 0.2-8 1.12 20.47 21.59 NOTE
r-devel-linux-x86_64-debian-gcc 0.2-8 1.14 20.22 21.36 NOTE
r-devel-linux-x86_64-fedora-clang 0.2-8 42.84 NOTE
r-devel-linux-x86_64-fedora-gcc 0.2-8 37.48 NOTE
r-devel-osx-x86_64-clang 0.2-8 41.68 NOTE
r-devel-windows-ix86+x86_64 0.2-8 13.00 47.00 60.00 NOTE
r-patched-linux-x86_64 0.2-8 1.11 20.02 21.13 NOTE
r-patched-solaris-sparc 0.2-8 228.70 NOTE
r-patched-solaris-x86 0.2-8 52.50 NOTE
r-release-linux-ix86 0.2-8 1.60 26.26 27.85 NOTE
r-release-linux-x86_64 0.2-8 1.08 20.57 21.64 NOTE
r-release-osx-x86_64-mavericks 0.2-8 NOTE
r-release-osx-x86_64-snowleopard 0.2-8 WARN
r-release-windows-ix86+x86_64 0.2-8 8.00 38.00 46.00 NOTE
r-oldrel-windows-ix86+x86_64 0.2-8 7.00 37.00 44.00 NOTE

Check Details

Version: 0.2-8
Check: dependencies in R code
Result: NOTE
    Package in Depends field not imported from: ‘quadprog’
     These packages need to be imported from (in the NAMESPACE file)
     for when this namespace is loaded but not attached.
    See the information on DESCRIPTION files in the chapter ‘Creating R
    packages’ of the ‘Writing R Extensions’ manual.
Flavors: r-devel-linux-x86_64-debian-clang, r-devel-linux-x86_64-debian-gcc, r-devel-linux-x86_64-fedora-clang, r-devel-linux-x86_64-fedora-gcc, r-devel-osx-x86_64-clang, r-devel-windows-ix86+x86_64, r-patched-linux-x86_64, r-patched-solaris-sparc, r-patched-solaris-x86, r-release-linux-ix86, r-release-linux-x86_64, r-release-osx-x86_64-mavericks, r-release-windows-ix86+x86_64, r-oldrel-windows-ix86+x86_64

Version: 0.2-8
Check: R code for possible problems
Result: NOTE
    FullConstr: no visible global function definition for
     ‘solve.QP.compact’
    hawkins: no visible global function definition for ‘solve.QP’
Flavors: r-devel-linux-x86_64-debian-clang, r-devel-linux-x86_64-debian-gcc, r-devel-linux-x86_64-fedora-clang, r-devel-linux-x86_64-fedora-gcc, r-devel-osx-x86_64-clang, r-devel-windows-ix86+x86_64, r-patched-linux-x86_64, r-patched-solaris-sparc, r-patched-solaris-x86, r-release-linux-ix86, r-release-linux-x86_64, r-release-windows-ix86+x86_64

Version: 0.2-8
Check: examples
Result: WARN
    checking a package with encoding 'latin1' in an ASCII locale
    
     OK
Flavor: r-release-osx-x86_64-snowleopard