CRAN Package Check Results for Package MonoPoly

Last updated on 2015-05-27 03:48:16.

Flavor Version Tinstall Tcheck Ttotal Status Flags
r-devel-linux-x86_64-debian-clang 0.2-8 0.98 19.02 20.01 NOTE
r-devel-linux-x86_64-debian-gcc 0.2-8 0.96 18.53 19.49 NOTE
r-devel-linux-x86_64-fedora-clang 0.2-8 39.14 NOTE
r-devel-linux-x86_64-fedora-gcc 0.2-8 35.09 NOTE
r-devel-osx-x86_64-clang 0.2-8 38.06 NOTE
r-devel-windows-ix86+x86_64 0.2-8 7.00 36.00 43.00 NOTE
r-patched-linux-x86_64 0.2-8 0.99 18.98 19.97 NOTE
r-patched-solaris-sparc 0.2-8 228.60 NOTE
r-patched-solaris-x86 0.2-8 48.50 NOTE
r-release-linux-x86_64 0.2-8 1.00 19.64 20.63 NOTE
r-release-osx-x86_64-mavericks 0.2-8 NOTE
r-release-osx-x86_64-snowleopard 0.2-8 NOTE
r-release-windows-ix86+x86_64 0.2-8 4.00 42.00 46.00 NOTE
r-oldrel-windows-ix86+x86_64 0.2-8 12.00 42.00 54.00 NOTE

Check Details

Version: 0.2-8
Check: DESCRIPTION meta-information
Result: NOTE
    Malformed Description field: should contain one or more complete sentences.
Flavors: r-devel-linux-x86_64-debian-clang, r-devel-linux-x86_64-debian-gcc, r-devel-linux-x86_64-fedora-clang, r-devel-linux-x86_64-fedora-gcc, r-devel-osx-x86_64-clang, r-devel-windows-ix86+x86_64, r-patched-linux-x86_64, r-patched-solaris-sparc, r-patched-solaris-x86, r-release-linux-x86_64, r-release-osx-x86_64-mavericks, r-release-osx-x86_64-snowleopard, r-release-windows-ix86+x86_64

Version: 0.2-8
Check: dependencies in R code
Result: NOTE
    Package in Depends field not imported from: ‘quadprog’
     These packages need to be imported from (in the NAMESPACE file)
     for when this namespace is loaded but not attached.
Flavors: r-devel-linux-x86_64-debian-clang, r-devel-linux-x86_64-debian-gcc, r-devel-linux-x86_64-fedora-clang, r-devel-linux-x86_64-fedora-gcc, r-devel-osx-x86_64-clang, r-devel-windows-ix86+x86_64, r-patched-linux-x86_64, r-patched-solaris-sparc, r-patched-solaris-x86, r-release-linux-x86_64, r-release-osx-x86_64-mavericks, r-release-osx-x86_64-snowleopard, r-release-windows-ix86+x86_64, r-oldrel-windows-ix86+x86_64

Version: 0.2-8
Check: R code for possible problems
Result: NOTE
    FullConstr: no visible global function definition for
     ‘solve.QP.compact’
    hawkins: no visible global function definition for ‘solve.QP’
Flavors: r-devel-linux-x86_64-debian-clang, r-devel-linux-x86_64-debian-gcc, r-devel-linux-x86_64-fedora-clang, r-devel-linux-x86_64-fedora-gcc, r-devel-osx-x86_64-clang, r-devel-windows-ix86+x86_64, r-patched-linux-x86_64, r-patched-solaris-sparc, r-patched-solaris-x86, r-release-linux-x86_64, r-release-osx-x86_64-mavericks, r-release-osx-x86_64-snowleopard, r-release-windows-ix86+x86_64, r-oldrel-windows-ix86+x86_64