CRAN Package Check Results for Package MonoPoly

Last updated on 2015-09-02 19:47:41.

Flavor Version Tinstall Tcheck Ttotal Status Flags
r-devel-linux-x86_64-debian-clang 0.2-10 0.92 18.40 19.32 OK
r-devel-linux-x86_64-debian-gcc 0.2-10 0.90 19.47 20.38 OK
r-devel-linux-x86_64-fedora-clang 0.2-10 34.46 OK
r-devel-linux-x86_64-fedora-gcc 0.2-10 32.34 OK
r-devel-osx-x86_64-clang 0.2-10 34.66 OK
r-devel-windows-ix86+x86_64 0.2-10 11.00 57.00 68.00 OK
r-patched-linux-x86_64 0.2-8 1.08 19.63 20.70 NOTE
r-patched-solaris-sparc 0.2-10 239.50 OK
r-patched-solaris-x86 0.2-10 47.60 OK
r-release-linux-x86_64 0.2-10 1.00 19.16 20.16 OK
r-release-osx-x86_64-mavericks 0.2-10 OK
r-release-windows-ix86+x86_64 0.2-10 11.00 54.00 65.00 OK
r-oldrel-windows-ix86+x86_64 0.2-10 11.00 67.00 78.00 OK

Check Details

Version: 0.2-8
Check: DESCRIPTION meta-information
Result: NOTE
    Malformed Description field: should contain one or more complete sentences.
Flavor: r-patched-linux-x86_64

Version: 0.2-8
Check: dependencies in R code
Result: NOTE
    Package in Depends field not imported from: ‘quadprog’
     These packages need to be imported from (in the NAMESPACE file)
     for when this namespace is loaded but not attached.
Flavor: r-patched-linux-x86_64

Version: 0.2-8
Check: R code for possible problems
Result: NOTE
    FullConstr: no visible global function definition for
     ‘solve.QP.compact’
    hawkins: no visible global function definition for ‘solve.QP’
Flavor: r-patched-linux-x86_64