CRAN Package Check Results for Package MonoPoly

Last updated on 2014-07-26 10:48:28.

Flavor Version Tinstall Tcheck Ttotal Status Flags
r-devel-linux-x86_64-debian-clang 0.2-8 1.04 18.82 19.86 NOTE
r-devel-linux-x86_64-debian-gcc 0.2-8 1.04 18.93 19.97 NOTE
r-devel-linux-x86_64-fedora-clang 0.2-8 41.36 NOTE
r-devel-linux-x86_64-fedora-gcc 0.2-8 40.11 NOTE
r-devel-osx-x86_64-clang 0.2-8 39.19 NOTE
r-devel-windows-ix86+x86_64 0.2-8 7.00 33.00 40.00 NOTE
r-patched-linux-x86_64 0.2-8 1.06 19.27 20.33 NOTE
r-patched-solaris-sparc 0.2-8 223.20 NOTE
r-patched-solaris-x86 0.2-8 53.60 NOTE
r-release-linux-ix86 0.2-8 1.60 26.81 28.42 NOTE
r-release-linux-x86_64 0.2-8 1.05 19.16 20.21 NOTE
r-release-osx-x86_64-mavericks 0.2-8 NOTE
r-release-osx-x86_64-snowleopard 0.2-8 WARN
r-release-windows-ix86+x86_64 0.2-8 9.00 36.00 45.00 NOTE
r-oldrel-windows-ix86+x86_64 0.2-8 7.00 37.00 44.00 NOTE

Check Details

Version: 0.2-8
Check: dependencies in R code
Result: NOTE
    Package in Depends field not imported from: ‘quadprog’
     These packages need to be imported from (in the NAMESPACE file)
     for when this namespace is loaded but not attached.
    See the information on DESCRIPTION files in the chapter ‘Creating R
    packages’ of the ‘Writing R Extensions’ manual.
Flavors: r-devel-linux-x86_64-debian-clang, r-devel-linux-x86_64-debian-gcc, r-devel-linux-x86_64-fedora-clang, r-devel-linux-x86_64-fedora-gcc, r-devel-osx-x86_64-clang, r-devel-windows-ix86+x86_64, r-patched-linux-x86_64, r-patched-solaris-sparc, r-patched-solaris-x86, r-release-linux-ix86, r-release-linux-x86_64, r-release-osx-x86_64-mavericks, r-release-windows-ix86+x86_64, r-oldrel-windows-ix86+x86_64

Version: 0.2-8
Check: examples
Result: WARNING
    checking a package with encoding 'latin1' in an ASCII locale
    
     OK
Flavor: r-release-osx-x86_64-snowleopard