CRAN Package Check Results for Package MorseGen

Last updated on 2019-09-23 19:47:32 CEST.

Flavor Version Tinstall Tcheck Ttotal Status Flags
r-devel-linux-x86_64-debian-clang 1.2 1.58 16.16 17.74 NOTE
r-devel-linux-x86_64-debian-gcc 1.2 1.46 13.24 14.70 NOTE
r-devel-linux-x86_64-fedora-clang 1.2 22.63 NOTE
r-devel-linux-x86_64-fedora-gcc 1.2 22.01 NOTE
r-devel-windows-ix86+x86_64 1.2 12.00 32.00 44.00 NOTE
r-patched-linux-x86_64 1.2 1.22 16.22 17.44 NOTE
r-patched-solaris-x86 1.2 35.40 NOTE
r-release-linux-x86_64 1.2 1.35 16.09 17.44 NOTE
r-release-windows-ix86+x86_64 1.2 4.00 39.00 43.00 NOTE
r-release-osx-x86_64 1.2 NOTE
r-oldrel-windows-ix86+x86_64 1.2 2.00 24.00 26.00 NOTE
r-oldrel-osx-x86_64 1.2 NOTE

Check Details

Version: 1.2
Check: DESCRIPTION meta-information
Result: NOTE
    Malformed Title field: should not end in a period.
Flavors: r-devel-linux-x86_64-debian-clang, r-devel-linux-x86_64-debian-gcc, r-devel-linux-x86_64-fedora-clang, r-devel-linux-x86_64-fedora-gcc, r-devel-windows-ix86+x86_64, r-patched-linux-x86_64, r-patched-solaris-x86, r-release-linux-x86_64, r-release-windows-ix86+x86_64, r-release-osx-x86_64, r-oldrel-windows-ix86+x86_64, r-oldrel-osx-x86_64

Version: 1.2
Check: R code for possible problems
Result: NOTE
    cor.gen: no visible global function definition for 'rnorm'
    cor.gen: no visible global function definition for 'resid'
    cor.gen: no visible global function definition for 'lm'
    cor.gen: no visible binding for global variable 'sd'
    cor.gen: no visible global function definition for 'cor'
    cor.gen: no visible global function definition for 'write.table'
    stat.gen: no visible global function definition for 'rexp'
    stat.gen: no visible global function definition for 'rnorm'
    stat.gen: no visible binding for global variable 'sd'
    stat.gen: no visible global function definition for 'write.table'
    Undefined global functions or variables:
     cor lm resid rexp rnorm sd write.table
    Consider adding
     importFrom("stats", "cor", "lm", "resid", "rexp", "rnorm", "sd")
     importFrom("utils", "write.table")
    to your NAMESPACE file.
Flavors: r-devel-linux-x86_64-debian-clang, r-devel-linux-x86_64-debian-gcc, r-devel-linux-x86_64-fedora-clang, r-devel-linux-x86_64-fedora-gcc, r-devel-windows-ix86+x86_64, r-patched-linux-x86_64, r-patched-solaris-x86, r-release-linux-x86_64, r-release-windows-ix86+x86_64, r-release-osx-x86_64, r-oldrel-windows-ix86+x86_64, r-oldrel-osx-x86_64

Version: 1.2
Check: Rd line widths
Result: NOTE
    Rd file 'cor.gen.Rd':
     \usage lines wider than 90 characters:
     cor.gen(num.subj, x.mean, x.sd, y.mean, y.sd, correlation, data.dec = 2, x.name = "Variable X", y.name = "Variable Y")
    
    Rd file 'stat.gen.Rd':
     \usage lines wider than 90 characters:
     stat.gen(num.subj, target.mean, target.sd, data.dec = 2, neg.data = TRUE, x.name = "Variable X")
    
    These lines will be truncated in the PDF manual.
Flavors: r-devel-linux-x86_64-debian-clang, r-devel-linux-x86_64-debian-gcc, r-devel-linux-x86_64-fedora-clang, r-devel-linux-x86_64-fedora-gcc, r-patched-linux-x86_64, r-release-linux-x86_64

Version: 1.2
Check: for non-standard things in the check directory
Result: NOTE
    Found the following files/directories:
     'BMI BISS Correlation MorseGen Results.txt' 'Control MorseGen
     Results.txt' 'Massage MorseGen Results.txt' 'Variable X MorseGen
     Results.txt' 'Variable X Variable Y Correlation MorseGen Results.txt'
Flavors: r-devel-linux-x86_64-debian-clang, r-devel-linux-x86_64-debian-gcc, r-devel-linux-x86_64-fedora-clang, r-devel-linux-x86_64-fedora-gcc