CRAN Package Check Results for Package MplusAutomation

Last updated on 2016-05-26 23:49:58.

Flavor Version Tinstall Tcheck Ttotal Status Flags
r-devel-linux-x86_64-debian-gcc 0.6-3 2.10 39.83 41.93 NOTE
r-devel-linux-x86_64-fedora-clang 0.6-3 67.58 NOTE
r-devel-linux-x86_64-fedora-gcc 0.6-3 64.24 NOTE
r-devel-osx-x86_64-clang 0.6-3 76.52 NOTE
r-devel-windows-ix86+x86_64 0.6-3 8.00 69.00 77.00 NOTE
r-patched-linux-x86_64 0.6-3 2.16 37.00 39.17 NOTE
r-patched-solaris-sparc 0.6-3 419.10 NOTE
r-patched-solaris-x86 0.6-3 89.60 NOTE
r-release-linux-x86_64 0.6-3 1.95 36.64 38.59 NOTE
r-release-osx-x86_64-mavericks 0.6-3 WARN
r-release-windows-ix86+x86_64 0.6-3 10.00 68.00 78.00 NOTE
r-oldrel-windows-ix86+x86_64 0.6-3 7.00 68.00 75.00 NOTE

Check Details

Version: 0.6-3
Check: dependencies in R code
Result: NOTE
    'library' or 'require' calls in package code:
     ‘relimp’ ‘rhdf5’ ‘tcltk’
     Please use :: or requireNamespace() instead.
     See section 'Suggested packages' in the 'Writing R Extensions' manual.
Flavors: r-devel-linux-x86_64-debian-gcc, r-devel-linux-x86_64-fedora-clang, r-devel-linux-x86_64-fedora-gcc, r-devel-osx-x86_64-clang, r-devel-windows-ix86+x86_64, r-patched-linux-x86_64, r-patched-solaris-sparc, r-patched-solaris-x86, r-release-linux-x86_64, r-release-windows-ix86+x86_64, r-oldrel-windows-ix86+x86_64

Version: 0.6-3
Check: R code for possible problems
Result: NOTE
    coef.mplusObject: no visible global function definition for ‘coef’
    compareModels: no visible global function definition for ‘pchisq’
    extract.mplus.model: no visible global function definition for ‘coef’
    extractAux: no visible global function definition for ‘reshape’
    extractParameters_1chunk: no visible binding for global variable
     ‘start’
    l_getSavedata_readRawFile: no visible global function definition for
     ‘read.table’
    l_getSavedata_readRawFile: no visible global function definition for
     ‘read.fwf’
    mplus.traceplot: no visible global function definition for ‘par’
    mplus.traceplot: no visible global function definition for ‘plot’
    mplus.traceplot: no visible global function definition for ‘lines’
    mplusModeler: no visible binding for global variable ‘data’
    prepareMplusData: no visible global function definition for
     ‘write.table’
    readModels: no visible global function definition for ‘h5dump’
    showSummaryTable: no visible global function definition for ‘showData’
    extract,mplus.model: no visible global function definition for ‘coef’
    Undefined global functions or variables:
     coef data h5dump lines par pchisq plot read.fwf read.table reshape
     showData start write.table
    Consider adding
     importFrom("graphics", "lines", "par", "plot")
     importFrom("stats", "coef", "pchisq", "reshape", "start")
     importFrom("utils", "data", "read.fwf", "read.table", "write.table")
    to your NAMESPACE file.
Flavors: r-devel-linux-x86_64-debian-gcc, r-devel-linux-x86_64-fedora-clang, r-devel-linux-x86_64-fedora-gcc, r-devel-osx-x86_64-clang, r-patched-linux-x86_64, r-patched-solaris-sparc, r-patched-solaris-x86, r-release-linux-x86_64

Version: 0.6-3
Check: R code for possible problems
Result: NOTE
    coef.mplusObject: no visible global function definition for 'coef'
    compareModels: no visible global function definition for 'pchisq'
    extract.mplus.model: no visible global function definition for 'coef'
    extractAux: no visible global function definition for 'reshape'
    extractParameters_1chunk: no visible binding for global variable
     'start'
    l_getSavedata_readRawFile: no visible global function definition for
     'read.table'
    l_getSavedata_readRawFile: no visible global function definition for
     'read.fwf'
    mplus.traceplot: no visible global function definition for 'par'
    mplus.traceplot: no visible global function definition for 'plot'
    mplus.traceplot: no visible global function definition for 'lines'
    mplusModeler: no visible binding for global variable 'data'
    prepareMplusData: no visible global function definition for
     'write.table'
    readModels: no visible global function definition for 'h5dump'
    runModels_Interactive : onBrowse: no visible global function definition
     for 'choose.dir'
    showSummaryTable: no visible global function definition for 'showData'
    extract,mplus.model: no visible global function definition for 'coef'
    Undefined global functions or variables:
     choose.dir coef data h5dump lines par pchisq plot read.fwf read.table
     reshape showData start write.table
    Consider adding
     importFrom("graphics", "lines", "par", "plot")
     importFrom("stats", "coef", "pchisq", "reshape", "start")
     importFrom("utils", "choose.dir", "data", "read.fwf", "read.table",
     "write.table")
    to your NAMESPACE file.
Flavors: r-devel-windows-ix86+x86_64, r-release-windows-ix86+x86_64

Version: 0.6-3
Check: dependencies in R code
Result: NOTE
    Invalid MIT-MAGIC-COOKIE-1 key'library' or 'require' calls in package code:
     ‘relimp’ ‘rhdf5’ ‘tcltk’
     Please use :: or requireNamespace() instead.
     See section 'Suggested packages' in the 'Writing R Extensions' manual.
Flavor: r-release-osx-x86_64-mavericks

Version: 0.6-3
Check: S3 generic/method consistency
Result: WARN
    Invalid MIT-MAGIC-COOKIE-1 key
    See section ‘Generic functions and methods’ in the ‘Writing R
    Extensions’ manual.
Flavor: r-release-osx-x86_64-mavericks

Version: 0.6-3
Check: replacement functions
Result: WARN
    Invalid MIT-MAGIC-COOKIE-1 key
    The argument of a replacement function which corresponds to the right
    hand side must be named ‘value’.
Flavor: r-release-osx-x86_64-mavericks

Version: 0.6-3
Check: foreign function calls
Result: NOTE
    Invalid MIT-MAGIC-COOKIE-1 key
    See chapter ‘System and foreign language interfaces’ in the ‘Writing R
    Extensions’ manual.
Flavor: r-release-osx-x86_64-mavericks

Version: 0.6-3
Check: R code for possible problems
Result: NOTE
    Invalid MIT-MAGIC-COOKIE-1 keycoef.mplusObject: no visible global function definition for ‘coef’
    compareModels: no visible global function definition for ‘pchisq’
    extract.mplus.model: no visible global function definition for ‘coef’
    extractAux: no visible global function definition for ‘reshape’
    extractParameters_1chunk: no visible binding for global variable
     ‘start’
    l_getSavedata_readRawFile: no visible global function definition for
     ‘read.table’
    l_getSavedata_readRawFile: no visible global function definition for
     ‘read.fwf’
    mplus.traceplot: no visible global function definition for ‘par’
    mplus.traceplot: no visible global function definition for ‘plot’
    mplus.traceplot: no visible global function definition for ‘lines’
    mplusModeler: no visible binding for global variable ‘data’
    prepareMplusData: no visible global function definition for
     ‘write.table’
    readModels: no visible global function definition for ‘h5dump’
    showSummaryTable: no visible global function definition for ‘showData’
    extract,mplus.model: no visible global function definition for ‘coef’
    Undefined global functions or variables:
     coef data h5dump lines par pchisq plot read.fwf read.table reshape
     showData start write.table
    Consider adding
     importFrom("graphics", "lines", "par", "plot")
     importFrom("stats", "coef", "pchisq", "reshape", "start")
     importFrom("utils", "data", "read.fwf", "read.table", "write.table")
    to your NAMESPACE file.
Flavor: r-release-osx-x86_64-mavericks

Version: 0.6-3
Check: for missing documentation entries
Result: WARN
    Invalid MIT-MAGIC-COOKIE-1 key
    All user-level objects in a package should have documentation entries.
    See chapter ‘Writing R documentation files’ in the ‘Writing R
    Extensions’ manual.
Flavor: r-release-osx-x86_64-mavericks

Version: 0.6-3
Check: for code/documentation mismatches
Result: WARN
    Invalid MIT-MAGIC-COOKIE-1 key
    Invalid MIT-MAGIC-COOKIE-1 key
    Invalid MIT-MAGIC-COOKIE-1 key
Flavor: r-release-osx-x86_64-mavericks

Version: 0.6-3
Check: Rd \usage sections
Result: NOTE
    Invalid MIT-MAGIC-COOKIE-1 key
    The \usage entries for S3 methods should use the \method markup and not
    their full name.
    See chapter ‘Writing R documentation files’ in the ‘Writing R
    Extensions’ manual.
Flavor: r-release-osx-x86_64-mavericks

Version: 0.6-3
Check: R code for possible problems
Result: NOTE
    readModels: no visible global function definition for 'h5dump'
    showSummaryTable: no visible global function definition for 'showData'
Flavor: r-oldrel-windows-ix86+x86_64