CRAN Package Check Results for Package MplusAutomation

Last updated on 2017-03-27 03:49:52.

Flavor Version Tinstall Tcheck Ttotal Status Flags
r-devel-linux-x86_64-debian-clang 0.6-4 2.16 39.67 41.83 OK
r-devel-linux-x86_64-debian-gcc 0.6-4 2.05 40.18 42.23 OK
r-devel-linux-x86_64-fedora-clang 0.6-4 72.48 OK --no-stop-on-test-error
r-devel-linux-x86_64-fedora-gcc 0.6-4 73.41 OK --no-stop-on-test-error
r-devel-macos-x86_64-clang 0.6-4 60.70 OK --no-stop-on-test-error
r-patched-linux-x86_64 0.6-4 2.10 39.42 41.53 OK
r-patched-solaris-sparc 0.6-4 429.10 OK
r-patched-solaris-x86 0.6-4 88.20 OK
r-release-linux-x86_64 0.6-4 2.02 36.78 38.80 OK
r-release-osx-x86_64-mavericks 0.6-4 NOTE
r-release-windows-ix86+x86_64 0.6-4 11.00 75.00 86.00 NOTE
r-oldrel-windows-ix86+x86_64 0.6-4 8.00 69.00 77.00 OK

Check Details

Version: 0.6-4
Check: dependencies in R code
Result: NOTE
    Invalid MIT-MAGIC-COOKIE-1 key
Flavor: r-release-osx-x86_64-mavericks

Version: 0.6-4
Check: R code for possible problems
Result: NOTE
    runModels_Interactive : onBrowse: no visible global function definition
     for 'choose.dir'
    Undefined global functions or variables:
     choose.dir
    Consider adding
     importFrom("utils", "choose.dir")
    to your NAMESPACE file.
Flavor: r-release-windows-ix86+x86_64