CRAN Package Check Results for Package MplusAutomation

Last updated on 2018-06-22 16:49:30 CEST.

Flavor Version Tinstall Tcheck Ttotal Status Flags
r-devel-linux-x86_64-debian-clang 0.7-2 30.60 80.92 111.52 OK
r-devel-linux-x86_64-debian-gcc 0.7-2 21.73 63.03 84.76 OK
r-devel-linux-x86_64-fedora-clang 0.7-2 134.89 OK
r-devel-linux-x86_64-fedora-gcc 0.7-2 130.00 OK
r-devel-windows-ix86+x86_64 0.7-2 34.00 92.00 126.00 OK
r-patched-linux-x86_64 0.7-2 26.57 77.94 104.51 OK
r-patched-solaris-x86 0.7-2 161.30 NOTE
r-release-linux-x86_64 0.7-2 26.83 76.70 103.53 OK
r-release-windows-ix86+x86_64 0.7-2 39.00 102.00 141.00 OK
r-release-osx-x86_64 0.7-2 OK
r-oldrel-windows-ix86+x86_64 0.7-2 11.00 94.00 105.00 OK
r-oldrel-osx-x86_64 0.7-2 OK

Check Details

Version: 0.7-2
Check: package dependencies
Result: NOTE
    Package suggested but not available for checking: ‘rhdf5’
Flavor: r-patched-solaris-x86