CRAN Package Check Results for Package MplusAutomation

Last updated on 2016-06-29 19:48:30.

Flavor Version Tinstall Tcheck Ttotal Status Flags
r-devel-linux-x86_64-debian-gcc 0.6-4 1.92 37.90 39.81 OK
r-devel-linux-x86_64-fedora-clang 0.6-4 68.95 OK
r-devel-linux-x86_64-fedora-gcc 0.6-4 71.33 OK
r-devel-osx-x86_64-clang 0.6-4 57.99 OK
r-devel-windows-ix86+x86_64 0.6-4 7.00 65.00 72.00 NOTE
r-patched-linux-x86_64 0.6-4 2.04 37.71 39.75 OK
r-patched-solaris-sparc 0.6-4 414.90 OK
r-patched-solaris-x86 0.6-4 87.90 OK
r-release-linux-x86_64 0.6-4 1.88 36.35 38.23 OK
r-release-osx-x86_64-mavericks 0.6-4 NOTE
r-release-windows-ix86+x86_64 0.6-4 9.00 92.00 101.00 NOTE
r-oldrel-windows-ix86+x86_64 0.6-4 11.00 59.00 70.00 OK

Check Details

Version: 0.6-4
Check: R code for possible problems
Result: NOTE
    runModels_Interactive : onBrowse: no visible global function definition
     for 'choose.dir'
    Undefined global functions or variables:
     choose.dir
    Consider adding
     importFrom("utils", "choose.dir")
    to your NAMESPACE file.
Flavors: r-devel-windows-ix86+x86_64, r-release-windows-ix86+x86_64

Version: 0.6-4
Check: dependencies in R code
Result: NOTE
    Invalid MIT-MAGIC-COOKIE-1 key
Flavor: r-release-osx-x86_64-mavericks