CRAN Package Check Results for Package MplusAutomation

Last updated on 2017-10-18 08:48:20.

Flavor Version Tinstall Tcheck Ttotal Status Flags
r-devel-linux-x86_64-debian-clang 0.7 3.18 45.52 48.70 OK
r-devel-linux-x86_64-debian-gcc 0.7 3.96 48.84 52.81 OK
r-devel-linux-x86_64-fedora-clang 0.7 87.78 OK
r-devel-linux-x86_64-fedora-gcc 0.7 87.74 OK
r-devel-windows-ix86+x86_64 0.7 9.00 81.00 90.00 OK
r-patched-linux-x86_64 0.7 3.35 45.07 48.43 OK
r-patched-solaris-x86 0.7 116.60 OK
r-release-linux-x86_64 0.7 3.44 44.23 47.67 OK
r-release-windows-ix86+x86_64 0.7 13.00 104.00 117.00 OK
r-release-osx-x86_64 0.7 NOTE
r-oldrel-windows-ix86+x86_64 0.7 12.00 83.00 95.00 OK
r-oldrel-osx-x86_64 0.7 OK

Check Details

Version: 0.7
Check: package dependencies
Result: NOTE
    Package suggested but not available for checking: ‘rhdf5’
Flavor: r-release-osx-x86_64