CRAN Package Check Results for Package MplusAutomation

Last updated on 2014-11-21 16:46:35.

Flavor Version Tinstall Tcheck Ttotal Status Flags
r-devel-linux-x86_64-debian-clang 0.6-3 2.50 40.13 42.63 NOTE
r-devel-linux-x86_64-debian-gcc 0.6-3 2.41 38.89 41.30 NOTE
r-devel-linux-x86_64-fedora-clang 0.6-3 86.76 NOTE
r-devel-linux-x86_64-fedora-gcc 0.6-3 78.46 NOTE
r-devel-osx-x86_64-clang 0.6-3 88.68 NOTE
r-devel-windows-ix86+x86_64 0.6-3 9.00 55.00 64.00 NOTE
r-patched-linux-x86_64 0.6-3 2.72 40.30 43.02 NOTE
r-patched-solaris-sparc 0.6-3 472.20 NOTE
r-patched-solaris-x86 0.6-3 114.10 NOTE
r-release-linux-ix86 0.6-3 3.07 49.12 52.19 NOTE
r-release-linux-x86_64 0.6-3 2.50 40.63 43.13 NOTE
r-release-osx-x86_64-mavericks 0.6-3 NOTE
r-release-osx-x86_64-snowleopard 0.6-3 NOTE
r-release-windows-ix86+x86_64 0.6-3 9.00 64.00 73.00 NOTE
r-oldrel-windows-ix86+x86_64 0.6-3 6.00 59.00 65.00 OK

Check Details

Version: 0.6-3
Check: R code for possible problems
Result: NOTE
    readModels: no visible global function definition for ‘h5dump’
    showSummaryTable: no visible global function definition for ‘showData’
Flavors: r-devel-linux-x86_64-debian-clang, r-devel-linux-x86_64-debian-gcc, r-devel-linux-x86_64-fedora-clang, r-devel-linux-x86_64-fedora-gcc, r-devel-osx-x86_64-clang, r-devel-windows-ix86+x86_64, r-patched-linux-x86_64, r-patched-solaris-sparc, r-patched-solaris-x86, r-release-linux-ix86, r-release-linux-x86_64, r-release-windows-ix86+x86_64

Version: 0.6-3
Check: package dependencies
Result: NOTE
    Package suggested but not available for checking: ‘rhdf5’
Flavors: r-patched-solaris-sparc, r-patched-solaris-x86, r-release-osx-x86_64-mavericks, r-release-osx-x86_64-snowleopard

Version: 0.6-3
Check: R code for possible problems
Result: NOTE
    readModels: no visible global function definition for ‘h5dump’
Flavors: r-release-osx-x86_64-mavericks, r-release-osx-x86_64-snowleopard