CRAN Package Check Results for Package MplusAutomation

Last updated on 2018-12-12 10:51:12 CET.

Flavor Version Tinstall Tcheck Ttotal Status Flags
r-devel-linux-x86_64-debian-clang 0.7-3 26.63 91.79 118.42 NOTE
r-devel-linux-x86_64-debian-gcc 0.7-3 24.90 71.14 96.04 OK
r-devel-linux-x86_64-fedora-clang 0.7-3 140.96 OK
r-devel-linux-x86_64-fedora-gcc 0.7-3 140.04 OK
r-devel-windows-ix86+x86_64 0.7-3 52.00 138.00 190.00 OK
r-patched-linux-x86_64 0.7-3 30.12 88.99 119.11 OK
r-patched-solaris-x86 0.7-3 189.20 OK
r-release-linux-x86_64 0.7-3 30.73 88.11 118.84 OK
r-release-windows-ix86+x86_64 0.7-3 34.00 95.00 129.00 OK
r-release-osx-x86_64 0.7-3 OK
r-oldrel-windows-ix86+x86_64 0.7-3 10.00 117.00 127.00 OK
r-oldrel-osx-x86_64 0.7-3 OK

Check Details

Version: 0.7-3
Check: package dependencies
Result: NOTE
    Package suggested but not available for checking: ‘rhdf5’
Flavor: r-devel-linux-x86_64-debian-clang