CRAN Package Check Results for Package MplusAutomation

Last updated on 2016-08-25 04:49:43.

Flavor Version Tinstall Tcheck Ttotal Status Flags
r-devel-linux-x86_64-debian-clang 0.6-4 1.90 38.20 40.10 OK
r-devel-linux-x86_64-debian-gcc 0.6-4 1.92 38.63 40.55 OK
r-devel-linux-x86_64-fedora-clang 0.6-4 70.04 OK
r-devel-linux-x86_64-fedora-gcc 0.6-4 66.52 OK
r-devel-osx-x86_64-clang 0.6-4 58.75 OK
r-devel-windows-ix86+x86_64 0.6-4 8.00 87.00 95.00 NOTE
r-patched-linux-x86_64 0.6-4 1.82 37.94 39.76 OK
r-patched-solaris-sparc 0.6-4 414.90 OK
r-patched-solaris-x86 0.6-4 82.30 OK
r-release-linux-x86_64 0.6-4 1.86 36.71 38.56 OK
r-release-osx-x86_64-mavericks 0.6-4 NOTE
r-release-windows-ix86+x86_64 0.6-4 7.00 84.00 91.00 NOTE
r-oldrel-windows-ix86+x86_64 0.6-4 7.00 64.00 71.00 OK

Check Details

Version: 0.6-4
Check: R code for possible problems
Result: NOTE
    runModels_Interactive : onBrowse: no visible global function definition
     for 'choose.dir'
    Undefined global functions or variables:
     choose.dir
    Consider adding
     importFrom("utils", "choose.dir")
    to your NAMESPACE file.
Flavors: r-devel-windows-ix86+x86_64, r-release-windows-ix86+x86_64

Version: 0.6-4
Check: dependencies in R code
Result: NOTE
    Invalid MIT-MAGIC-COOKIE-1 key
Flavor: r-release-osx-x86_64-mavericks