CRAN Package Check Results for Package MplusAutomation

Last updated on 2015-05-03 19:47:14.

Flavor Version Tinstall Tcheck Ttotal Status Flags
r-devel-linux-x86_64-debian-clang 0.6-3 2.51 34.74 37.25 NOTE
r-devel-linux-x86_64-debian-gcc 0.6-3 2.02 36.03 38.05 NOTE
r-devel-linux-x86_64-fedora-clang 0.6-3 71.61 NOTE
r-devel-linux-x86_64-fedora-gcc 0.6-3 70.57 NOTE
r-devel-osx-x86_64-clang 0.6-3 72.41 NOTE
r-devel-windows-ix86+x86_64 0.6-3 8.00 50.00 58.00 NOTE
r-patched-linux-x86_64 0.6-3 2.07 34.31 36.38 NOTE
r-patched-solaris-sparc 0.6-3 443.70 NOTE
r-patched-solaris-x86 0.6-3 100.70 NOTE
r-release-linux-x86_64 0.6-3 2.34 35.05 37.39 NOTE
r-release-osx-x86_64-mavericks 0.6-3 NOTE
r-release-osx-x86_64-snowleopard 0.6-3 NOTE
r-release-windows-ix86+x86_64 0.6-3 7.00 52.00 59.00 NOTE
r-oldrel-windows-ix86+x86_64 0.6-3 7.00 55.00 62.00 NOTE

Check Details

Version: 0.6-3
Check: dependencies in R code
Result: NOTE
    'library' or 'require' calls in package code:
     ‘relimp’ ‘rhdf5’ ‘tcltk’
     Please use :: or requireNamespace() instead.
     See section 'Suggested packages' in the 'Writing R Extensions' manual.
Flavors: r-devel-linux-x86_64-debian-clang, r-devel-linux-x86_64-debian-gcc, r-devel-linux-x86_64-fedora-clang, r-devel-linux-x86_64-fedora-gcc, r-devel-osx-x86_64-clang, r-devel-windows-ix86+x86_64, r-patched-linux-x86_64, r-patched-solaris-sparc, r-patched-solaris-x86, r-release-linux-x86_64, r-release-osx-x86_64-mavericks, r-release-osx-x86_64-snowleopard, r-release-windows-ix86+x86_64, r-oldrel-windows-ix86+x86_64

Version: 0.6-3
Check: R code for possible problems
Result: NOTE
    readModels: no visible global function definition for ‘h5dump’
    showSummaryTable: no visible global function definition for ‘showData’
Flavors: r-devel-linux-x86_64-debian-clang, r-devel-linux-x86_64-debian-gcc, r-devel-linux-x86_64-fedora-clang, r-devel-linux-x86_64-fedora-gcc, r-devel-osx-x86_64-clang, r-devel-windows-ix86+x86_64, r-patched-linux-x86_64, r-patched-solaris-sparc, r-patched-solaris-x86, r-release-linux-x86_64, r-release-osx-x86_64-mavericks, r-release-osx-x86_64-snowleopard, r-release-windows-ix86+x86_64, r-oldrel-windows-ix86+x86_64

Version: 0.6-3
Check: package dependencies
Result: NOTE
    Package suggested but not available for checking: ‘rhdf5’
Flavors: r-patched-solaris-sparc, r-patched-solaris-x86, r-release-osx-x86_64-mavericks, r-release-osx-x86_64-snowleopard