CRAN Package Check Results for Package MplusAutomation

Last updated on 2014-12-19 12:48:21.

Flavor Version Tinstall Tcheck Ttotal Status Flags
r-devel-linux-x86_64-debian-clang 0.6-3 2.64 39.43 42.08 NOTE
r-devel-linux-x86_64-debian-gcc 0.6-3 2.36 38.22 40.58 NOTE
r-devel-linux-x86_64-fedora-clang 0.6-3 84.47 NOTE
r-devel-linux-x86_64-fedora-gcc 0.6-3 77.02 NOTE
r-devel-osx-x86_64-clang 0.6-3 82.96 NOTE
r-devel-windows-ix86+x86_64 0.6-3 9.00 56.00 65.00 NOTE
r-patched-linux-x86_64 0.6-3 2.48 39.72 42.19 NOTE
r-patched-solaris-sparc 0.6-3 472.20 NOTE
r-patched-solaris-x86 0.6-3 115.50 NOTE
r-release-linux-ix86 0.6-3 3.08 48.88 51.96 NOTE
r-release-linux-x86_64 0.6-3 2.45 39.97 42.42 NOTE
r-release-osx-x86_64-mavericks 0.6-3 NOTE
r-release-osx-x86_64-snowleopard 0.6-3 NOTE
r-release-windows-ix86+x86_64 0.6-3 9.00 60.00 69.00 NOTE
r-oldrel-windows-ix86+x86_64 0.6-3 9.00 65.00 74.00 OK

Check Details

Version: 0.6-3
Check: R code for possible problems
Result: NOTE
    readModels: no visible global function definition for ‘h5dump’
    showSummaryTable: no visible global function definition for ‘showData’
Flavors: r-devel-linux-x86_64-debian-clang, r-devel-linux-x86_64-debian-gcc, r-devel-linux-x86_64-fedora-clang, r-devel-linux-x86_64-fedora-gcc, r-devel-osx-x86_64-clang, r-devel-windows-ix86+x86_64, r-patched-linux-x86_64, r-patched-solaris-sparc, r-patched-solaris-x86, r-release-linux-ix86, r-release-linux-x86_64, r-release-windows-ix86+x86_64

Version: 0.6-3
Check: package dependencies
Result: NOTE
    Package suggested but not available for checking: ‘rhdf5’
Flavors: r-patched-solaris-sparc, r-patched-solaris-x86, r-release-osx-x86_64-mavericks, r-release-osx-x86_64-snowleopard

Version: 0.6-3
Check: R code for possible problems
Result: NOTE
    readModels: no visible global function definition for ‘h5dump’
Flavors: r-release-osx-x86_64-mavericks, r-release-osx-x86_64-snowleopard