CRAN Package Check Results for Package MplusAutomation

Last updated on 2016-12-09 07:48:38.

Flavor Version Tinstall Tcheck Ttotal Status Flags
r-devel-linux-x86_64-debian-clang 0.6-4 2.10 40.60 42.69 OK
r-devel-linux-x86_64-debian-gcc 0.6-4 2.13 41.25 43.38 OK
r-devel-linux-x86_64-fedora-clang 0.6-4 81.84 OK --no-stop-on-test-error
r-devel-linux-x86_64-fedora-gcc 0.6-4 75.34 OK --no-stop-on-test-error
r-devel-macos-x86_64-clang 0.6-4 62.11 OK
r-devel-windows-ix86+x86_64 0.6-4 7.00 73.00 80.00 NOTE
r-patched-linux-x86_64 0.6-4 1.86 39.50 41.36 OK
r-patched-solaris-sparc 0.6-4 414.90 OK
r-patched-solaris-x86 0.6-4 81.90 OK
r-release-linux-x86_64 0.6-4 2.10 38.78 40.88 OK
r-release-osx-x86_64-mavericks 0.6-4 NOTE
r-release-windows-ix86+x86_64 0.6-4 7.00 73.00 80.00 NOTE
r-oldrel-windows-ix86+x86_64 0.6-4 13.00 92.00 105.00 OK

Check Details

Version: 0.6-4
Check: R code for possible problems
Result: NOTE
    runModels_Interactive : onBrowse: no visible global function definition
     for 'choose.dir'
    Undefined global functions or variables:
     choose.dir
    Consider adding
     importFrom("utils", "choose.dir")
    to your NAMESPACE file.
Flavors: r-devel-windows-ix86+x86_64, r-release-windows-ix86+x86_64

Version: 0.6-4
Check: dependencies in R code
Result: NOTE
    Invalid MIT-MAGIC-COOKIE-1 key
Flavor: r-release-osx-x86_64-mavericks