CRAN Package Check Results for Package MplusAutomation

Last updated on 2017-12-15 08:48:50 CET.

Flavor Version Tinstall Tcheck Ttotal Status Flags
r-devel-linux-x86_64-debian-clang 0.7 4.25 61.90 66.15 OK
r-devel-linux-x86_64-debian-gcc 0.7 3.32 54.17 57.49 OK
r-devel-linux-x86_64-fedora-clang 0.7 81.49 OK
r-devel-linux-x86_64-fedora-gcc 0.7 80.56 OK
r-devel-windows-ix86+x86_64 0.7 11.00 75.00 86.00 OK
r-patched-linux-x86_64 0.7 4.00 68.97 72.97 OK
r-patched-solaris-x86 0.7 114.10 OK
r-release-linux-x86_64 0.7 3.93 69.34 73.27 OK
r-release-windows-ix86+x86_64 0.7 8.00 83.00 91.00 OK
r-release-osx-x86_64 0.7 NOTE
r-oldrel-windows-ix86+x86_64 0.7 11.00 100.00 111.00 OK
r-oldrel-osx-x86_64 0.7 OK

Check Details

Version: 0.7
Check: package dependencies
Result: NOTE
    Package suggested but not available for checking: ‘rhdf5’
Flavor: r-release-osx-x86_64