CRAN Package Check Results for Package MplusAutomation

Last updated on 2014-04-24 03:47:48.

Flavor Version Tinstall Tcheck Ttotal Status Flags
r-devel-linux-x86_64-debian-clang 0.6-2 2.42 38.88 41.31 NOTE
r-devel-linux-x86_64-debian-gcc 0.6-2 2.55 37.22 39.77 NOTE
r-devel-linux-x86_64-fedora-clang 0.6-2 79.12 NOTE
r-devel-linux-x86_64-fedora-gcc 0.6-2 76.57 NOTE
r-devel-osx-x86_64-clang 0.6-2 78.45 NOTE
r-devel-osx-x86_64-gcc 0.6-2 NOTE
r-devel-windows-ix86+x86_64 0.6-2 7.00 50.00 57.00 NOTE
r-patched-linux-x86_64 0.6-2 2.36 37.31 39.68 NOTE
r-patched-solaris-sparc 0.6-2 438.80 NOTE
r-patched-solaris-x86 0.6-2 111.70 NOTE
r-release-linux-ix86 0.6-2 5.00 65.00 70.00 NOTE
r-release-linux-x86_64 0.6-2 2.40 37.78 40.18 NOTE
r-release-osx-x86_64-mavericks 0.6-2 WARN
r-release-osx-x86_64-snowleopard 0.6-2 NOTE
r-release-windows-ix86+x86_64 0.6-2 8.00 56.00 64.00 NOTE
r-oldrel-windows-ix86+x86_64 0.6-2 8.00 54.00 62.00 NOTE

Check Details

Version: 0.6-2
Check: R code for possible problems
Result: NOTE
    extractAux: no visible binding for global variable ‘element’
Flavors: r-devel-linux-x86_64-debian-clang, r-devel-linux-x86_64-debian-gcc, r-devel-linux-x86_64-fedora-clang, r-devel-linux-x86_64-fedora-gcc, r-devel-osx-x86_64-clang, r-devel-windows-ix86+x86_64, r-patched-linux-x86_64, r-release-linux-ix86, r-release-linux-x86_64, r-release-windows-ix86+x86_64, r-oldrel-windows-ix86+x86_64

Version: 0.6-2
Check: package dependencies
Result: NOTE
    Package suggested but not available for checking: ‘rhdf5’
Flavors: r-devel-osx-x86_64-gcc, r-patched-solaris-sparc, r-patched-solaris-x86, r-release-osx-x86_64-mavericks, r-release-osx-x86_64-snowleopard

Version: 0.6-2
Check: R code for possible problems
Result: NOTE
    extractAux: no visible binding for global variable ‘element’
    readModels: no visible global function definition for ‘h5dump’
Flavors: r-devel-osx-x86_64-gcc, r-patched-solaris-sparc, r-patched-solaris-x86, r-release-osx-x86_64-mavericks, r-release-osx-x86_64-snowleopard

Version: 0.6-2
Check: PDF version of manual
Result: WARNING
    LaTeX errors when creating PDF version.
    This typically indicates Rd problems.
    LaTeX errors found:
    ! LaTeX Error: File `upquote.sty' not found.
    
    Type X to quit or <RETURN> to proceed,
    or enter new name. (Default extension: sty)
    
    16de075/Rd2.tex:8: ==> Fatal error occurred, no output PDF file produced!
Flavor: r-release-osx-x86_64-mavericks