CRAN Package Check Results for Package MplusAutomation

Last updated on 2016-07-28 00:48:02.

Flavor Version Tinstall Tcheck Ttotal Status Flags
r-devel-linux-x86_64-debian-clang 0.6-4 2.20 41.61 43.81 OK
r-devel-linux-x86_64-debian-gcc 0.6-4 2.27 43.21 45.49 OK
r-devel-linux-x86_64-fedora-clang 0.6-4 69.59 OK
r-devel-linux-x86_64-fedora-gcc 0.6-4 66.30 OK
r-devel-osx-x86_64-clang 0.6-4 58.47 OK
r-devel-windows-ix86+x86_64 0.6-4 9.00 94.00 103.00 NOTE
r-patched-linux-x86_64 0.6-4 2.36 43.23 45.59 OK
r-patched-solaris-sparc 0.6-4 414.90 OK
r-patched-solaris-x86 0.6-4 81.60 OK
r-release-linux-x86_64 0.6-4 2.14 43.53 45.67 OK
r-release-osx-x86_64-mavericks 0.6-4 NOTE
r-release-windows-ix86+x86_64 0.6-4 9.00 94.00 103.00 NOTE
r-oldrel-windows-ix86+x86_64 0.6-4 10.00 89.00 99.00 OK

Check Details

Version: 0.6-4
Check: R code for possible problems
Result: NOTE
    runModels_Interactive : onBrowse: no visible global function definition
     for 'choose.dir'
    Undefined global functions or variables:
     choose.dir
    Consider adding
     importFrom("utils", "choose.dir")
    to your NAMESPACE file.
Flavors: r-devel-windows-ix86+x86_64, r-release-windows-ix86+x86_64

Version: 0.6-4
Check: dependencies in R code
Result: NOTE
    Invalid MIT-MAGIC-COOKIE-1 key
Flavor: r-release-osx-x86_64-mavericks