CRAN Package Check Results for Package MplusAutomation

Last updated on 2017-08-18 17:47:51.

Flavor Version Tinstall Tcheck Ttotal Status Flags
r-devel-linux-x86_64-debian-clang 0.7 2.88 44.83 47.71 OK
r-devel-linux-x86_64-debian-gcc 0.7 3.06 43.74 46.80 OK
r-devel-linux-x86_64-fedora-clang 0.7 84.98 OK
r-devel-linux-x86_64-fedora-gcc 0.7 92.00 OK
r-devel-windows-ix86+x86_64 0.7 8.00 75.00 83.00 OK
r-patched-linux-x86_64 0.7 3.51 44.98 48.49 OK
r-patched-solaris-x86 0.7 113.40 OK
r-release-linux-x86_64 0.7 3.30 45.23 48.53 OK
r-release-windows-ix86+x86_64 0.7 12.00 78.00 90.00 OK
r-release-osx-x86_64 0.7 NOTE
r-oldrel-windows-ix86+x86_64 0.7 7.00 104.00 111.00 OK
r-oldrel-osx-x86_64 0.7 OK

Check Details

Version: 0.7
Check: package dependencies
Result: NOTE
    Package suggested but not available for checking: ‘rhdf5’
Flavor: r-release-osx-x86_64