CRAN Package Check Results for Package MplusAutomation

Last updated on 2015-03-06 11:48:33.

Flavor Version Tinstall Tcheck Ttotal Status Flags
r-devel-linux-x86_64-debian-clang 0.6-3 2.20 35.03 37.22 NOTE
r-devel-linux-x86_64-debian-gcc 0.6-3 2.32 33.80 36.12 NOTE
r-devel-linux-x86_64-fedora-clang 0.6-3 69.46 NOTE
r-devel-linux-x86_64-fedora-gcc 0.6-3 66.49 NOTE
r-devel-osx-x86_64-clang 0.6-3 74.60 NOTE
r-devel-windows-ix86+x86_64 0.6-3 8.00 49.00 57.00 NOTE
r-patched-linux-x86_64 0.6-3 2.44 41.04 43.47 NOTE
r-patched-solaris-sparc 0.6-3 520.50 NOTE
r-patched-solaris-x86 0.6-3 117.20 NOTE
r-release-linux-ix86 0.6-3 3.04 53.58 56.62 NOTE
r-release-linux-x86_64 0.6-3 2.47 41.09 43.56 NOTE
r-release-osx-x86_64-mavericks 0.6-3 NOTE
r-release-osx-x86_64-snowleopard 0.6-3 NOTE
r-release-windows-ix86+x86_64 0.6-3 9.00 61.00 70.00 NOTE
r-oldrel-windows-ix86+x86_64 0.6-3 9.00 59.00 68.00 OK

Check Details

Version: 0.6-3
Check: dependencies in R code
Result: NOTE
    'library' or 'require' calls in package code:
     ‘relimp’ ‘rhdf5’ ‘tcltk’
     Please use :: or requireNamespace() instead.
     See section 'Suggested packages' in the 'Writing R Extensions' manual.
Flavors: r-devel-linux-x86_64-debian-clang, r-devel-linux-x86_64-debian-gcc, r-devel-linux-x86_64-fedora-clang, r-devel-linux-x86_64-fedora-gcc, r-devel-osx-x86_64-clang, r-devel-windows-ix86+x86_64, r-patched-linux-x86_64, r-patched-solaris-sparc, r-patched-solaris-x86

Version: 0.6-3
Check: R code for possible problems
Result: NOTE
    readModels: no visible global function definition for ‘h5dump’
    showSummaryTable: no visible global function definition for ‘showData’
Flavors: r-devel-linux-x86_64-debian-clang, r-devel-linux-x86_64-debian-gcc, r-devel-linux-x86_64-fedora-clang, r-devel-linux-x86_64-fedora-gcc, r-devel-osx-x86_64-clang, r-devel-windows-ix86+x86_64, r-patched-linux-x86_64, r-patched-solaris-sparc, r-patched-solaris-x86, r-release-linux-ix86, r-release-linux-x86_64, r-release-osx-x86_64-mavericks, r-release-windows-ix86+x86_64

Version: 0.6-3
Check: package dependencies
Result: NOTE
    Package suggested but not available for checking: ‘rhdf5’
Flavors: r-patched-solaris-sparc, r-patched-solaris-x86, r-release-osx-x86_64-mavericks, r-release-osx-x86_64-snowleopard

Version: 0.6-3
Check: R code for possible problems
Result: NOTE
    readModels: no visible global function definition for ‘h5dump’
Flavor: r-release-osx-x86_64-snowleopard