CRAN Package Check Results for Package MplusAutomation

Last updated on 2014-07-23 17:49:00.

Flavor Version Tinstall Tcheck Ttotal Status Flags
r-devel-linux-x86_64-debian-clang 0.6-2 2.67 35.47 38.14 NOTE
r-devel-linux-x86_64-debian-gcc 0.6-2 2.31 35.18 37.49 NOTE
r-devel-linux-x86_64-fedora-clang 0.6-2 79.43 NOTE
r-devel-linux-x86_64-fedora-gcc 0.6-2 76.67 NOTE
r-devel-osx-x86_64-clang 0.6-2 78.45 NOTE
r-devel-windows-ix86+x86_64 0.6-2 7.00 56.00 63.00 NOTE
r-patched-linux-x86_64 0.6-2 2.26 34.86 37.12 NOTE
r-patched-solaris-sparc 0.6-2 438.80 NOTE
r-patched-solaris-x86 0.6-2 108.10 NOTE
r-release-linux-ix86 0.6-2 2.94 48.17 51.10 NOTE
r-release-linux-x86_64 0.6-2 2.31 35.77 38.08 NOTE
r-release-osx-x86_64-mavericks 0.6-2 NOTE
r-release-osx-x86_64-snowleopard 0.6-2 NOTE
r-release-windows-ix86+x86_64 0.6-2 7.00 57.00 64.00 NOTE
r-oldrel-windows-ix86+x86_64 0.6-2 8.00 56.00 64.00 NOTE

Check Details

Version: 0.6-2
Check: R code for possible problems
Result: NOTE
    extractAux: no visible binding for global variable ‘element’
Flavors: r-devel-linux-x86_64-debian-clang, r-devel-linux-x86_64-debian-gcc, r-devel-linux-x86_64-fedora-clang, r-devel-linux-x86_64-fedora-gcc, r-devel-osx-x86_64-clang, r-devel-windows-ix86+x86_64, r-patched-linux-x86_64, r-release-linux-ix86, r-release-linux-x86_64, r-release-windows-ix86+x86_64, r-oldrel-windows-ix86+x86_64

Version: 0.6-2
Check: package dependencies
Result: NOTE
    Package suggested but not available for checking: ‘rhdf5’
Flavors: r-patched-solaris-sparc, r-patched-solaris-x86, r-release-osx-x86_64-mavericks, r-release-osx-x86_64-snowleopard

Version: 0.6-2
Check: R code for possible problems
Result: NOTE
    extractAux: no visible binding for global variable ‘element’
    readModels: no visible global function definition for ‘h5dump’
Flavors: r-patched-solaris-sparc, r-patched-solaris-x86, r-release-osx-x86_64-mavericks, r-release-osx-x86_64-snowleopard