CRAN Package Check Results for Package MplusAutomation

Last updated on 2025-01-18 04:48:31 CET.

Flavor Version Tinstall Tcheck Ttotal Status Flags
r-devel-linux-x86_64-debian-clang 1.1.1 41.69 124.04 165.73 NOTE
r-devel-linux-x86_64-debian-gcc 1.1.1 26.71 82.27 108.98 NOTE
r-devel-linux-x86_64-fedora-clang 1.1.1 283.40 OK
r-devel-linux-x86_64-fedora-gcc 1.1.1 286.89 OK
r-devel-windows-x86_64 1.1.1 38.00 147.00 185.00 NOTE
r-patched-linux-x86_64 1.1.1 43.21 112.99 156.20 OK
r-release-linux-x86_64 1.1.1 36.60 114.44 151.04 OK
r-release-macos-arm64 1.1.1 77.00 OK
r-release-macos-x86_64 1.1.1 118.00 OK
r-release-windows-x86_64 1.1.1 38.00 149.00 187.00 OK
r-oldrel-macos-arm64 1.1.1 78.00 NOTE
r-oldrel-macos-x86_64 1.1.1 170.00 NOTE
r-oldrel-windows-x86_64 1.1.1 49.00 181.00 230.00 OK

Check Details

Version: 1.1.1
Check: Rd cross-references
Result: NOTE Found the following Rd file(s) with Rd \link{} targets missing package anchors: mplus.traceplot.Rd: plot.mcmc Please provide package anchors for all Rd \link{} targets not in the package itself and the base packages. Flavors: r-devel-linux-x86_64-debian-clang, r-devel-linux-x86_64-debian-gcc, r-devel-windows-x86_64

Version: 1.1.1
Check: package dependencies
Result: NOTE Package suggested but not available for checking: ‘rhdf5’ Flavors: r-oldrel-macos-arm64, r-oldrel-macos-x86_64