CRAN Package Check Results for Package MplusAutomation

Last updated on 2014-09-22 23:49:19.

Flavor Version Tinstall Tcheck Ttotal Status Flags
r-devel-linux-x86_64-debian-clang 0.6-2 2.29 39.20 41.49 NOTE
r-devel-linux-x86_64-debian-gcc 0.6-2 2.21 36.17 38.38 NOTE
r-devel-linux-x86_64-fedora-clang 0.6-2 75.20 NOTE
r-devel-linux-x86_64-fedora-gcc 0.6-2 71.97 NOTE
r-devel-osx-x86_64-clang 0.6-2 74.96 NOTE
r-devel-windows-ix86+x86_64 0.6-2 6.00 55.00 61.00 NOTE
r-patched-linux-x86_64 0.6-2 2.26 38.48 40.74 NOTE
r-patched-solaris-sparc 0.6-2 456.10 NOTE
r-patched-solaris-x86 0.6-2 105.10 NOTE
r-release-linux-ix86 0.6-2 2.96 48.52 51.48 NOTE
r-release-linux-x86_64 0.6-2 2.39 39.65 42.04 NOTE
r-release-osx-x86_64-mavericks 0.6-2 NOTE
r-release-osx-x86_64-snowleopard 0.6-2 NOTE
r-release-windows-ix86+x86_64 0.6-2 8.00 57.00 65.00 NOTE
r-oldrel-windows-ix86+x86_64 0.6-2 9.00 56.00 65.00 NOTE

Check Details

Version: 0.6-2
Check: R code for possible problems
Result: NOTE
    compareModels : testEquality: no visible global function definition for
     ‘aaply’
    extractAux: no visible binding for global variable ‘element’
    friendlyGregexpr: no visible global function definition for ‘adply’
    readModels: no visible global function definition for ‘h5dump’
    showSummaryTable: no visible global function definition for ‘showData’
Flavors: r-devel-linux-x86_64-debian-clang, r-devel-linux-x86_64-debian-gcc, r-devel-linux-x86_64-fedora-clang, r-devel-linux-x86_64-fedora-gcc, r-devel-osx-x86_64-clang, r-devel-windows-ix86+x86_64

Version: 0.6-2
Check: R code for possible problems
Result: NOTE
    extractAux: no visible binding for global variable ‘element’
Flavors: r-patched-linux-x86_64, r-release-linux-ix86, r-release-linux-x86_64, r-release-windows-ix86+x86_64, r-oldrel-windows-ix86+x86_64

Version: 0.6-2
Check: package dependencies
Result: NOTE
    Package suggested but not available for checking: ‘rhdf5’
Flavors: r-patched-solaris-sparc, r-patched-solaris-x86, r-release-osx-x86_64-mavericks, r-release-osx-x86_64-snowleopard

Version: 0.6-2
Check: R code for possible problems
Result: NOTE
    extractAux: no visible binding for global variable ‘element’
    readModels: no visible global function definition for ‘h5dump’
Flavors: r-patched-solaris-sparc, r-patched-solaris-x86, r-release-osx-x86_64-mavericks, r-release-osx-x86_64-snowleopard