CRAN Package Check Results for Package MplusAutomation

Last updated on 2017-04-28 15:47:30.

Flavor Version Tinstall Tcheck Ttotal Status Flags
r-devel-linux-x86_64-debian-clang 0.6-4 2.19 41.11 43.31 OK
r-devel-linux-x86_64-debian-gcc 0.6-4 2.20 40.47 42.67 OK
r-devel-linux-x86_64-fedora-clang 0.6-4 73.86 OK --no-stop-on-test-error
r-devel-linux-x86_64-fedora-gcc 0.6-4 71.52 OK --no-stop-on-test-error
r-devel-windows-ix86+x86_64 0.6-4 7.00 99.00 106.00 NOTE
r-patched-linux-x86_64 0.6-4 2.02 40.67 42.69 OK
r-patched-solaris-sparc 0.6-4 438.30 NOTE
r-patched-solaris-x86 0.6-4 86.80 OK
r-release-linux-x86_64 0.6-4 2.12 41.93 44.05 OK
r-release-windows-ix86+x86_64 0.6-4 10.00 105.00 115.00 NOTE
r-release-osx-x86_64 0.6-4 NOTE
r-oldrel-windows-ix86+x86_64 0.6-4 10.00 96.00 106.00 NOTE
r-oldrel-osx-x86_64 0.6-4 NOTE

Check Details

Version: 0.6-4
Check: R code for possible problems
Result: NOTE
    runModels_Interactive : onBrowse: no visible global function definition
     for 'choose.dir'
    Undefined global functions or variables:
     choose.dir
    Consider adding
     importFrom("utils", "choose.dir")
    to your NAMESPACE file.
Flavors: r-devel-windows-ix86+x86_64, r-release-windows-ix86+x86_64, r-oldrel-windows-ix86+x86_64

Version: 0.6-4
Check: package dependencies
Result: NOTE
    Package suggested but not available for checking: ‘rhdf5’
Flavors: r-patched-solaris-sparc, r-release-osx-x86_64

Version: 0.6-4
Check: dependencies in R code
Result: NOTE
    Invalid MIT-MAGIC-COOKIE-1 key
Flavor: r-oldrel-osx-x86_64