CRAN Package Check Results for Package MplusAutomation

Last updated on 2018-09-25 14:48:39 CEST.

Flavor Version Tinstall Tcheck Ttotal Status Flags
r-devel-linux-x86_64-debian-clang 0.7-2 26.20 90.40 116.60 OK
r-devel-linux-x86_64-debian-gcc 0.7-2 23.40 69.32 92.72 OK
r-devel-linux-x86_64-fedora-clang 0.7-2 140.49 OK
r-devel-linux-x86_64-fedora-gcc 0.7-2 138.66 OK
r-devel-windows-ix86+x86_64 0.7-2 54.00 140.00 194.00 ERROR
r-patched-linux-x86_64 0.7-2 29.54 83.06 112.60 OK
r-patched-solaris-x86 0.7-2 171.80 NOTE
r-release-linux-x86_64 0.7-2 25.37 82.34 107.71 OK
r-release-windows-ix86+x86_64 0.7-2 54.00 131.00 185.00 OK
r-release-osx-x86_64 0.7-2 OK
r-oldrel-windows-ix86+x86_64 0.7-2 9.00 149.00 158.00 OK
r-oldrel-osx-x86_64 0.7-2 OK

Check Details

Version: 0.7-2
Check: examples
Result: ERROR
    Running examples in 'MplusAutomation-Ex.R' failed
    The error most likely occurred in:
    
    > ### Name: createSyntax
    > ### Title: Create the Mplus input text for an mplusObject
    > ### Aliases: createSyntax
    > ### Keywords: interface
    >
    > ### ** Examples
    >
    > # example mplusObject
    > example1 <- mplusObject(MODEL = "mpg ON wt;",
    + usevariables = c("mpg", "hp"), rdata = mtcars)
    >
    > # create the Mplus input text
    > cat(createSyntax(example1, "example1.dat"), fill=TRUE)
    All ok
    DATA:
    FILE = "example1.dat";
    
    VARIABLE:
    NAMES = mpg hp;
     MISSING=.;
    
    MODEL:
    mpg ON wt;
    >
    > # update the object, then create input text
    > cat(createSyntax(update(example1,
    + TITLE = ~ "This is my title;",
    + MODEL = ~ . + "\nmpg ON hp;",
    + usevariables = c("mpg", "hp", "wt")), "example1.dat"),
    + fill=TRUE)
    R variables selected automatically as any variable name that
    occurs in the MODEL, VARIABLE, or DEFINE section.
    If any issues, suggest explicitly specifying USEVARIABLES.
    A starting point may be:
    USEVARIABLES = mpg hp wt;
    All ok
    TITLE:
     This is my title;
    DATA:
    FILE = "example1.dat";
    
    VARIABLE:
    NAMES = mpg hp wt;
     MISSING=.;
    
    MODEL:
    mpg ON wt;
    
    mpg ON hp;
    > rm(example1)
    >
    >
    >
    > cleanEx()
    Error: connections left open:
     x (textConnection)
     x (textConnection)
    Execution halted
Flavor: r-devel-windows-ix86+x86_64

Version: 0.7-2
Check: package dependencies
Result: NOTE
    Package suggested but not available for checking: ‘rhdf5’
Flavor: r-patched-solaris-x86