CRAN Package Check Results for Package MplusAutomation

Last updated on 2017-06-25 16:52:08.

Flavor Version Tinstall Tcheck Ttotal Status Flags
r-devel-linux-x86_64-debian-clang 0.6-4 1.94 39.79 41.74 OK
r-devel-linux-x86_64-debian-gcc 0.6-4 2.00 38.86 40.87 OK
r-devel-linux-x86_64-fedora-clang 0.6-4 75.36 OK
r-devel-linux-x86_64-fedora-gcc 0.6-4 71.75 OK
r-devel-windows-ix86+x86_64 0.6-4 9.00 103.00 112.00 NOTE
r-patched-linux-x86_64 0.6-4 2.12 40.51 42.63 OK
r-patched-solaris-sparc 0.6-4 438.30 NOTE
r-patched-solaris-x86 0.6-4 87.70 OK
r-release-linux-x86_64 0.6-4 2.05 40.47 42.52 OK
r-release-windows-ix86+x86_64 0.6-4 12.00 103.00 115.00 NOTE
r-release-osx-x86_64 0.6-4 NOTE
r-oldrel-windows-ix86+x86_64 0.6-4 6.00 88.00 94.00 NOTE
r-oldrel-osx-x86_64 0.6-4 NOTE

Check Details

Version: 0.6-4
Check: R code for possible problems
Result: NOTE
    runModels_Interactive : onBrowse: no visible global function definition
     for 'choose.dir'
    Undefined global functions or variables:
     choose.dir
    Consider adding
     importFrom("utils", "choose.dir")
    to your NAMESPACE file.
Flavors: r-devel-windows-ix86+x86_64, r-release-windows-ix86+x86_64, r-oldrel-windows-ix86+x86_64

Version: 0.6-4
Check: package dependencies
Result: NOTE
    Package suggested but not available for checking: ‘rhdf5’
Flavors: r-patched-solaris-sparc, r-release-osx-x86_64

Version: 0.6-4
Check: dependencies in R code
Result: NOTE
    Invalid MIT-MAGIC-COOKIE-1 key
Flavor: r-oldrel-osx-x86_64