CRAN Package Check Results for Package MplusAutomation

Last updated on 2015-01-28 15:47:14.

Flavor Version Tinstall Tcheck Ttotal Status Flags
r-devel-linux-x86_64-debian-clang 0.6-3 2.37 35.68 38.05 NOTE
r-devel-linux-x86_64-debian-gcc 0.6-3 2.42 34.76 37.19 NOTE
r-devel-linux-x86_64-fedora-clang 0.6-3 82.63 NOTE
r-devel-linux-x86_64-fedora-gcc 0.6-3 84.92 NOTE
r-devel-osx-x86_64-clang 0.6-3 83.12 NOTE
r-devel-windows-ix86+x86_64 0.6-3 8.00 55.00 63.00 NOTE
r-patched-linux-x86_64 0.6-3 2.72 39.43 42.16 NOTE
r-patched-solaris-sparc 0.6-3 487.10 NOTE
r-patched-solaris-x86 0.6-3 114.80 NOTE
r-release-linux-ix86 0.6-3 3.12 2.48 5.61 OK
r-release-linux-x86_64 0.6-3 2.71 40.32 43.03 NOTE
r-release-osx-x86_64-mavericks 0.6-3 NOTE
r-release-osx-x86_64-snowleopard 0.6-3 NOTE
r-release-windows-ix86+x86_64 0.6-3 9.00 61.00 70.00 NOTE
r-oldrel-windows-ix86+x86_64 0.6-3 10.00 59.00 69.00 OK

Check Details

Version: 0.6-3
Check: dependencies in R code
Result: NOTE
    'library' or 'require' calls in package code:
     ‘relimp’ ‘rhdf5’ ‘tcltk’
     Please use :: or requireNamespace() instead.
     See section 'Suggested packages' in the 'Writing R Extensions' manual.
Flavors: r-devel-linux-x86_64-debian-clang, r-devel-linux-x86_64-debian-gcc, r-devel-linux-x86_64-fedora-clang, r-devel-linux-x86_64-fedora-gcc, r-devel-osx-x86_64-clang, r-devel-windows-ix86+x86_64

Version: 0.6-3
Check: R code for possible problems
Result: NOTE
    readModels: no visible global function definition for ‘h5dump’
    showSummaryTable: no visible global function definition for ‘showData’
Flavors: r-devel-linux-x86_64-debian-clang, r-devel-linux-x86_64-debian-gcc, r-devel-linux-x86_64-fedora-clang, r-devel-linux-x86_64-fedora-gcc, r-devel-osx-x86_64-clang, r-devel-windows-ix86+x86_64, r-patched-linux-x86_64, r-patched-solaris-sparc, r-patched-solaris-x86, r-release-linux-x86_64, r-release-osx-x86_64-mavericks, r-release-windows-ix86+x86_64

Version: 0.6-3
Check: package dependencies
Result: NOTE
    Package suggested but not available for checking: ‘rhdf5’
Flavors: r-patched-solaris-sparc, r-patched-solaris-x86, r-release-osx-x86_64-mavericks, r-release-osx-x86_64-snowleopard

Version: 0.6-3
Check: R code for possible problems
Result: NOTE
    readModels: no visible global function definition for ‘h5dump’
Flavor: r-release-osx-x86_64-snowleopard