CRAN Package Check Results for Package MplusAutomation

Last updated on 2015-09-04 11:47:42.

Flavor Version Tinstall Tcheck Ttotal Status Flags
r-devel-linux-x86_64-debian-clang 0.6-3 2.06 34.23 36.29 NOTE
r-devel-linux-x86_64-debian-gcc 0.6-3 2.24 33.95 36.19 NOTE
r-devel-linux-x86_64-fedora-clang 0.6-3 70.64 NOTE
r-devel-linux-x86_64-fedora-gcc 0.6-3 66.70 NOTE
r-devel-osx-x86_64-clang 0.6-3 67.89 NOTE
r-devel-windows-ix86+x86_64 0.6-3 7.00 55.00 62.00 NOTE
r-patched-linux-x86_64 0.6-3 2.28 34.60 36.88 NOTE
r-patched-solaris-sparc 0.6-3 447.30 NOTE
r-patched-solaris-x86 0.6-3 99.50 NOTE
r-release-linux-x86_64 0.6-3 2.22 34.60 36.83 NOTE
r-release-osx-x86_64-mavericks 0.6-3 NOTE
r-release-windows-ix86+x86_64 0.6-3 9.00 58.00 67.00 NOTE
r-oldrel-windows-ix86+x86_64 0.6-3 13.00 58.00 71.00 NOTE

Check Details

Version: 0.6-3
Check: dependencies in R code
Result: NOTE
    'library' or 'require' calls in package code:
     ‘relimp’ ‘rhdf5’ ‘tcltk’
     Please use :: or requireNamespace() instead.
     See section 'Suggested packages' in the 'Writing R Extensions' manual.
Flavors: r-devel-linux-x86_64-debian-clang, r-devel-linux-x86_64-debian-gcc, r-devel-linux-x86_64-fedora-clang, r-devel-linux-x86_64-fedora-gcc, r-devel-osx-x86_64-clang, r-devel-windows-ix86+x86_64, r-patched-linux-x86_64, r-patched-solaris-sparc, r-patched-solaris-x86, r-release-linux-x86_64, r-release-osx-x86_64-mavericks, r-release-windows-ix86+x86_64, r-oldrel-windows-ix86+x86_64

Version: 0.6-3
Check: R code for possible problems
Result: NOTE
    coef.mplusObject: no visible global function definition for ‘coef’
    compareModels: no visible global function definition for ‘pchisq’
    extract.mplus.model: no visible global function definition for ‘coef’
    extractAux: no visible global function definition for ‘reshape’
    extractParameters_1chunk: no visible binding for global variable
     ‘start’
    l_getSavedata_readRawFile: no visible global function definition for
     ‘read.table’
    l_getSavedata_readRawFile: no visible global function definition for
     ‘read.fwf’
    mplus.traceplot: no visible global function definition for ‘par’
    mplus.traceplot: no visible global function definition for ‘plot’
    mplus.traceplot: no visible global function definition for ‘lines’
    mplusModeler: no visible binding for global variable ‘data’
    prepareMplusData: no visible global function definition for
     ‘write.table’
    readModels: no visible global function definition for ‘h5dump’
    showSummaryTable: no visible global function definition for ‘showData’
    extract,mplus.model: no visible global function definition for ‘coef’
    Undefined global functions or variables:
     coef data h5dump lines par pchisq plot read.fwf read.table reshape
     showData start write.table
    Consider adding
     importFrom("graphics", "lines", "par", "plot")
     importFrom("stats", "coef", "pchisq", "reshape", "start")
     importFrom("utils", "data", "read.fwf", "read.table", "write.table")
    to your NAMESPACE.
Flavors: r-devel-linux-x86_64-debian-clang, r-devel-linux-x86_64-debian-gcc, r-devel-linux-x86_64-fedora-clang, r-devel-linux-x86_64-fedora-gcc

Version: 0.6-3
Check: R code for possible problems
Result: NOTE
    readModels: no visible global function definition for ‘h5dump’
    showSummaryTable: no visible global function definition for ‘showData’
    Undefined global functions or variables:
     h5dump showData
Flavor: r-devel-osx-x86_64-clang

Version: 0.6-3
Check: R code for possible problems
Result: NOTE
    coef.mplusObject: no visible global function definition for 'coef'
    compareModels: no visible global function definition for 'pchisq'
    extract.mplus.model: no visible global function definition for 'coef'
    extractAux: no visible global function definition for 'reshape'
    extractParameters_1chunk: no visible binding for global variable
     'start'
    l_getSavedata_readRawFile: no visible global function definition for
     'read.table'
    l_getSavedata_readRawFile: no visible global function definition for
     'read.fwf'
    mplus.traceplot: no visible global function definition for 'par'
    mplus.traceplot: no visible global function definition for 'plot'
    mplus.traceplot: no visible global function definition for 'lines'
    mplusModeler: no visible binding for global variable 'data'
    prepareMplusData: no visible global function definition for
     'write.table'
    readModels: no visible global function definition for 'h5dump'
    runModels_Interactive : onBrowse: no visible global function definition
     for 'choose.dir'
    showSummaryTable: no visible global function definition for 'showData'
    extract,mplus.model: no visible global function definition for 'coef'
    Undefined global functions or variables:
     choose.dir coef data h5dump lines par pchisq plot read.fwf read.table
     reshape showData start write.table
    Consider adding
     importFrom("graphics", "lines", "par", "plot")
     importFrom("stats", "coef", "pchisq", "reshape", "start")
     importFrom("utils", "choose.dir", "data", "read.fwf", "read.table",
     "write.table")
    to your NAMESPACE.
Flavor: r-devel-windows-ix86+x86_64

Version: 0.6-3
Check: R code for possible problems
Result: NOTE
    readModels: no visible global function definition for ‘h5dump’
    showSummaryTable: no visible global function definition for ‘showData’
Flavors: r-patched-linux-x86_64, r-patched-solaris-sparc, r-patched-solaris-x86, r-release-linux-x86_64, r-release-osx-x86_64-mavericks, r-release-windows-ix86+x86_64, r-oldrel-windows-ix86+x86_64

Version: 0.6-3
Check: package dependencies
Result: NOTE
    Package suggested but not available for checking: ‘rhdf5’
Flavors: r-patched-solaris-sparc, r-patched-solaris-x86, r-release-osx-x86_64-mavericks