CRAN Package Check Results for Package MplusAutomation

Last updated on 2016-09-29 23:47:39.

Flavor Version Tinstall Tcheck Ttotal Status Flags
r-devel-linux-x86_64-debian-clang 0.6-4 2.02 36.87 38.90 OK
r-devel-linux-x86_64-debian-gcc 0.6-4 2.03 40.07 42.10 OK
r-devel-linux-x86_64-fedora-clang 0.6-4 77.18 OK
r-devel-linux-x86_64-fedora-gcc 0.6-4 75.53 OK
r-devel-macos-x86_64-clang 0.6-4 56.54 OK
r-devel-windows-ix86+x86_64 0.6-4 6.00 92.00 98.00 NOTE
r-patched-linux-x86_64 0.6-4 1.86 38.94 40.81 OK
r-patched-solaris-sparc 0.6-4 414.90 OK
r-patched-solaris-x86 0.6-4 82.10 OK
r-release-linux-x86_64 0.6-4 1.80 39.03 40.83 OK
r-release-osx-x86_64-mavericks 0.6-4 NOTE
r-release-windows-ix86+x86_64 0.6-4 7.00 71.00 78.00 NOTE
r-oldrel-windows-ix86+x86_64 0.6-4 14.00 89.00 103.00 OK

Check Details

Version: 0.6-4
Check: R code for possible problems
Result: NOTE
    runModels_Interactive : onBrowse: no visible global function definition
     for 'choose.dir'
    Undefined global functions or variables:
     choose.dir
    Consider adding
     importFrom("utils", "choose.dir")
    to your NAMESPACE file.
Flavors: r-devel-windows-ix86+x86_64, r-release-windows-ix86+x86_64

Version: 0.6-4
Check: dependencies in R code
Result: NOTE
    Invalid MIT-MAGIC-COOKIE-1 key
Flavor: r-release-osx-x86_64-mavericks