CRAN Package Check Results for Package MplusAutomation

Last updated on 2017-02-25 08:49:29.

Flavor Version Tinstall Tcheck Ttotal Status Flags
r-devel-linux-x86_64-debian-clang 0.6-4 2.16 41.09 43.25 OK
r-devel-linux-x86_64-debian-gcc 0.6-4 2.05 41.66 43.71 OK
r-devel-linux-x86_64-fedora-clang 0.6-4 73.69 OK --no-stop-on-test-error
r-devel-linux-x86_64-fedora-gcc 0.6-4 70.98 OK --no-stop-on-test-error
r-devel-macos-x86_64-clang 0.6-4 60.93 OK --no-stop-on-test-error
r-devel-windows-ix86+x86_64 0.6-4 9.00 108.00 117.00 NOTE
r-patched-linux-x86_64 0.6-4 2.03 38.87 40.89 OK
r-patched-solaris-sparc 0.6-4 421.50 OK
r-patched-solaris-x86 0.6-4 80.70 OK
r-release-linux-x86_64 0.6-4 2.04 40.53 42.57 OK
r-release-osx-x86_64-mavericks 0.6-4 NOTE
r-release-windows-ix86+x86_64 0.6-4 8.00 67.00 75.00 NOTE
r-oldrel-windows-ix86+x86_64 0.6-4 19.00 147.00 166.00 OK

Check Details

Version: 0.6-4
Check: R code for possible problems
Result: NOTE
    runModels_Interactive : onBrowse: no visible global function definition
     for 'choose.dir'
    Undefined global functions or variables:
     choose.dir
    Consider adding
     importFrom("utils", "choose.dir")
    to your NAMESPACE file.
Flavors: r-devel-windows-ix86+x86_64, r-release-windows-ix86+x86_64

Version: 0.6-4
Check: dependencies in R code
Result: NOTE
    Invalid MIT-MAGIC-COOKIE-1 key
Flavor: r-release-osx-x86_64-mavericks