CRAN Package Check Results for Package MuFiCokriging

Last updated on 2014-04-21 17:47:56.

Flavor Version Tinstall Tcheck Ttotal Status Flags
r-devel-linux-x86_64-debian-clang 1.2 1.00 17.06 18.06 NOTE
r-devel-linux-x86_64-debian-gcc 1.2 1.07 17.75 18.82 NOTE
r-devel-linux-x86_64-fedora-clang 1.2 35.48 NOTE
r-devel-linux-x86_64-fedora-gcc 1.2 34.31 NOTE
r-devel-osx-x86_64-clang 1.2 36.83 NOTE
r-devel-osx-x86_64-gcc 1.2 NOTE
r-devel-windows-ix86+x86_64 1.2 3.00 26.00 29.00 NOTE
r-patched-linux-x86_64 1.2 1.01 17.18 18.18 NOTE
r-patched-solaris-sparc 1.2 205.60 NOTE
r-patched-solaris-x86 1.2 48.40 NOTE
r-release-linux-x86_64 1.2 1.00 17.08 18.07 NOTE
r-release-osx-x86_64-mavericks 1.2 NOTE
r-release-osx-x86_64-snowleopard 1.2 NOTE
r-release-windows-ix86+x86_64 1.2 6.00 35.00 41.00 NOTE
r-oldrel-windows-ix86+x86_64 1.2 3.00 28.00 31.00 NOTE

Check Details

Version: 1.2
Check: dependencies in R code
Result: NOTE
    Packages in Depends field not imported from:
     ‘DiceKriging’ ‘methods’
     These packages need to be imported from (in the NAMESPACE file)
     for when this namespace is loaded but not attached.
    See the information on DESCRIPTION files in the chapter ‘Creating R
    packages’ of the ‘Writing R Extensions’ manual.
Flavors: r-devel-linux-x86_64-debian-clang, r-devel-linux-x86_64-debian-gcc, r-devel-linux-x86_64-fedora-clang, r-devel-linux-x86_64-fedora-gcc, r-devel-osx-x86_64-clang, r-devel-osx-x86_64-gcc, r-devel-windows-ix86+x86_64, r-patched-linux-x86_64, r-patched-solaris-sparc, r-patched-solaris-x86, r-release-linux-x86_64, r-release-osx-x86_64-mavericks, r-release-windows-ix86+x86_64, r-oldrel-windows-ix86+x86_64

Version: 1.2
Check: Rd line widths
Result: NOTE
    Rd file 'CrossValidationMuFicokmAll.Rd':
     \examples lines wider than 100 characters:
     apply(matrix(1:DNest$n),1,function(x) CrossValidationMuFicokmAll(mymodel,x)$CVerrall)
    
    Rd file 'MuFicokm.Rd':
     \usage lines wider than 90 characters:
     noise.var = NULL, estim.method = "MLE", penalty = NULL, optim.method = "BFGS",
    
    Rd file 'predict.MuFicokm.Rd':
     \examples lines wider than 100 characters:
     rev(predictionsSK_UK$mean-2*sqrt(predictionsSK_UK$sig2))),
    
    These lines will be truncated in the PDF manual.
Flavors: r-devel-linux-x86_64-fedora-clang, r-devel-linux-x86_64-fedora-gcc

Version: 1.2
Check: dependencies in R code
Result: NOTE
    Packages in Depends field not imported from:
     'DiceKriging' 'methods'
     These packages need to be imported from for the case when
     this namespace is loaded but not attached.
    See the information on DESCRIPTION files in the chapter 'Creating R
    packages' of the 'Writing R Extensions' manual.
Flavor: r-release-osx-x86_64-snowleopard