CRAN Package Check Results for Package MuFiCokriging

Last updated on 2015-07-30 07:47:14.

Flavor Version Tinstall Tcheck Ttotal Status Flags
r-devel-linux-x86_64-debian-clang 1.2 0.82 15.04 15.86 NOTE
r-devel-linux-x86_64-debian-gcc 1.2 0.93 15.32 16.25 NOTE
r-devel-linux-x86_64-fedora-clang 1.2 32.93 NOTE
r-devel-linux-x86_64-fedora-gcc 1.2 29.54 NOTE
r-devel-osx-x86_64-clang 1.2 30.25 NOTE
r-devel-windows-ix86+x86_64 1.2 4.00 23.00 27.00 NOTE
r-patched-linux-x86_64 1.2 0.83 15.24 16.08 NOTE
r-patched-solaris-sparc 1.2 203.70 NOTE
r-patched-solaris-x86 1.2 43.90 NOTE
r-release-linux-x86_64 1.2 0.84 15.02 15.86 NOTE
r-release-osx-x86_64-mavericks 1.2 NOTE
r-release-windows-ix86+x86_64 1.2 4.00 26.00 30.00 NOTE
r-oldrel-windows-ix86+x86_64 1.2 6.00 26.00 32.00 NOTE

Check Details

Version: 1.2
Check: dependencies in R code
Result: NOTE
    Packages in Depends field not imported from:
     ‘DiceKriging’ ‘methods’
     These packages need to be imported from (in the NAMESPACE file)
     for when this namespace is loaded but not attached.
Flavors: r-devel-linux-x86_64-debian-clang, r-devel-linux-x86_64-debian-gcc, r-devel-linux-x86_64-fedora-clang, r-devel-linux-x86_64-fedora-gcc, r-devel-osx-x86_64-clang, r-devel-windows-ix86+x86_64, r-patched-linux-x86_64, r-patched-solaris-sparc, r-patched-solaris-x86, r-release-linux-x86_64, r-release-osx-x86_64-mavericks, r-release-windows-ix86+x86_64, r-oldrel-windows-ix86+x86_64

Version: 1.2
Check: R code for possible problems
Result: NOTE
    CrossValidationMuFicokm: no visible global function definition for
     ‘covMatrix’
    CrossValidationMuFicokmAll: no visible global function definition for
     ‘covMatrix’
    MuFicokm: no visible global function definition for ‘km’
    compute.beta.hat: no visible global function definition for ‘lm’
    computeAuxVariables: no visible global function definition for
     ‘covMatrix’
    kmCok: no visible global function definition for ‘new’
    kmCok: no visible global function definition for ‘drop.response’
    kmCok: no visible global function definition for ‘model.matrix’
    kmCok: no visible global function definition for ‘covStruct.create’
    kmCok: no visible global function definition for ‘validObject’
    kmCok: no visible global function definition for ‘covParametersBounds’
    kmCok: no visible binding for global variable ‘kmEstimate’
    kmCok : cv: no visible global function definition for ‘leaveOneOut.km’
    kmCok: no visible global function definition for ‘plot’
    predict.kmCok: no visible global function definition for ‘model.matrix’
    predict.kmCok: no visible global function definition for ‘covMat1Mat2’
    predict.kmCok: no visible global function definition for ‘qnorm’
    predict.kmCok: no visible global function definition for ‘qt’
    predict.kmCok: no visible global function definition for ‘covMatrix’
    summary.MuFicokm: no visible global function definition for
     ‘covparam2vect’
    Undefined global functions or variables:
     covMat1Mat2 covMatrix covParametersBounds covStruct.create
     covparam2vect drop.response km kmEstimate leaveOneOut.km lm
     model.matrix new plot qnorm qt validObject
    Consider adding
     importFrom("graphics", "plot")
     importFrom("methods", "new", "validObject")
     importFrom("stats", "lm", "model.matrix", "qnorm", "qt")
    to your NAMESPACE.
Flavors: r-devel-linux-x86_64-debian-clang, r-devel-linux-x86_64-debian-gcc, r-devel-linux-x86_64-fedora-clang, r-devel-linux-x86_64-fedora-gcc, r-devel-windows-ix86+x86_64

Version: 1.2
Check: Rd line widths
Result: NOTE
    Rd file 'CrossValidationMuFicokmAll.Rd':
     \examples lines wider than 100 characters:
     apply(matrix(1:DNest$n),1,function(x) CrossValidationMuFicokmAll(mymodel,x)$CVerrall)
    
    Rd file 'MuFicokm.Rd':
     \usage lines wider than 90 characters:
     noise.var = NULL, estim.method = "MLE", penalty = NULL, optim.method = "BFGS",
    
    Rd file 'predict.MuFicokm.Rd':
     \examples lines wider than 100 characters:
     rev(predictionsSK_UK$mean-2*sqrt(predictionsSK_UK$sig2))),
    
    These lines will be truncated in the PDF manual.
Flavors: r-devel-linux-x86_64-debian-clang, r-devel-linux-x86_64-debian-gcc, r-devel-linux-x86_64-fedora-clang, r-devel-linux-x86_64-fedora-gcc, r-patched-linux-x86_64, r-release-linux-x86_64

Version: 1.2
Check: R code for possible problems
Result: NOTE
    CrossValidationMuFicokm: no visible global function definition for
     ‘covMatrix’
    CrossValidationMuFicokmAll: no visible global function definition for
     ‘covMatrix’
    MuFicokm: no visible global function definition for ‘km’
    computeAuxVariables: no visible global function definition for
     ‘covMatrix’
    kmCok: no visible global function definition for ‘drop.response’
    kmCok: no visible global function definition for ‘covStruct.create’
    kmCok: no visible global function definition for ‘covParametersBounds’
    kmCok: no visible binding for global variable ‘kmEstimate’
    kmCok : cv: no visible global function definition for ‘leaveOneOut.km’
    predict.kmCok: no visible global function definition for ‘covMat1Mat2’
    predict.kmCok: no visible global function definition for ‘covMatrix’
    summary.MuFicokm: no visible global function definition for
     ‘covparam2vect’
    Undefined global functions or variables:
     covMat1Mat2 covMatrix covParametersBounds covStruct.create
     covparam2vect drop.response km kmEstimate leaveOneOut.km
Flavor: r-devel-osx-x86_64-clang

Version: 1.2
Check: R code for possible problems
Result: NOTE
    CrossValidationMuFicokm: no visible global function definition for
     ‘covMatrix’
    CrossValidationMuFicokmAll: no visible global function definition for
     ‘covMatrix’
    MuFicokm: no visible global function definition for ‘km’
    computeAuxVariables: no visible global function definition for
     ‘covMatrix’
    kmCok: no visible global function definition for ‘drop.response’
    kmCok: no visible global function definition for ‘covStruct.create’
    kmCok: no visible global function definition for ‘covParametersBounds’
    kmCok: no visible binding for global variable ‘kmEstimate’
    kmCok : cv: no visible global function definition for ‘leaveOneOut.km’
    predict.kmCok: no visible global function definition for ‘covMat1Mat2’
    predict.kmCok: no visible global function definition for ‘covMatrix’
    summary.MuFicokm: no visible global function definition for
     ‘covparam2vect’
Flavors: r-patched-linux-x86_64, r-patched-solaris-sparc, r-patched-solaris-x86, r-release-linux-x86_64, r-release-osx-x86_64-mavericks, r-release-windows-ix86+x86_64, r-oldrel-windows-ix86+x86_64