CRAN Package Check Results for Package MuMIn

Last updated on 2018-11-19 22:56:10 CET.

Flavor Version Tinstall Tcheck Ttotal Status Flags
r-devel-linux-x86_64-debian-clang OK
r-devel-linux-x86_64-debian-gcc 1.42.1 9.10 97.02 106.12 OK
r-devel-linux-x86_64-fedora-clang 1.42.1 158.46 OK
r-devel-linux-x86_64-fedora-gcc 1.42.1 156.95 OK
r-devel-windows-ix86+x86_64 1.42.1 23.00 178.00 201.00 OK
r-patched-linux-x86_64 1.42.1 13.70 118.81 132.51 OK
r-patched-solaris-x86 1.42.1 243.50 NOTE
r-release-linux-x86_64 1.42.1 13.32 122.88 136.20 OK
r-release-windows-ix86+x86_64 1.42.1 25.00 134.00 159.00 OK
r-release-osx-x86_64 1.42.1 OK
r-oldrel-windows-ix86+x86_64 1.42.1 26.00 174.00 200.00 OK
r-oldrel-osx-x86_64 1.42.1 OK

Check Details

Version: 1.42.1
Check: Rd cross-references
Result: NOTE
    Package unavailable to check Rd xrefs: ‘RMark’
Flavor: r-patched-solaris-x86