CRAN Package Check Results for Package MuMIn

Last updated on 2015-01-29 07:48:51.

Flavor Version Tinstall Tcheck Ttotal Status Flags
r-devel-linux-x86_64-debian-clang 1.12.1 1.13 57.40 58.54 OK
r-devel-linux-x86_64-debian-gcc 1.12.1 1.08 57.34 58.42 OK
r-devel-linux-x86_64-fedora-clang 1.12.1 121.87 OK
r-devel-linux-x86_64-fedora-gcc 1.12.1 119.00 OK
r-devel-osx-x86_64-clang 1.12.1 99.67 OK
r-devel-windows-ix86+x86_64 1.12.1 7.00 83.00 90.00 OK
r-patched-linux-x86_64 1.12.1 1.15 60.59 61.74 OK
r-patched-solaris-sparc 1.12.1 830.90 NOTE
r-patched-solaris-x86 1.12.1 162.60 NOTE
r-release-linux-ix86 1.12.1 1.58 2.62 4.20 OK
r-release-linux-x86_64 1.12.1 1.16 62.61 63.77 OK
r-release-osx-x86_64-mavericks 1.12.1 OK
r-release-osx-x86_64-snowleopard 1.12.1 NOTE
r-release-windows-ix86+x86_64 1.12.1 4.00 94.00 98.00 OK
r-oldrel-windows-ix86+x86_64 1.12.1 4.00 93.00 97.00 OK

Check Details

Version: 1.12.1
Check: Rd cross-references
Result: NOTE
    Package unavailable to check Rd xrefs: ‘RMark’
Flavors: r-patched-solaris-sparc, r-patched-solaris-x86, r-release-osx-x86_64-snowleopard