CRAN Package Check Results for Package MuMIn

Last updated on 2018-05-24 22:49:28 CEST.

Flavor Version Tinstall Tcheck Ttotal Status Flags
r-devel-linux-x86_64-debian-clang 1.40.4 14.43 115.32 129.75 OK
r-devel-linux-x86_64-debian-gcc 1.40.4 10.69 98.47 109.16 OK
r-devel-linux-x86_64-fedora-clang 1.40.4 173.41 OK
r-devel-linux-x86_64-fedora-gcc 1.40.4 167.60 OK
r-devel-windows-ix86+x86_64 1.40.4 21.00 142.00 163.00 OK
r-patched-linux-x86_64 1.40.4 13.42 112.68 126.10 OK
r-patched-solaris-x86 1.40.4 239.50 NOTE
r-release-linux-x86_64 1.40.4 13.17 114.81 127.98 OK
r-release-windows-ix86+x86_64 1.40.4 25.00 163.00 188.00 OK
r-release-osx-x86_64 1.40.4 OK
r-oldrel-windows-ix86+x86_64 1.40.4 22.00 120.00 142.00 OK
r-oldrel-osx-x86_64 1.40.4 OK

Check Details

Version: 1.40.4
Check: Rd cross-references
Result: NOTE
    Package unavailable to check Rd xrefs: ‘RMark’
Flavor: r-patched-solaris-x86