CRAN Package Check Results for Package MuMIn

Last updated on 2016-12-08 03:54:26.

Flavor Version Tinstall Tcheck Ttotal Status Flags
r-devel-linux-x86_64-debian-clang 1.15.6 7.63 99.71 107.34 OK
r-devel-linux-x86_64-debian-gcc 1.15.6 7.70 94.40 102.10 OK
r-devel-linux-x86_64-fedora-clang 1.15.6 215.82 OK --no-stop-on-test-error
r-devel-linux-x86_64-fedora-gcc 1.15.6 200.92 OK --no-stop-on-test-error
r-devel-macos-x86_64-clang 1.15.6 140.75 OK --no-stop-on-test-error
r-devel-windows-ix86+x86_64 1.15.6 14.00 138.00 152.00 OK
r-patched-linux-x86_64 1.15.6 6.90 93.65 100.55 OK
r-patched-solaris-sparc 1.15.6 1181.50 NOTE
r-patched-solaris-x86 1.15.6 231.60 NOTE
r-release-linux-x86_64 1.15.6 6.66 91.68 98.34 OK
r-release-osx-x86_64-mavericks 1.15.6 OK
r-release-windows-ix86+x86_64 1.15.6 14.00 129.00 143.00 OK
r-oldrel-windows-ix86+x86_64 1.15.6 21.00 126.00 147.00 OK

Check Details

Version: 1.15.6
Check: Rd cross-references
Result: NOTE
    Package unavailable to check Rd xrefs: ‘RMark’
Flavors: r-patched-solaris-sparc, r-patched-solaris-x86