CRAN Package Check Results for Package MuMIn

Last updated on 2017-02-27 23:48:16.

Flavor Version Tinstall Tcheck Ttotal Status Flags
r-devel-linux-x86_64-debian-clang 1.15.6 7.63 90.55 98.18 OK
r-devel-linux-x86_64-debian-gcc 1.15.6 7.88 93.25 101.13 OK
r-devel-linux-x86_64-fedora-clang 1.15.6 198.56 OK --no-stop-on-test-error
r-devel-linux-x86_64-fedora-gcc 1.15.6 194.65 OK --no-stop-on-test-error
r-devel-macos-x86_64-clang 1.15.6 142.45 OK --no-stop-on-test-error
r-devel-windows-ix86+x86_64 1.15.6 16.00 201.00 217.00 OK
r-patched-linux-x86_64 1.15.6 6.70 85.53 92.24 OK
r-patched-solaris-sparc 1.15.6 1185.20 NOTE
r-patched-solaris-x86 1.15.6 214.50 NOTE
r-release-linux-x86_64 1.15.6 6.93 87.00 93.93 OK
r-release-osx-x86_64-mavericks 1.15.6 OK
r-release-windows-ix86+x86_64 1.15.6 19.00 180.00 199.00 OK
r-oldrel-windows-ix86+x86_64 1.15.6 14.00 183.00 197.00 OK

Check Details

Version: 1.15.6
Check: Rd cross-references
Result: NOTE
    Package unavailable to check Rd xrefs: ‘RMark’
Flavors: r-patched-solaris-sparc, r-patched-solaris-x86