CRAN Package Check Results for Package MuMIn

Last updated on 2014-07-26 16:48:40.

Flavor Version Tinstall Tcheck Ttotal Status Flags
r-devel-linux-x86_64-debian-clang 1.10.0 1.05 42.74 43.78 OK
r-devel-linux-x86_64-debian-gcc 1.10.0 1.03 41.74 42.77 OK
r-devel-linux-x86_64-fedora-clang 1.10.0 89.48 OK
r-devel-linux-x86_64-fedora-gcc 1.10.0 85.71 OK
r-devel-osx-x86_64-clang 1.10.0 75.00 OK
r-devel-windows-ix86+x86_64 1.10.0 3.00 53.00 56.00 ERROR
r-patched-linux-x86_64 1.10.0 1.12 42.62 43.74 OK
r-patched-solaris-sparc 1.10.0 465.90 OK
r-patched-solaris-x86 1.10.0 111.20 OK
r-release-linux-ix86 1.10.0 1.44 53.48 54.92 OK
r-release-linux-x86_64 1.10.0 1.16 42.51 43.67 OK
r-release-osx-x86_64-mavericks 1.10.0 NOTE
r-release-osx-x86_64-snowleopard 1.10.0 OK
r-release-windows-ix86+x86_64 1.10.0 3.00 64.00 67.00 OK
r-oldrel-windows-ix86+x86_64 1.10.0 4.00 60.00 64.00 OK

Check Details

Version: 1.10.0
Check: tests
Result: ERROR
    Running the tests in 'tests/parallel.R' failed.
    Last 13 lines of output:
     + # data=nydata, listw=listw_NY, family="SAR", method="full", verbose=FALSE)
     + # clusterCall(clust, "library", "spdep", character.only = TRUE)
     + # clusterExport(clust, "listw_NY", "nydata")
     + # options(warn=1)
     +
     + # varying <- list(family = list("CAR", "SAR"), method=list("Matrix_J", "full"))
     +
     + # dd <- dredge(esar1f, m.max=1, fixed=~PEXPOSURE, varying = varying, trace=FALSE)
     +
     + } else # if(inherits(clust, "try-error"))
     + message("Could not set up the cluster")
     +
     + }
Flavor: r-devel-windows-ix86+x86_64

Version: 1.10.0
Check: package dependencies
Result: NOTE
    Packages which this enhances but not available for checking: ‘spdep’ ‘splm’
Flavor: r-release-osx-x86_64-mavericks