CRAN Package Check Results for Package MuMIn

Last updated on 2016-02-10 21:47:24.

Flavor Version Tinstall Tcheck Ttotal Status Flags
r-devel-linux-x86_64-debian-gcc 1.15.6 7.04 86.33 93.37 OK
r-devel-linux-x86_64-fedora-clang 1.15.6 184.80 OK
r-devel-linux-x86_64-fedora-gcc 1.15.6 165.28 OK
r-devel-osx-x86_64-clang 1.15.6 183.50 OK
r-devel-windows-ix86+x86_64 1.15.6 19.00 99.00 118.00 ERROR
r-patched-linux-x86_64 1.15.6 7.27 87.53 94.81 OK
r-patched-solaris-sparc 1.15.6 1129.80 NOTE
r-patched-solaris-x86 1.15.6 239.80 NOTE
r-release-linux-x86_64 1.15.6 7.20 88.10 95.29 OK
r-release-osx-x86_64-mavericks 1.15.6 OK
r-release-windows-ix86+x86_64 1.15.6 20.00 146.00 166.00 OK
r-oldrel-windows-ix86+x86_64 1.15.6 24.00 167.00 191.00 OK

Check Details

Version: 1.15.6
Check: tests
Result: ERROR
    Running the tests in 'tests/classes.R' failed.
    Last 13 lines of output:
     >
     >
     > # TEST coxph -------------------------------------------------------------------
     >
     > library(survival)
     >
     > bladder1 <- bladder[bladder$enum < 5, ]
     >
     > fmcph <- coxph(Surv(stop, event) ~ (rx + size + number) * strata(enum) + cluster(id), bladder1)
     Error in rowSums(is.na(t)) :
     'x' must be an array of at least two dimensions
     Calls: coxph ... <Anonymous> -> na.fail.default -> complete.cases -> rowSums
     Execution halted
Flavor: r-devel-windows-ix86+x86_64

Version: 1.15.6
Check: Rd cross-references
Result: NOTE
    Package unavailable to check Rd xrefs: ‘RMark’
Flavors: r-patched-solaris-sparc, r-patched-solaris-x86