CRAN Package Check Results for Package MuMIn

Last updated on 2019-02-18 15:52:22 CET.

Flavor Version Tinstall Tcheck Ttotal Status Flags
r-devel-linux-x86_64-debian-clang 1.42.1 12.97 126.89 139.86 OK
r-devel-linux-x86_64-debian-gcc 1.42.1 12.16 96.86 109.02 OK
r-devel-linux-x86_64-fedora-clang 1.42.1 167.00 OK
r-devel-linux-x86_64-fedora-gcc 1.42.1 155.77 OK
r-devel-windows-ix86+x86_64 1.42.1 26.00 133.00 159.00 OK
r-patched-linux-x86_64 1.42.1 11.50 120.13 131.63 OK
r-patched-solaris-x86 1.42.1 243.00 NOTE
r-release-linux-x86_64 1.42.1 OK
r-release-windows-ix86+x86_64 1.42.1 16.00 174.00 190.00 OK
r-release-osx-x86_64 1.42.1 OK
r-oldrel-windows-ix86+x86_64 1.42.1 21.00 140.00 161.00 OK
r-oldrel-osx-x86_64 1.42.1 OK

Check Details

Version: 1.42.1
Check: Rd cross-references
Result: NOTE
    Package unavailable to check Rd xrefs: ‘RMark’
Flavor: r-patched-solaris-x86