CRAN Package Check Results for Package MuMIn

Last updated on 2018-09-26 16:52:46 CEST.

Flavor Version Tinstall Tcheck Ttotal Status Flags
r-devel-linux-x86_64-debian-clang 1.42.1 15.60 132.79 148.39 OK
r-devel-linux-x86_64-debian-gcc 1.42.1 13.28 103.83 117.11 NOTE
r-devel-linux-x86_64-fedora-clang 1.42.1 170.58 OK
r-devel-linux-x86_64-fedora-gcc 1.42.1 166.01 OK
r-devel-windows-ix86+x86_64 1.42.1 28.00 189.00 217.00 OK
r-patched-linux-x86_64 1.42.1 10.99 117.60 128.59 OK
r-patched-solaris-x86 1.42.1 231.80 NOTE
r-release-linux-x86_64 1.42.1 10.99 119.45 130.44 OK
r-release-windows-ix86+x86_64 1.42.1 20.00 171.00 191.00 OK
r-release-osx-x86_64 1.42.1 OK
r-oldrel-windows-ix86+x86_64 1.42.1 18.00 172.00 190.00 OK
r-oldrel-osx-x86_64 1.42.1 OK

Check Details

Version: 1.42.1
Check: package dependencies
Result: NOTE
    Packages which this enhances but not available for checking:
     ‘cplm’ ‘logistf’
Flavor: r-devel-linux-x86_64-debian-gcc

Version: 1.42.1
Check: Rd cross-references
Result: NOTE
    Package unavailable to check Rd xrefs: ‘RMark’
Flavor: r-patched-solaris-x86