CRAN Package Check Results for Package MuMIn

Last updated on 2019-06-17 16:47:40 CEST.

Flavor Version Tinstall Tcheck Ttotal Status Flags
r-devel-linux-x86_64-debian-clang 1.43.6 17.79 138.52 156.31 OK
r-devel-linux-x86_64-debian-gcc 1.43.6 14.25 111.15 125.40 OK
r-devel-linux-x86_64-fedora-clang 1.43.6 182.79 OK
r-devel-linux-x86_64-fedora-gcc 1.43.6 176.65 OK
r-devel-windows-ix86+x86_64 1.43.6 37.00 154.00 191.00 OK
r-patched-linux-x86_64 1.43.6 15.72 139.54 155.26 OK
r-patched-solaris-x86 1.43.6 287.60 NOTE
r-release-linux-x86_64 1.43.6 14.78 139.73 154.51 OK
r-release-windows-ix86+x86_64 1.43.6 25.00 217.00 242.00 OK
r-release-osx-x86_64 1.43.6 OK
r-oldrel-windows-ix86+x86_64 1.43.6 20.00 192.00 212.00 OK
r-oldrel-osx-x86_64 1.43.6 OK

Check Details

Version: 1.43.6
Check: Rd cross-references
Result: NOTE
    Package unavailable to check Rd xrefs: ‘RMark’
Flavor: r-patched-solaris-x86