CRAN Package Check Results for Package MuMIn

Last updated on 2014-10-21 14:48:23.

Flavor Version Tinstall Tcheck Ttotal Status Flags
r-devel-linux-x86_64-debian-clang 1.10.5 1.07 56.16 57.23 NOTE
r-devel-linux-x86_64-debian-gcc 1.10.5 1.10 55.04 56.14 NOTE
r-devel-linux-x86_64-fedora-clang 1.10.5 114.00 NOTE
r-devel-linux-x86_64-fedora-gcc 1.10.5 108.46 NOTE
r-devel-osx-x86_64-clang 1.10.5 93.04 NOTE
r-devel-windows-ix86+x86_64 1.10.5 3.00 85.00 88.00 NOTE
r-patched-linux-x86_64 1.10.5 1.08 59.78 60.86 NOTE
r-patched-solaris-sparc 1.10.5 760.70 NOTE
r-patched-solaris-x86 1.10.5 153.10 NOTE
r-release-linux-ix86 1.10.5 1.46 81.13 82.59 OK
r-release-linux-x86_64 1.10.5 1.07 61.35 62.42 OK
r-release-osx-x86_64-mavericks 1.10.5 OK
r-release-osx-x86_64-snowleopard 1.10.5 OK
r-release-windows-ix86+x86_64 1.10.5 3.00 87.00 90.00 OK
r-oldrel-windows-ix86+x86_64 1.10.5 3.00 84.00 87.00 OK

Check Details

Version: 1.10.5
Check: R code for possible problems
Result: NOTE
    coefTable.lme: no visible global function definition for ‘fixef’
    coefTable.mer: no visible global function definition for ‘fixef’
    coeffs.merMod: no visible global function definition for ‘fixef’
    predict.merMod: no visible global function definition for ‘fixef’
    r.squaredGLMM.lme : <anonymous>: no visible global function definition
     for ‘pdMatrix’
    r.squaredGLMM.mer: no visible global function definition for ‘findbars’
    r.squaredGLMM.mer: no visible global function definition for ‘VarCorr’
    r.squaredGLMM.mer: no visible global function definition for ‘fixef’
    r.squaredGLMM.merMod: no visible global function definition for
     ‘findbars’
    r.squaredGLMM.merMod: no visible global function definition for
     ‘VarCorr’
    r.squaredGLMM.merMod: no visible global function definition for ‘fixef’
Flavors: r-devel-linux-x86_64-debian-clang, r-devel-linux-x86_64-debian-gcc, r-devel-linux-x86_64-fedora-clang, r-devel-linux-x86_64-fedora-gcc, r-devel-osx-x86_64-clang, r-devel-windows-ix86+x86_64, r-patched-linux-x86_64, r-patched-solaris-sparc, r-patched-solaris-x86