CRAN Package Check Results for Package MuMIn

Last updated on 2015-08-31 08:46:57.

Flavor Version Tinstall Tcheck Ttotal Status Flags
r-devel-linux-x86_64-debian-clang 1.15.1 3.07 81.60 84.68 OK
r-devel-linux-x86_64-debian-gcc 1.15.1 3.04 81.18 84.22 OK
r-devel-linux-x86_64-fedora-clang 1.15.1 160.63 OK
r-devel-linux-x86_64-fedora-gcc 1.15.1 156.35 OK
r-devel-osx-x86_64-clang 1.15.1 131.64 OK
r-devel-windows-ix86+x86_64 1.15.1 15.00 135.00 150.00 OK
r-patched-linux-x86_64 1.15.1 4.02 82.64 86.66 OK
r-patched-solaris-sparc 1.15.1 1167.40 NOTE
r-patched-solaris-x86 1.15.1 234.50 NOTE
r-release-linux-x86_64 1.15.1 3.23 83.61 86.84 OK
r-release-osx-x86_64-mavericks 1.15.1 OK
r-release-windows-ix86+x86_64 1.15.1 13.00 135.00 148.00 OK
r-oldrel-windows-ix86+x86_64 1.15.1 14.00 162.00 176.00 OK

Check Details

Version: 1.15.1
Check: Rd cross-references
Result: NOTE
    Package unavailable to check Rd xrefs: ‘RMark’
Flavors: r-patched-solaris-sparc, r-patched-solaris-x86