CRAN Package Check Results for Package MuMIn

Last updated on 2016-05-01 08:48:23.

Flavor Version Tinstall Tcheck Ttotal Status Flags
r-devel-linux-x86_64-debian-gcc 1.15.6 7.22 85.36 92.57 OK
r-devel-linux-x86_64-fedora-clang 1.15.6 174.53 OK
r-devel-linux-x86_64-fedora-gcc 1.15.6 165.44 OK
r-devel-osx-x86_64-clang 1.15.6 181.00 OK
r-devel-windows-ix86+x86_64 1.15.6 16.00 144.00 160.00 OK
r-patched-linux-x86_64 1.15.6 7.42 84.10 91.52 OK
r-patched-solaris-sparc 1.15.6 1300.00 NOTE
r-patched-solaris-x86 1.15.6 231.90 NOTE
r-release-linux-x86_64 1.15.6 7.36 88.67 96.03 OK
r-release-osx-x86_64-mavericks 1.15.6 OK
r-release-windows-ix86+x86_64 1.15.6 20.00 174.00 194.00 OK
r-oldrel-windows-ix86+x86_64 1.15.6 27.00 198.00 225.00 OK

Check Details

Version: 1.15.6
Check: Rd cross-references
Result: NOTE
    Package unavailable to check Rd xrefs: ‘RMark’
Flavors: r-patched-solaris-sparc, r-patched-solaris-x86