CRAN Package Check Results for Package MuMIn

Last updated on 2015-03-02 05:47:45.

Flavor Version Tinstall Tcheck Ttotal Status Flags
r-devel-linux-x86_64-debian-clang 1.13.4 1.15 56.98 58.13 OK
r-devel-linux-x86_64-debian-gcc 1.13.4 1.10 55.50 56.60 OK
r-devel-linux-x86_64-fedora-clang 1.13.4 123.35 OK
r-devel-linux-x86_64-fedora-gcc 1.13.4 104.40 OK
r-devel-osx-x86_64-clang 1.13.4 75.78 OK
r-devel-windows-ix86+x86_64 1.13.4 10.00 107.00 117.00 OK
r-patched-linux-x86_64 1.13.4 1.26 63.46 64.72 OK
r-patched-solaris-sparc 1.13.4 748.80 NOTE
r-patched-solaris-x86 1.13.4 165.00 NOTE
r-release-linux-ix86 1.12.1 1.72 79.38 81.10 OK
r-release-linux-x86_64 1.13.4 1.17 63.86 65.03 OK
r-release-osx-x86_64-mavericks 1.13.4 OK
r-release-osx-x86_64-snowleopard 1.13.4 NOTE
r-release-windows-ix86+x86_64 1.13.4 8.00 128.00 136.00 OK
r-oldrel-windows-ix86+x86_64 1.13.4 5.00 95.00 100.00 OK

Check Details

Version: 1.13.4
Check: Rd cross-references
Result: NOTE
    Package unavailable to check Rd xrefs: ‘RMark’
Flavors: r-patched-solaris-sparc, r-patched-solaris-x86, r-release-osx-x86_64-snowleopard