CRAN Package Check Results for Package MuMIn

Last updated on 2018-07-18 03:49:31 CEST.

Flavor Version Tinstall Tcheck Ttotal Status Flags
r-devel-linux-x86_64-debian-clang 1.40.4 10.70 129.13 139.83 OK
r-devel-linux-x86_64-debian-gcc 1.40.4 12.44 100.20 112.64 OK
r-devel-linux-x86_64-fedora-clang 1.40.4 166.55 OK
r-devel-linux-x86_64-fedora-gcc 1.40.4 168.15 OK
r-devel-windows-ix86+x86_64 1.40.4 26.00 118.00 144.00 OK
r-patched-linux-x86_64 1.40.4 10.60 117.24 127.84 OK
r-patched-solaris-x86 1.40.4 235.80 NOTE
r-release-linux-x86_64 1.40.4 14.41 117.39 131.80 OK
r-release-windows-ix86+x86_64 1.40.4 22.00 170.00 192.00 OK
r-release-osx-x86_64 1.40.4 OK
r-oldrel-windows-ix86+x86_64 1.40.4 24.00 133.00 157.00 OK
r-oldrel-osx-x86_64 1.40.4 OK

Additional issues

ATLAS

Check Details

Version: 1.40.4
Check: Rd cross-references
Result: NOTE
    Package unavailable to check Rd xrefs: ‘RMark’
Flavor: r-patched-solaris-x86