CRAN Package Check Results for Package MuMIn

Last updated on 2014-04-17 10:47:52.

Flavor Version Tinstall Tcheck Ttotal Status Flags
r-devel-linux-x86_64-debian-clang 1.9.13 1.04 43.77 44.81 OK
r-devel-linux-x86_64-debian-gcc 1.9.13 1.18 44.31 45.49 OK
r-devel-linux-x86_64-fedora-clang 1.9.13 91.63 OK
r-devel-linux-x86_64-fedora-gcc 1.9.13 86.19 OK
r-devel-macosx-x86_64-clang 1.9.13 77.64 OK
r-devel-macosx-x86_64-gcc 1.9.13 NOTE
r-devel-windows-ix86+x86_64 1.9.13 3.00 58.00 61.00 OK
r-patched-linux-x86_64 1.9.13 1.04 44.39 45.43 OK
r-patched-solaris-sparc 1.9.13 515.90 OK
r-patched-solaris-x86 1.9.13 110.40 OK
r-release-linux-ix86 1.9.13 3.00 71.00 74.00 OK
r-release-linux-x86_64 1.9.13 1.02 45.63 46.65 OK
r-release-macosx-x86_64 1.9.13 WARN
r-release-windows-ix86+x86_64 1.9.13 3.00 64.00 67.00 OK
r-oldrel-windows-ix86+x86_64 1.9.13 3.00 60.00 63.00 OK

Check Details

Version: 1.9.13
Check: package dependencies
Result: NOTE
    Packages suggested but not available for checking: ‘lme4’ ‘gamm4’
    
    Packages which this enhances but not available for checking:
     ‘aod’ ‘coxme’ ‘MCMCglmm’ ‘pscl’ ‘spdep’ ‘unmarked’ ‘ordinal’ ‘splm’
     ‘logistf’ ‘caper’
Flavor: r-devel-macosx-x86_64-gcc

Version: 1.9.13
Check: Rd cross-references
Result: NOTE
    Packages unavailable to check Rd xrefs: ‘AICcmodavg’, ‘bbmle’, ‘glmulti’, ‘arm’, ‘bestglm’, ‘gamm4’
Flavor: r-devel-macosx-x86_64-gcc

Version: 1.9.13
Check: package dependencies
Result: NOTE
    Packages which this enhances but not available for checking:
     'splm' 'logistf' 'caper'
Flavor: r-release-macosx-x86_64

Version: 1.9.13
Check: Rd cross-references
Result: NOTE
    Package unavailable to check Rd xrefs: 'glmulti'
Flavor: r-release-macosx-x86_64

Version: 1.9.13
Check: examples
Result: WARNING
    checking a package with encoding 'UTF-8' in an ASCII locale
    
     OK
Flavor: r-release-macosx-x86_64