CRAN Package Check Results for Package MuMIn

Last updated on 2015-07-30 22:49:59.

Flavor Version Tinstall Tcheck Ttotal Status Flags
r-devel-linux-x86_64-debian-clang 1.15.1 3.26 84.34 87.60 OK
r-devel-linux-x86_64-debian-gcc 1.15.1 3.17 81.66 84.83 OK
r-devel-linux-x86_64-fedora-clang 1.15.1 164.74 OK
r-devel-linux-x86_64-fedora-gcc 1.15.1 154.69 OK
r-devel-osx-x86_64-clang 1.15.1 143.07 OK
r-devel-windows-ix86+x86_64 1.15.1 15.00 127.00 142.00 OK
r-patched-linux-x86_64 1.15.1 3.29 82.80 86.09 OK
r-patched-solaris-sparc 1.15.1 1167.40 NOTE
r-patched-solaris-x86 1.15.1 231.30 NOTE
r-release-linux-x86_64 1.15.1 3.34 82.36 85.69 OK
r-release-osx-x86_64-mavericks 1.15.1 OK
r-release-windows-ix86+x86_64 1.15.1 13.00 126.00 139.00 OK
r-oldrel-windows-ix86+x86_64 1.15.1 14.00 144.00 158.00 OK

Check Details

Version: 1.15.1
Check: Rd cross-references
Result: NOTE
    Package unavailable to check Rd xrefs: ‘RMark’
Flavors: r-patched-solaris-sparc, r-patched-solaris-x86