CRAN Package Check Results for Package MuMIn

Last updated on 2016-09-29 03:47:07.

Flavor Version Tinstall Tcheck Ttotal Status Flags
r-devel-linux-x86_64-debian-clang 1.15.6 7.43 93.90 101.33 OK
r-devel-linux-x86_64-debian-gcc 1.15.6 6.74 88.58 95.32 OK
r-devel-linux-x86_64-fedora-clang 1.15.6 179.25 OK
r-devel-linux-x86_64-fedora-gcc 1.15.6 187.28 OK
r-devel-macos-x86_64-clang 1.15.6 124.44 OK
r-devel-windows-ix86+x86_64 1.15.6 15.00 168.00 183.00 OK
r-patched-linux-x86_64 1.15.6 7.15 91.54 98.69 OK
r-patched-solaris-sparc 1.15.6 1181.50 NOTE
r-patched-solaris-x86 1.15.6 229.00 NOTE
r-release-linux-x86_64 1.15.6 7.41 90.30 97.71 OK
r-release-osx-x86_64-mavericks 1.15.6 OK
r-release-windows-ix86+x86_64 1.15.6 20.00 176.00 196.00 OK
r-oldrel-windows-ix86+x86_64 1.15.6 22.00 173.00 195.00 OK

Check Details

Version: 1.15.6
Check: Rd cross-references
Result: NOTE
    Package unavailable to check Rd xrefs: ‘RMark’
Flavors: r-patched-solaris-sparc, r-patched-solaris-x86