CRAN Package Check Results for Package MuMIn

Last updated on 2016-07-27 06:48:04.

Flavor Version Tinstall Tcheck Ttotal Status Flags
r-devel-linux-x86_64-debian-clang 1.15.6 9.57 103.65 113.22 OK
r-devel-linux-x86_64-debian-gcc 1.15.6 10.42 105.61 116.03 OK
r-devel-linux-x86_64-fedora-clang 1.15.6 172.09 OK
r-devel-linux-x86_64-fedora-gcc 1.15.6 167.04 OK
r-devel-osx-x86_64-clang 1.15.6 133.81 OK
r-devel-windows-ix86+x86_64 1.15.6 22.00 143.00 165.00 OK
r-patched-linux-x86_64 1.15.6 8.13 101.10 109.23 OK
r-patched-solaris-sparc 1.15.6 1181.50 NOTE
r-patched-solaris-x86 1.15.6 228.90 NOTE
r-release-linux-x86_64 1.15.6 9.13 101.64 110.76 OK
r-release-osx-x86_64-mavericks 1.15.6 OK
r-release-windows-ix86+x86_64 1.15.6 21.00 159.00 180.00 OK
r-oldrel-windows-ix86+x86_64 1.15.6 22.00 176.00 198.00 OK

Check Details

Version: 1.15.6
Check: Rd cross-references
Result: NOTE
    Package unavailable to check Rd xrefs: ‘RMark’
Flavors: r-patched-solaris-sparc, r-patched-solaris-x86