CRAN Package Check Results for Package MuMIn

Last updated on 2018-02-18 06:46:30 CET.

Flavor Version Tinstall Tcheck Ttotal Status Flags
r-devel-linux-x86_64-debian-clang 1.40.4 11.81 116.36 128.17 OK
r-devel-linux-x86_64-debian-gcc 1.40.4 11.91 90.48 102.39 OK
r-devel-linux-x86_64-fedora-clang 1.40.4 157.18 OK
r-devel-linux-x86_64-fedora-gcc 1.40.4 152.39 OK
r-devel-windows-ix86+x86_64 1.40.4 16.00 118.00 134.00 OK
r-patched-linux-x86_64 1.40.4 12.56 120.54 133.10 OK
r-patched-solaris-x86 1.40.4 233.10 NOTE
r-release-linux-x86_64 1.40.4 10.01 121.40 131.41 OK
r-release-windows-ix86+x86_64 1.40.4 23.00 122.00 145.00 OK
r-release-osx-x86_64 1.40.4 OK
r-oldrel-windows-ix86+x86_64 1.40.4 17.00 151.00 168.00 OK
r-oldrel-osx-x86_64 1.40.0 OK

Check Details

Version: 1.40.4
Check: Rd cross-references
Result: NOTE
    Package unavailable to check Rd xrefs: ‘RMark’
Flavor: r-patched-solaris-x86