CRAN Package Check Results for Package MuMIn

Last updated on 2016-06-28 10:47:24.

Flavor Version Tinstall Tcheck Ttotal Status Flags
r-devel-linux-x86_64-debian-gcc 1.15.6 6.85 89.99 96.84 OK
r-devel-linux-x86_64-fedora-clang 1.15.6 170.64 OK
r-devel-linux-x86_64-fedora-gcc 1.15.6 180.85 OK
r-devel-osx-x86_64-clang 1.15.6 130.00 OK
r-devel-windows-ix86+x86_64 1.15.6 20.00 176.00 196.00 OK
r-patched-linux-x86_64 1.15.6 8.02 86.33 94.35 OK
r-patched-solaris-sparc 1.15.6 1181.50 NOTE
r-patched-solaris-x86 1.15.6 234.70 NOTE
r-release-linux-x86_64 1.15.6 7.93 84.72 92.65 OK
r-release-osx-x86_64-mavericks 1.15.6 OK
r-release-windows-ix86+x86_64 1.15.6 21.00 172.00 193.00 OK
r-oldrel-windows-ix86+x86_64 1.15.6 21.00 130.00 151.00 OK

Check Details

Version: 1.15.6
Check: Rd cross-references
Result: NOTE
    Package unavailable to check Rd xrefs: ‘RMark’
Flavors: r-patched-solaris-sparc, r-patched-solaris-x86