CRAN Package Check Results for Package MuMIn

Last updated on 2014-09-01 21:48:55.

Flavor Version Tinstall Tcheck Ttotal Status Flags
r-devel-linux-x86_64-debian-clang 1.10.5 1.38 54.97 56.35 NOTE
r-devel-linux-x86_64-debian-gcc 1.10.5 1.58 54.43 56.01 NOTE
r-devel-linux-x86_64-fedora-clang 1.10.5 115.92 NOTE
r-devel-linux-x86_64-fedora-gcc 1.10.5 109.16 NOTE
r-devel-osx-x86_64-clang 1.10.5 85.75 NOTE
r-devel-windows-ix86+x86_64 1.10.5 4.00 80.00 84.00 NOTE
r-patched-linux-x86_64 1.10.5 1.06 60.72 61.78 OK
r-patched-solaris-sparc 1.10.5 727.70 OK
r-patched-solaris-x86 1.10.5 156.90 OK
r-release-linux-ix86 1.10.5 1.48 80.24 81.72 OK
r-release-linux-x86_64 1.10.5 1.30 61.69 62.99 OK
r-release-osx-x86_64-mavericks 1.10.5 OK
r-release-osx-x86_64-snowleopard 1.10.5 OK
r-release-windows-ix86+x86_64 1.10.5 3.00 90.00 93.00 OK
r-oldrel-windows-ix86+x86_64 1.10.5 5.00 86.00 91.00 OK

Check Details

Version: 1.10.5
Check: R code for possible problems
Result: NOTE
    coefTable.lme: no visible global function definition for ‘fixef’
    coefTable.mer: no visible global function definition for ‘fixef’
    coeffs.merMod: no visible global function definition for ‘fixef’
    predict.merMod: no visible global function definition for ‘fixef’
    r.squaredGLMM.lme : <anonymous>: no visible global function definition
     for ‘pdMatrix’
    r.squaredGLMM.mer: no visible global function definition for ‘findbars’
    r.squaredGLMM.mer: no visible global function definition for ‘VarCorr’
    r.squaredGLMM.mer: no visible global function definition for ‘fixef’
    r.squaredGLMM.merMod: no visible global function definition for
     ‘findbars’
    r.squaredGLMM.merMod: no visible global function definition for
     ‘VarCorr’
    r.squaredGLMM.merMod: no visible global function definition for ‘fixef’
Flavors: r-devel-linux-x86_64-debian-clang, r-devel-linux-x86_64-debian-gcc, r-devel-linux-x86_64-fedora-clang, r-devel-linux-x86_64-fedora-gcc, r-devel-osx-x86_64-clang, r-devel-windows-ix86+x86_64