CRAN Package Check Results for Package MuMIn

Last updated on 2017-10-17 19:48:02.

Flavor Version Tinstall Tcheck Ttotal Status Flags
r-devel-linux-x86_64-debian-clang 1.40.0 8.57 81.09 89.65 OK
r-devel-linux-x86_64-debian-gcc 1.40.0 9.70 85.58 95.28 OK
r-devel-linux-x86_64-fedora-clang 1.40.0 179.23 OK
r-devel-linux-x86_64-fedora-gcc 1.40.0 177.81 OK
r-devel-windows-ix86+x86_64 1.40.0 17.00 122.00 139.00 OK
r-patched-linux-x86_64 1.40.0 9.05 83.21 92.26 OK
r-patched-solaris-x86 1.40.0 254.40 NOTE
r-release-linux-x86_64 1.40.0 8.63 78.85 87.48 OK
r-release-windows-ix86+x86_64 1.40.0 24.00 164.00 188.00 OK
r-release-osx-x86_64 1.40.0 OK
r-oldrel-windows-ix86+x86_64 1.40.0 22.00 136.00 158.00 OK
r-oldrel-osx-x86_64 1.40.0 OK

Check Details

Version: 1.40.0
Check: Rd cross-references
Result: NOTE
    Package unavailable to check Rd xrefs: ‘RMark’
Flavor: r-patched-solaris-x86