CRAN Package Check Results for Package MuMIn

Last updated on 2014-08-22 18:48:37.

Flavor Version Tinstall Tcheck Ttotal Status Flags
r-devel-linux-x86_64-debian-clang 1.10.5 1.05 55.18 56.23 NOTE
r-devel-linux-x86_64-debian-gcc 1.10.5 1.01 56.42 57.43 OK
r-devel-linux-x86_64-fedora-clang 1.10.5 115.42 NOTE
r-devel-linux-x86_64-fedora-gcc 1.10.5 109.84 NOTE
r-devel-osx-x86_64-clang 1.10.5 88.80 NOTE
r-devel-windows-ix86+x86_64 1.10.5 3.00 82.00 85.00 OK
r-patched-linux-x86_64 1.10.5 1.04 61.09 62.13 OK
r-patched-solaris-sparc 1.10.5 727.70 OK
r-patched-solaris-x86 1.10.5 156.90 OK
r-release-linux-ix86 1.10.5 1.46 80.54 81.99 OK
r-release-linux-x86_64 1.10.5 1.08 61.13 62.21 OK
r-release-osx-x86_64-mavericks 1.10.5 OK
r-release-osx-x86_64-snowleopard 1.10.5 OK
r-release-windows-ix86+x86_64 1.10.5 3.00 97.00 100.00 OK
r-oldrel-windows-ix86+x86_64 1.10.5 3.00 88.00 91.00 OK

Check Details

Version: 1.10.5
Check: R code for possible problems
Result: NOTE
    coefTable.lme: no visible global function definition for ‘fixef’
    coefTable.mer: no visible global function definition for ‘fixef’
    coeffs.merMod: no visible global function definition for ‘fixef’
    predict.merMod: no visible global function definition for ‘fixef’
    r.squaredGLMM.lme : <anonymous>: no visible global function definition
     for ‘pdMatrix’
    r.squaredGLMM.mer: no visible global function definition for ‘findbars’
    r.squaredGLMM.mer: no visible global function definition for ‘VarCorr’
    r.squaredGLMM.mer: no visible global function definition for ‘fixef’
    r.squaredGLMM.merMod: no visible global function definition for
     ‘findbars’
    r.squaredGLMM.merMod: no visible global function definition for
     ‘VarCorr’
    r.squaredGLMM.merMod: no visible global function definition for ‘fixef’
Flavors: r-devel-linux-x86_64-debian-clang, r-devel-linux-x86_64-fedora-clang, r-devel-linux-x86_64-fedora-gcc, r-devel-osx-x86_64-clang