CRAN Package Check Results for Package MuMIn

Last updated on 2017-08-17 03:49:00.

Flavor Version Tinstall Tcheck Ttotal Status Flags
r-devel-linux-x86_64-debian-clang 1.15.6 8.52 87.83 96.35 OK
r-devel-linux-x86_64-debian-gcc 1.15.6 7.95 89.98 97.93 OK
r-devel-linux-x86_64-fedora-clang 1.15.6 208.95 OK
r-devel-linux-x86_64-fedora-gcc 1.15.6 223.67 OK
r-devel-windows-ix86+x86_64 1.15.6 15.00 140.00 155.00 OK
r-patched-linux-x86_64 1.15.6 7.95 92.89 100.84 OK
r-patched-solaris-x86 1.15.6 275.90 NOTE
r-release-linux-x86_64 1.15.6 8.20 91.48 99.68 OK
r-release-windows-ix86+x86_64 1.15.6 16.00 155.00 171.00 OK
r-release-osx-x86_64 1.15.6 OK
r-oldrel-windows-ix86+x86_64 1.15.6 21.00 125.00 146.00 OK
r-oldrel-osx-x86_64 1.15.6 OK

Check Details

Version: 1.15.6
Check: Rd cross-references
Result: NOTE
    Package unavailable to check Rd xrefs: ‘RMark’
Flavor: r-patched-solaris-x86