CRAN Package Check Results for Package MuMIn

Last updated on 2017-04-26 21:47:25.

Flavor Version Tinstall Tcheck Ttotal Status Flags
r-devel-linux-x86_64-debian-clang 1.15.6 8.49 92.83 101.32 OK
r-devel-linux-x86_64-debian-gcc 1.15.6 8.03 91.30 99.33 OK
r-devel-linux-x86_64-fedora-clang 1.15.6 198.85 OK --no-stop-on-test-error
r-devel-linux-x86_64-fedora-gcc 1.15.6 199.54 OK --no-stop-on-test-error
r-devel-windows-ix86+x86_64 1.15.6 22.00 201.00 223.00 OK
r-patched-linux-x86_64 1.15.6 8.74 88.30 97.03 OK
r-patched-solaris-sparc 1.15.6 1254.20 NOTE
r-patched-solaris-x86 1.15.6 255.20 NOTE
r-release-linux-x86_64 1.15.6 7.47 90.19 97.66 OK
r-release-windows-ix86+x86_64 1.15.6 18.00 151.00 169.00 OK
r-release-osx-x86_64 1.15.6 OK
r-oldrel-windows-ix86+x86_64 1.15.6 15.00 193.00 208.00 OK
r-oldrel-osx-x86_64 1.15.6 OK

Check Details

Version: 1.15.6
Check: Rd cross-references
Result: NOTE
    Package unavailable to check Rd xrefs: ‘RMark’
Flavors: r-patched-solaris-sparc, r-patched-solaris-x86