CRAN Package Check Results for Package MuMIn

Last updated on 2017-06-23 16:47:42.

Flavor Version Tinstall Tcheck Ttotal Status Flags
r-devel-linux-x86_64-debian-clang 1.15.6 7.67 92.63 100.30 OK
r-devel-linux-x86_64-debian-gcc 1.15.6 7.51 89.34 96.85 OK
r-devel-linux-x86_64-fedora-clang 1.15.6 202.47 OK
r-devel-linux-x86_64-fedora-gcc 1.15.6 227.24 OK
r-devel-windows-ix86+x86_64 1.15.6 16.00 198.00 214.00 OK
r-patched-linux-x86_64 1.15.6 7.52 92.61 100.13 OK
r-patched-solaris-sparc 1.15.6 1254.20 NOTE
r-patched-solaris-x86 1.15.6 251.10 NOTE
r-release-linux-x86_64 1.15.6 7.97 89.14 97.12 OK
r-release-windows-ix86+x86_64 1.15.6 17.00 191.00 208.00 OK
r-release-osx-x86_64 1.15.6 OK
r-oldrel-windows-ix86+x86_64 1.15.6 21.00 176.00 197.00 OK
r-oldrel-osx-x86_64 1.15.6 OK

Check Details

Version: 1.15.6
Check: Rd cross-references
Result: NOTE
    Package unavailable to check Rd xrefs: ‘RMark’
Flavors: r-patched-solaris-sparc, r-patched-solaris-x86