Last updated on 2022-07-06 16:49:48 CEST.
Flavor | Version | Tinstall | Tcheck | Ttotal | Status | Flags |
---|---|---|---|---|---|---|
r-devel-linux-x86_64-debian-clang | 1.46.0 | 16.85 | 185.54 | 202.39 | OK | |
r-devel-linux-x86_64-debian-gcc | 1.46.0 | 14.78 | 138.15 | 152.93 | OK | |
r-devel-linux-x86_64-fedora-clang | 1.46.0 | 247.21 | NOTE | |||
r-devel-linux-x86_64-fedora-gcc | 1.46.0 | 246.05 | OK | |||
r-devel-windows-x86_64 | 1.46.0 | 69.00 | 199.00 | 268.00 | OK | |
r-patched-linux-x86_64 | 1.46.0 | 17.32 | 174.16 | 191.48 | OK | |
r-release-linux-x86_64 | 1.46.0 | 16.67 | 172.51 | 189.18 | OK | |
r-release-macos-arm64 | 1.46.0 | 67.00 | OK | |||
r-release-macos-x86_64 | 1.46.0 | 99.00 | OK | |||
r-release-windows-x86_64 | 1.46.0 | 70.00 | 220.00 | 290.00 | OK | |
r-oldrel-macos-arm64 | 1.46.0 | 69.00 | OK | |||
r-oldrel-macos-x86_64 | 1.46.0 | 95.00 | OK | |||
r-oldrel-windows-ix86+x86_64 | 1.46.0 | 35.00 | 210.00 | 245.00 | OK |
Version: 1.46.0
Check: Rd cross-references
Result: NOTE
Undeclared packages ‘AICcmodavg’, ‘bbmle’, ‘glmulti’, ‘arm’, ‘performance’, ‘wgeesel’, ‘ape’, ‘bestglm’, ‘leaps’, ‘glmmTMB’, ‘brglm’, ‘quantreg’, ‘maxlike’, ‘RMark’ in Rd xrefs
Flavor: r-devel-linux-x86_64-fedora-clang