CRAN Package Check Results for Package MuMIn

Last updated on 2017-01-21 03:50:34.

Flavor Version Tinstall Tcheck Ttotal Status Flags
r-devel-linux-x86_64-debian-clang 1.15.6 7.43 97.90 105.32 OK
r-devel-linux-x86_64-debian-gcc 1.15.6 7.37 92.55 99.93 OK
r-devel-linux-x86_64-fedora-clang 1.15.6 191.17 OK --no-stop-on-test-error
r-devel-linux-x86_64-fedora-gcc 1.15.6 197.99 OK --no-stop-on-test-error
r-devel-macos-x86_64-clang 1.15.6 137.46 OK --no-stop-on-test-error
r-devel-windows-ix86+x86_64 1.15.6 21.00 199.00 220.00 OK
r-patched-linux-x86_64 1.15.6 7.07 88.76 95.83 OK
r-patched-solaris-sparc 1.15.6 1185.20 NOTE
r-patched-solaris-x86 1.15.6 229.70 NOTE
r-release-linux-x86_64 1.15.6 6.69 89.70 96.39 OK
r-release-osx-x86_64-mavericks 1.15.6 OK
r-release-windows-ix86+x86_64 1.15.6 22.00 175.00 197.00 OK
r-oldrel-windows-ix86+x86_64 1.15.6 21.00 176.00 197.00 OK

Check Details

Version: 1.15.6
Check: Rd cross-references
Result: NOTE
    Package unavailable to check Rd xrefs: ‘RMark’
Flavors: r-patched-solaris-sparc, r-patched-solaris-x86