CRAN Package Check Results for Package MuMIn

Last updated on 2015-04-28 03:47:25.

Flavor Version Tinstall Tcheck Ttotal Status Flags
r-devel-linux-x86_64-debian-clang 1.13.4 1.18 57.62 58.80 OK
r-devel-linux-x86_64-debian-gcc 1.13.4 1.08 56.31 57.39 OK
r-devel-linux-x86_64-fedora-clang 1.13.4 110.70 OK
r-devel-linux-x86_64-fedora-gcc 1.13.4 110.17 OK
r-devel-osx-x86_64-clang 1.13.4 90.98 OK
r-devel-windows-ix86+x86_64 1.13.4 5.00 84.00 89.00 OK
r-patched-linux-x86_64 1.13.4 1.10 56.64 57.74 OK
r-patched-solaris-sparc 1.13.4 785.10 NOTE
r-patched-solaris-x86 1.13.4 150.40 NOTE
r-release-linux-x86_64 1.13.4 1.10 56.76 57.86 OK
r-release-osx-x86_64-mavericks 1.13.4 ERROR
r-release-osx-x86_64-snowleopard 1.13.4 ERROR
r-release-windows-ix86+x86_64 1.13.4 9.00 111.00 120.00 OK
r-oldrel-windows-ix86+x86_64 1.13.4 3.00 79.00 82.00 OK

Check Details

Version: 1.13.4
Check: Rd cross-references
Result: NOTE
    Package unavailable to check Rd xrefs: ‘RMark’
Flavors: r-patched-solaris-sparc, r-patched-solaris-x86

Version: 1.13.4
Check: tests
Result: ERROR
    Running the tests in ‘tests/coxme.R’ failed.
    Last 13 lines of output:
     1), data = lung1)
     2 : coxme(formula = Surv(time, status) ~ ph.karno + (age | 1) + (wt.loss |
     1), data = lung1)
     3 : coxme(formula = Surv(time, status) ~ ph.ecog + ph.karno + (age |
     1) + (wt.loss | 1), data = lung1)
     7 : coxme(formula = Surv(time, status) ~ ph.ecog + ph.karno + (age |
     1) + (wt.loss | 1) + ph.ecog:ph.karno, data = lung1)
     New rank 'AIC' applied to logLik objects
     Fixed term is "(Intercept)"
     Fixed term is "(Intercept)"
     Error in is.data.frame(data) : object 'ergoStool' not found
     Calls: lmekin ... model.frame -> model.frame.default -> is.data.frame
     Execution halted
Flavors: r-release-osx-x86_64-mavericks, r-release-osx-x86_64-snowleopard

Version: 1.13.4
Check: package dependencies
Result: NOTE
    Packages which this enhances but not available for checking:
     ‘betareg’ ‘cplm’ ‘spdep’ ‘splm’
Flavor: r-release-osx-x86_64-snowleopard

Version: 1.13.4
Check: Rd cross-references
Result: NOTE
    Packages unavailable to check Rd xrefs: ‘cplm’, ‘betareg’, ‘spdep’, ‘splm’, ‘quantreg’, ‘maxlike’, ‘RMark’
Flavor: r-release-osx-x86_64-snowleopard