CRAN Package Check Results for Package MullerPlot

Last updated on 2022-01-27 09:49:39 CET.

Flavor Version Tinstall Tcheck Ttotal Status Flags
r-devel-linux-x86_64-debian-clang 0.1.2 2.48 37.73 40.21 NOTE
r-devel-linux-x86_64-debian-gcc 0.1.2 2.20 29.28 31.48 NOTE
r-devel-linux-x86_64-fedora-clang 0.1.2 50.53 OK
r-devel-linux-x86_64-fedora-gcc 0.1.2 39.16 OK
r-devel-windows-x86_64-new-UL 0.1.2 24.00 59.00 83.00 NOTE
r-devel-windows-x86_64-new-TK 0.1.2 OK
r-patched-linux-x86_64 0.1.2 2.89 35.95 38.84 NOTE
r-release-linux-x86_64 0.1.2 2.41 36.04 38.45 NOTE
r-release-macos-arm64 0.1.2 OK
r-release-macos-x86_64 0.1.2 OK
r-release-windows-ix86+x86_64 0.1.2 6.00 45.00 51.00 NOTE
r-oldrel-macos-x86_64 0.1.2 OK
r-oldrel-windows-ix86+x86_64 0.1.2 7.00 48.00 55.00 NOTE

Check Details

Version: 0.1.2
Check: package vignettes
Result: NOTE
    Package vignette with placeholder title 'Vignette Title':
     'MullerPlot.Rmd'
Flavors: r-devel-linux-x86_64-debian-clang, r-devel-linux-x86_64-debian-gcc, r-devel-windows-x86_64-new-UL, r-patched-linux-x86_64, r-release-linux-x86_64, r-release-windows-ix86+x86_64, r-oldrel-windows-ix86+x86_64