CRAN Package Check Results for Package MultIS

Last updated on 2022-01-25 17:53:44 CET.

Flavor Version Tinstall Tcheck Ttotal Status Flags
r-devel-linux-x86_64-debian-clang 0.6.2 5.77 88.68 94.45 OK
r-devel-linux-x86_64-debian-gcc 0.6.2 5.18 72.18 77.36 OK
r-devel-linux-x86_64-fedora-clang 0.6.2 120.83 NOTE
r-devel-linux-x86_64-fedora-gcc 0.6.2 100.92 NOTE
r-devel-windows-x86_64-new-UL 0.6.2 51.00 125.00 176.00 OK
r-devel-windows-x86_64-new-TK 0.6.2 NOTE
r-patched-linux-x86_64 0.6.2 5.45 81.87 87.32 OK
r-release-linux-x86_64 0.6.2 5.04 80.98 86.02 OK
r-release-macos-arm64 0.6.2 NOTE
r-release-macos-x86_64 0.6.2 NOTE
r-release-windows-ix86+x86_64 0.6.2 14.00 114.00 128.00 OK
r-oldrel-macos-x86_64 0.6.2 NOTE
r-oldrel-windows-ix86+x86_64 0.6.2 14.00 116.00 130.00 OK

Check Details

Version: 0.6.2
Check: dependencies in R code
Result: NOTE
    Namespaces in Imports field not imported from:
     ‘poweRlaw’ ‘rmutil’
     All declared Imports should be used.
Flavors: r-devel-linux-x86_64-fedora-clang, r-devel-linux-x86_64-fedora-gcc, r-devel-windows-x86_64-new-TK, r-release-macos-arm64, r-release-macos-x86_64, r-oldrel-macos-x86_64