CRAN Package Check Results for Package MultOrdRS

Last updated on 2023-12-11 13:49:43 CET.

Flavor Version Tinstall Tcheck Ttotal Status Flags
r-devel-linux-x86_64-debian-clang 0.1-2 46.05 59.47 105.52 NOTE
r-devel-linux-x86_64-debian-gcc 0.1-2 34.27 35.46 69.73 NOTE
r-devel-linux-x86_64-fedora-clang 0.1-2 147.01 NOTE
r-devel-linux-x86_64-fedora-gcc 0.1-2 134.86 NOTE
r-devel-windows-x86_64 0.1-2 37.00 74.00 111.00 NOTE
r-patched-linux-x86_64 0.1-2 41.80 47.01 88.81 NOTE
r-release-linux-x86_64 0.1-2 42.36 45.48 87.84 NOTE
r-release-macos-arm64 0.1-2 41.00 NOTE
r-release-macos-x86_64 0.1-2 64.00 NOTE
r-release-windows-x86_64 0.1-2 48.00 83.00 131.00 NOTE
r-oldrel-macos-arm64 0.1-2 37.00 OK
r-oldrel-macos-x86_64 0.1-2 46.00 OK
r-oldrel-windows-x86_64 0.1-2 45.00 87.00 132.00 OK

Check Details

Version: 0.1-2
Check: C++ specification
Result: NOTE Specified C++11: please drop specification unless essential Flavors: r-devel-linux-x86_64-debian-clang, r-devel-linux-x86_64-debian-gcc, r-devel-linux-x86_64-fedora-clang, r-devel-linux-x86_64-fedora-gcc, r-devel-windows-x86_64, r-patched-linux-x86_64, r-release-linux-x86_64, r-release-macos-arm64, r-release-macos-x86_64, r-release-windows-x86_64