CRAN Package Check Results for Package MultOrdRS

Last updated on 2022-12-08 04:06:36 CET.

Flavor Version Tinstall Tcheck Ttotal Status Flags
r-devel-linux-x86_64-debian-clang 0.1-2 52.36 52.93 105.29 OK
r-devel-linux-x86_64-debian-gcc 0.1-2 39.13 36.74 75.87 OK
r-devel-linux-x86_64-fedora-clang 0.1-2 145.53 OK
r-devel-linux-x86_64-fedora-gcc 0.1-2 134.85 OK
r-devel-windows-x86_64 0.1-2 52.00 87.00 139.00 OK
r-patched-linux-x86_64 0.1-2 46.44 46.16 92.60 OK
r-release-linux-x86_64 0.1-2 39.97 47.42 87.39 OK
r-release-macos-arm64 0.1-2 35.00 OK
r-release-macos-x86_64 0.1-2 46.00 OK
r-release-windows-x86_64 0.1-2 43.00 90.00 133.00 OK
r-oldrel-macos-arm64 0.1-2 41.00 NOTE
r-oldrel-macos-x86_64 0.1-2 64.00 OK
r-oldrel-windows-ix86+x86_64 0.1-2 111.00 100.00 211.00 OK

Check Details

Version: 0.1-2
Check: installed package size
Result: NOTE
     installed size is 5.6Mb
     sub-directories of 1Mb or more:
     libs 5.5Mb
Flavor: r-oldrel-macos-arm64