CRAN Package Check Results for Package MultiGroupO

Last updated on 2024-02-29 04:54:21 CET.

Flavor Version Tinstall Tcheck Ttotal Status Flags
r-devel-linux-x86_64-debian-clang 0.1.0 12.90 155.81 168.71 OK
r-devel-linux-x86_64-debian-gcc 0.1.0 11.86 116.61 128.47 OK
r-devel-linux-x86_64-fedora-clang 0.1.0 206.35 NOTE
r-devel-linux-x86_64-fedora-gcc 0.1.0 211.57 NOTE
r-devel-windows-x86_64 0.1.0 14.00 128.00 142.00 OK
r-patched-linux-x86_64 0.1.0 11.40 153.79 165.19 OK
r-release-linux-x86_64 0.1.0 9.41 152.39 161.80 OK
r-release-macos-arm64 0.1.0 75.00 OK
r-release-macos-x86_64 0.1.0 115.00 OK
r-release-windows-x86_64 0.1.0 18.00 158.00 176.00 OK
r-oldrel-macos-arm64 0.1.0 66.00 NOTE
r-oldrel-windows-x86_64 0.1.0 19.00 165.00 184.00 OK

Check Details

Version: 0.1.0
Check: dependencies in R code
Result: NOTE Namespace in Imports field not imported from: ‘plsgenomics’ All declared Imports should be used. Flavors: r-devel-linux-x86_64-fedora-clang, r-devel-linux-x86_64-fedora-gcc, r-oldrel-macos-arm64