CRAN Package Check Results for Package MultiOrd

Last updated on 2014-04-23 17:47:49.

Flavor Version Tinstall Tcheck Ttotal Status Flags
r-devel-linux-x86_64-debian-clang 2.1 3.62 39.66 43.28 OK
r-devel-linux-x86_64-debian-gcc 2.1 3.44 40.03 43.47 OK
r-devel-linux-x86_64-fedora-clang 2.1 100.71 OK
r-devel-linux-x86_64-fedora-gcc 2.1 97.28 OK
r-devel-osx-x86_64-clang 2.1 79.83 OK
r-devel-osx-x86_64-gcc 2.1 OK
r-devel-windows-ix86+x86_64 2.1 10.00 54.00 64.00 OK
r-patched-linux-x86_64 2.1 3.41 39.14 42.55 OK
r-patched-solaris-sparc 2.1 518.80 OK
r-patched-solaris-x86 2.1 126.00 OK
r-release-linux-ix86 2.1 5.00 64.00 69.00 OK
r-release-linux-x86_64 2.1 3.60 40.53 44.13 OK
r-release-osx-x86_64-mavericks 2.1 WARN
r-release-osx-x86_64-snowleopard 2.1 OK
r-release-windows-ix86+x86_64 2.1 8.00 54.00 62.00 OK
r-oldrel-windows-ix86+x86_64 2.1 8.00 54.00 62.00 OK

Check Details

Version: 2.1
Check: PDF version of manual
Result: WARNING
    LaTeX errors when creating PDF version.
    This typically indicates Rd problems.
    LaTeX errors found:
    ! LaTeX Error: File `upquote.sty' not found.
    
    Type X to quit or <RETURN> to proceed,
    or enter new name. (Default extension: sty)
    
    6aa118a/Rd2.tex:8: ==> Fatal error occurred, no output PDF file produced!
Flavor: r-release-osx-x86_64-mavericks