CRAN Package Check Results for Package MultiOrd

Last updated on 2015-03-31 11:49:48.

Flavor Version Tinstall Tcheck Ttotal Status Flags
r-devel-linux-x86_64-debian-clang 2.1 2.52 31.41 33.93 NOTE
r-devel-linux-x86_64-debian-gcc 2.1 2.54 31.13 33.67 NOTE
r-devel-linux-x86_64-fedora-clang 2.1 71.44 NOTE
r-devel-linux-x86_64-fedora-gcc 2.1 67.66 NOTE
r-devel-osx-x86_64-clang 2.1 67.60 NOTE
r-prerel-windows-ix86+x86_64 2.1 10.00 47.00 57.00 NOTE
r-prerel-linux-x86_64 2.1 2.53 31.14 33.68 NOTE
r-prerel-solaris-sparc 2.1 403.10 NOTE
r-prerel-solaris-x86 2.1 95.70 NOTE
r-release-linux-x86_64 2.1 3.40 39.53 42.93 OK
r-release-osx-x86_64-mavericks 2.1 OK
r-release-osx-x86_64-snowleopard 2.1 OK
r-release-windows-ix86+x86_64 2.1 10.00 56.00 66.00 OK
r-oldrel-windows-ix86+x86_64 2.1 11.00 55.00 66.00 OK

Check Details

Version: 2.1
Check: DESCRIPTION meta-information
Result: NOTE
    Malformed Title field: should not end in a period.
Flavors: r-devel-linux-x86_64-debian-clang, r-devel-linux-x86_64-debian-gcc, r-devel-linux-x86_64-fedora-clang, r-devel-linux-x86_64-fedora-gcc, r-devel-osx-x86_64-clang, r-prerel-windows-ix86+x86_64, r-prerel-linux-x86_64, r-prerel-solaris-sparc, r-prerel-solaris-x86