CRAN Package Check Results for Package MultiOrd

Last updated on 2016-02-06 18:50:35.

Flavor Version Tinstall Tcheck Ttotal Status Flags
r-devel-linux-x86_64-debian-gcc 2.1 2.49 29.02 31.51 NOTE
r-devel-linux-x86_64-fedora-clang 2.1 71.58 NOTE
r-devel-linux-x86_64-fedora-gcc 2.1 62.43 NOTE
r-devel-osx-x86_64-clang 2.1 66.90 NOTE
r-devel-windows-ix86+x86_64 2.1 10.00 57.00 67.00 NOTE
r-patched-linux-x86_64 2.1 2.91 32.31 35.21 NOTE
r-patched-solaris-sparc 2.1 398.70 NOTE
r-patched-solaris-x86 2.1 88.30 NOTE
r-release-linux-x86_64 2.1 2.70 32.05 34.75 NOTE
r-release-osx-x86_64-mavericks 2.1 NOTE
r-release-windows-ix86+x86_64 2.1 9.00 57.00 66.00 NOTE
r-oldrel-windows-ix86+x86_64 2.1 15.00 70.00 85.00 OK

Check Details

Version: 2.1
Check: DESCRIPTION meta-information
Result: NOTE
    Malformed Title field: should not end in a period.
Flavors: r-devel-linux-x86_64-debian-gcc, r-devel-linux-x86_64-fedora-clang, r-devel-linux-x86_64-fedora-gcc, r-devel-osx-x86_64-clang, r-devel-windows-ix86+x86_64, r-patched-linux-x86_64, r-patched-solaris-sparc, r-patched-solaris-x86, r-release-linux-x86_64, r-release-osx-x86_64-mavericks, r-release-windows-ix86+x86_64

Version: 2.1
Check: R code for possible problems
Result: NOTE
    BinToOrd: no visible global function definition for ‘cor’
    generate.binary: no visible global function definition for ‘qnorm’
    Undefined global functions or variables:
     cor qnorm
    Consider adding
     importFrom("stats", "cor", "qnorm")
    to your NAMESPACE file.
Flavors: r-devel-linux-x86_64-debian-gcc, r-devel-linux-x86_64-fedora-clang, r-devel-osx-x86_64-clang

Version: 2.1
Check: R code for possible problems
Result: NOTE
    BinToOrd: no visible global function definition for ‘cor’
    generate.binary: no visible global function definition for ‘qnorm’
    Undefined global functions or variables:
     cor qnorm
    Consider adding
     importFrom("stats", "cor", "qnorm")
    to your NAMESPACE.
Flavors: r-devel-linux-x86_64-fedora-gcc, r-devel-windows-ix86+x86_64