CRAN Package Check Results for Package MultiOrd

Last updated on 2015-08-28 08:47:04.

Flavor Version Tinstall Tcheck Ttotal Status Flags
r-devel-linux-x86_64-debian-clang 2.1 2.65 30.11 32.76 NOTE
r-devel-linux-x86_64-debian-gcc 2.1 3.05 29.12 32.17 NOTE
r-devel-linux-x86_64-fedora-clang 2.1 68.72 NOTE
r-devel-linux-x86_64-fedora-gcc 2.1 65.13 NOTE
r-devel-osx-x86_64-clang 2.1 59.05 NOTE
r-devel-windows-ix86+x86_64 2.1 12.00 55.00 67.00 NOTE
r-patched-linux-x86_64 2.1 2.59 31.38 33.96 NOTE
r-patched-solaris-sparc 2.1 440.10 NOTE
r-patched-solaris-x86 2.1 101.20 NOTE
r-release-linux-x86_64 2.1 2.54 32.02 34.57 NOTE
r-release-osx-x86_64-mavericks 2.1 NOTE
r-release-windows-ix86+x86_64 2.1 11.00 56.00 67.00 NOTE
r-oldrel-windows-ix86+x86_64 2.1 15.00 66.00 81.00 OK

Check Details

Version: 2.1
Check: DESCRIPTION meta-information
Result: NOTE
    Malformed Title field: should not end in a period.
Flavors: r-devel-linux-x86_64-debian-clang, r-devel-linux-x86_64-debian-gcc, r-devel-linux-x86_64-fedora-clang, r-devel-linux-x86_64-fedora-gcc, r-devel-osx-x86_64-clang, r-devel-windows-ix86+x86_64, r-patched-linux-x86_64, r-patched-solaris-sparc, r-patched-solaris-x86, r-release-linux-x86_64, r-release-osx-x86_64-mavericks, r-release-windows-ix86+x86_64

Version: 2.1
Check: R code for possible problems
Result: NOTE
    BinToOrd: no visible global function definition for ‘cor’
    generate.binary: no visible global function definition for ‘qnorm’
    Undefined global functions or variables:
     cor qnorm
    Consider adding
     importFrom("stats", "cor", "qnorm")
    to your NAMESPACE.
Flavors: r-devel-linux-x86_64-debian-clang, r-devel-linux-x86_64-debian-gcc, r-devel-linux-x86_64-fedora-clang, r-devel-linux-x86_64-fedora-gcc, r-devel-windows-ix86+x86_64