CRAN Package Check Results for Package MultiOrd

Last updated on 2015-04-27 14:46:51.

Flavor Version Tinstall Tcheck Ttotal Status Flags
r-devel-linux-x86_64-debian-clang 2.1 2.70 32.61 35.31 NOTE
r-devel-linux-x86_64-debian-gcc 2.1 2.53 31.05 33.58 NOTE
r-devel-linux-x86_64-fedora-clang 2.1 72.28 NOTE
r-devel-linux-x86_64-fedora-gcc 2.1 72.62 NOTE
r-devel-osx-x86_64-clang 2.1 62.63 NOTE
r-devel-windows-ix86+x86_64 2.1 9.00 81.00 90.00 NOTE
r-patched-linux-x86_64 2.1 2.58 31.48 34.06 NOTE
r-patched-solaris-sparc 2.1 403.10 NOTE
r-patched-solaris-x86 2.1 101.30 NOTE
r-release-linux-x86_64 2.1 2.60 31.51 34.11 NOTE
r-release-osx-x86_64-mavericks 2.1 NOTE
r-release-osx-x86_64-snowleopard 2.1 NOTE
r-release-windows-ix86+x86_64 2.1 10.00 62.00 72.00 NOTE
r-oldrel-windows-ix86+x86_64 2.1 10.00 59.00 69.00 OK

Check Details

Version: 2.1
Check: DESCRIPTION meta-information
Result: NOTE
    Malformed Title field: should not end in a period.
Flavors: r-devel-linux-x86_64-debian-clang, r-devel-linux-x86_64-debian-gcc, r-devel-linux-x86_64-fedora-clang, r-devel-linux-x86_64-fedora-gcc, r-devel-osx-x86_64-clang, r-devel-windows-ix86+x86_64, r-patched-solaris-sparc, r-patched-solaris-x86, r-release-linux-x86_64, r-release-osx-x86_64-mavericks, r-release-osx-x86_64-snowleopard, r-release-windows-ix86+x86_64