CRAN Package Check Results for Package MultiVarSel

Last updated on 2019-08-21 22:48:44 CEST.

Flavor Version Tinstall Tcheck Ttotal Status Flags
r-devel-linux-x86_64-debian-clang 1.1.3 6.71 57.70 64.41 OK
r-devel-linux-x86_64-debian-gcc 1.1.3 OK
r-devel-linux-x86_64-fedora-clang 1.1.3 80.37 NOTE
r-devel-linux-x86_64-fedora-gcc 1.1.3 78.63 NOTE
r-devel-windows-ix86+x86_64 1.1.3 22.00 90.00 112.00 OK
r-patched-linux-x86_64 1.1.3 5.87 57.82 63.69 OK
r-patched-solaris-x86 1.1.3 128.80 NOTE
r-release-linux-x86_64 1.1.3 7.24 57.64 64.88 OK
r-release-windows-ix86+x86_64 1.1.3 13.00 68.00 81.00 OK
r-release-osx-x86_64 1.1.3 NOTE
r-oldrel-windows-ix86+x86_64 1.1.3 14.00 94.00 108.00 OK
r-oldrel-osx-x86_64 1.1.3 NOTE

Check Details

Version: 1.1.3
Check: data for non-ASCII characters
Result: NOTE
     Note: found 6 marked UTF-8 strings
Flavors: r-devel-linux-x86_64-fedora-clang, r-devel-linux-x86_64-fedora-gcc, r-patched-solaris-x86, r-release-osx-x86_64, r-oldrel-osx-x86_64