CRAN Package Check Results for Package MultisiteMediation

Last updated on 2024-06-24 18:55:43 CEST.

Flavor Version Tinstall Tcheck Ttotal Status Flags
r-devel-linux-x86_64-debian-clang 0.0.4 19.93 175.47 195.40 OK
r-devel-linux-x86_64-debian-gcc 0.0.4 17.15 0.49 17.64 FAIL
r-devel-linux-x86_64-fedora-clang 0.0.4 235.06 OK
r-devel-linux-x86_64-fedora-gcc 0.0.4 224.56 OK
r-devel-windows-x86_64 0.0.4 18.00 126.00 144.00 OK
r-patched-linux-x86_64 0.0.4 17.56 165.45 183.01 OK
r-release-linux-x86_64 0.0.4 20.51 164.76 185.27 OK
r-release-macos-arm64 0.0.4 62.00 OK
r-release-macos-x86_64 0.0.4 89.00 OK
r-release-windows-x86_64 0.0.4 16.00 127.00 143.00 OK
r-oldrel-macos-arm64 0.0.4 67.00 OK
r-oldrel-macos-x86_64 0.0.4 110.00 OK
r-oldrel-windows-x86_64 0.0.4 23.00 161.00 184.00 OK

Check Details

Version: 0.0.4
Check: package dependencies
Result: FAIL
Flavor: r-devel-linux-x86_64-debian-gcc