CRAN Package Check Results for Package Myrrix

Last updated on 2015-08-29 20:48:08.

Flavor Version Tinstall Tcheck Ttotal Status Flags
r-devel-linux-x86_64-debian-clang 1.1 1.36 19.70 21.06 NOTE
r-devel-linux-x86_64-debian-gcc 1.1 1.29 19.10 20.38 NOTE
r-devel-linux-x86_64-fedora-clang 1.1 43.15 NOTE
r-devel-linux-x86_64-fedora-gcc 1.1 39.74 NOTE
r-devel-osx-x86_64-clang 1.1 40.79 NOTE
r-devel-windows-ix86+x86_64 1.1 8.00 40.00 48.00 NOTE
r-patched-linux-x86_64 1.1 1.48 20.71 22.20 NOTE
r-patched-solaris-sparc 1.1 271.00 NOTE
r-patched-solaris-x86 1.1 72.90 NOTE
r-release-linux-x86_64 1.1 1.39 20.76 22.15 NOTE
r-release-osx-x86_64-mavericks 1.1 NOTE
r-release-windows-ix86+x86_64 1.1 6.00 54.00 60.00 NOTE
r-oldrel-windows-ix86+x86_64 1.1 9.00 46.00 55.00 OK

Check Details

Version: 1.1
Check: DESCRIPTION meta-information
Result: NOTE
    Malformed Title field: should not end in a period.
Flavors: r-devel-linux-x86_64-debian-clang, r-devel-linux-x86_64-debian-gcc, r-devel-linux-x86_64-fedora-clang, r-devel-linux-x86_64-fedora-gcc, r-devel-osx-x86_64-clang, r-devel-windows-ix86+x86_64, r-patched-linux-x86_64, r-patched-solaris-sparc, r-patched-solaris-x86, r-release-linux-x86_64, r-release-osx-x86_64-mavericks, r-release-windows-ix86+x86_64