CRAN Package Check Results for Package Myrrix

Last updated on 2015-03-07 03:50:14.

Flavor Version Tinstall Tcheck Ttotal Status Flags
r-devel-linux-x86_64-debian-clang 1.1 1.40 20.25 21.66 NOTE
r-devel-linux-x86_64-debian-gcc 1.1 1.36 20.29 21.65 NOTE
r-devel-linux-x86_64-fedora-clang 1.1 44.38 NOTE
r-devel-linux-x86_64-fedora-gcc 1.1 43.04 NOTE
r-devel-osx-x86_64-clang 1.1 46.93 NOTE
r-devel-windows-ix86+x86_64 1.1 5.00 36.00 41.00 NOTE
r-patched-linux-x86_64 1.1 2.18 25.23 27.41 OK
r-patched-solaris-sparc 1.1 342.00 OK
r-patched-solaris-x86 1.1 78.40 OK
r-release-linux-ix86 1.1 2.34 32.65 34.99 OK
r-release-linux-x86_64 1.1 1.96 24.42 26.38 OK
r-release-osx-x86_64-mavericks 1.1 OK
r-release-osx-x86_64-snowleopard 1.1 OK
r-release-windows-ix86+x86_64 1.1 6.00 40.00 46.00 OK
r-oldrel-windows-ix86+x86_64 1.1 5.00 41.00 46.00 OK

Check Details

Version: 1.1
Check: DESCRIPTION meta-information
Result: NOTE
    Malformed Title field: should not end in a period.
Flavors: r-devel-linux-x86_64-debian-clang, r-devel-linux-x86_64-debian-gcc, r-devel-linux-x86_64-fedora-clang, r-devel-linux-x86_64-fedora-gcc, r-devel-osx-x86_64-clang, r-devel-windows-ix86+x86_64