CRAN Package Check Results for Package Myrrix

Last updated on 2016-08-27 17:53:32.

Flavor Version Tinstall Tcheck Ttotal Status Flags
r-devel-linux-x86_64-debian-clang 1.1 1.42 21.97 23.39 NOTE
r-devel-linux-x86_64-debian-gcc 1.1 1.88 27.38 29.26 NOTE
r-devel-linux-x86_64-fedora-clang 1.1 42.72 NOTE
r-devel-linux-x86_64-fedora-gcc 1.1 38.98 NOTE
r-devel-osx-x86_64-clang 1.1 35.21 NOTE
r-devel-windows-ix86+x86_64 1.1 5.00 49.00 54.00 NOTE
r-patched-linux-x86_64 1.1 1.39 20.67 22.06 NOTE
r-patched-solaris-sparc 1.1 243.60 NOTE
r-patched-solaris-x86 1.1 52.70 NOTE
r-release-linux-x86_64 1.1 1.68 22.26 23.94 NOTE
r-release-osx-x86_64-mavericks 1.1 NOTE
r-release-windows-ix86+x86_64 1.1 5.00 68.00 73.00 NOTE
r-oldrel-windows-ix86+x86_64 1.1 6.00 38.00 44.00 NOTE

Check Details

Version: 1.1
Check: DESCRIPTION meta-information
Result: NOTE
    Malformed Title field: should not end in a period.
Flavors: r-devel-linux-x86_64-debian-clang, r-devel-linux-x86_64-debian-gcc, r-devel-linux-x86_64-fedora-clang, r-devel-linux-x86_64-fedora-gcc, r-devel-osx-x86_64-clang, r-devel-windows-ix86+x86_64, r-patched-linux-x86_64, r-patched-solaris-sparc, r-patched-solaris-x86, r-release-linux-x86_64, r-release-osx-x86_64-mavericks, r-release-windows-ix86+x86_64, r-oldrel-windows-ix86+x86_64