CRAN Package Check Results for Package Myrrix

Last updated on 2017-08-23 01:46:28.

Flavor Version Tinstall Tcheck Ttotal Status Flags
r-devel-linux-x86_64-debian-clang 1.1 1.61 25.11 26.72 NOTE
r-devel-linux-x86_64-debian-gcc 1.1 1.77 24.28 26.06 NOTE
r-devel-linux-x86_64-fedora-clang 1.1 47.51 NOTE
r-devel-linux-x86_64-fedora-gcc 1.1 52.36 NOTE
r-devel-windows-ix86+x86_64 1.1 4.00 50.00 54.00 NOTE
r-patched-linux-x86_64 1.1 1.66 24.86 26.52 NOTE
r-patched-solaris-x86 1.1 83.10 NOTE
r-release-linux-x86_64 1.1 1.52 24.96 26.48 NOTE
r-release-windows-ix86+x86_64 1.1 5.00 55.00 60.00 NOTE
r-release-osx-x86_64 1.1 NOTE
r-oldrel-windows-ix86+x86_64 1.1 4.00 47.00 51.00 NOTE
r-oldrel-osx-x86_64 1.1 NOTE

Check Details

Version: 1.1
Check: DESCRIPTION meta-information
Result: NOTE
    Malformed Title field: should not end in a period.
Flavors: r-devel-linux-x86_64-debian-clang, r-devel-linux-x86_64-debian-gcc, r-devel-linux-x86_64-fedora-clang, r-devel-linux-x86_64-fedora-gcc, r-devel-windows-ix86+x86_64, r-patched-linux-x86_64, r-patched-solaris-x86, r-release-linux-x86_64, r-release-windows-ix86+x86_64, r-release-osx-x86_64, r-oldrel-windows-ix86+x86_64, r-oldrel-osx-x86_64