CRAN Package Check Results for Package Myrrix

Last updated on 2017-10-19 01:46:23.

Flavor Version Tinstall Tcheck Ttotal Status Flags
r-devel-linux-x86_64-debian-clang 1.1 1.50 25.35 26.86 NOTE
r-devel-linux-x86_64-debian-gcc 1.1 1.99 26.28 28.28 NOTE
r-devel-linux-x86_64-fedora-clang 1.1 50.14 NOTE
r-devel-linux-x86_64-fedora-gcc 1.1 48.65 NOTE
r-devel-windows-ix86+x86_64 1.1 4.00 52.00 56.00 NOTE
r-patched-linux-x86_64 1.1 1.64 25.27 26.91 NOTE
r-patched-solaris-x86 1.1 86.10 NOTE
r-release-linux-x86_64 1.1 1.68 25.15 26.83 NOTE
r-release-windows-ix86+x86_64 1.1 8.00 68.00 76.00 NOTE
r-release-osx-x86_64 1.1 NOTE
r-oldrel-windows-ix86+x86_64 1.1 4.00 47.00 51.00 NOTE
r-oldrel-osx-x86_64 1.1 NOTE

Check Details

Version: 1.1
Check: DESCRIPTION meta-information
Result: NOTE
    Malformed Title field: should not end in a period.
Flavors: r-devel-linux-x86_64-debian-clang, r-devel-linux-x86_64-debian-gcc, r-devel-linux-x86_64-fedora-clang, r-devel-linux-x86_64-fedora-gcc, r-devel-windows-ix86+x86_64, r-patched-linux-x86_64, r-patched-solaris-x86, r-release-linux-x86_64, r-release-windows-ix86+x86_64, r-release-osx-x86_64, r-oldrel-windows-ix86+x86_64, r-oldrel-osx-x86_64