CRAN Package Check Results for Package Myrrix

Last updated on 2015-05-23 06:46:50.

Flavor Version Tinstall Tcheck Ttotal Status Flags
r-devel-linux-x86_64-debian-clang 1.1 1.42 20.95 22.36 NOTE
r-devel-linux-x86_64-debian-gcc 1.1 1.38 19.71 21.09 NOTE
r-devel-linux-x86_64-fedora-clang 1.1 44.91 NOTE
r-devel-linux-x86_64-fedora-gcc 1.1 41.84 NOTE
r-devel-osx-x86_64-clang 1.1 45.86 NOTE
r-devel-windows-ix86+x86_64 1.1 6.00 33.00 39.00 NOTE
r-patched-linux-x86_64 1.1 1.37 19.64 21.01 NOTE
r-patched-solaris-sparc 1.1 263.80 NOTE
r-patched-solaris-x86 1.1 63.90 NOTE
r-release-linux-x86_64 1.1 1.43 20.13 21.56 NOTE
r-release-osx-x86_64-mavericks 1.1 NOTE
r-release-osx-x86_64-snowleopard 1.1 NOTE
r-release-windows-ix86+x86_64 1.1 5.00 41.00 46.00 NOTE
r-oldrel-windows-ix86+x86_64 1.1 8.00 44.00 52.00 OK

Check Details

Version: 1.1
Check: DESCRIPTION meta-information
Result: NOTE
    Malformed Title field: should not end in a period.
Flavors: r-devel-linux-x86_64-debian-clang, r-devel-linux-x86_64-debian-gcc, r-devel-linux-x86_64-fedora-clang, r-devel-linux-x86_64-fedora-gcc, r-devel-osx-x86_64-clang, r-devel-windows-ix86+x86_64, r-patched-linux-x86_64, r-patched-solaris-sparc, r-patched-solaris-x86, r-release-linux-x86_64, r-release-osx-x86_64-mavericks, r-release-osx-x86_64-snowleopard, r-release-windows-ix86+x86_64