CRAN Package Check Results for Package Myrrix

Last updated on 2016-09-25 11:47:16.

Flavor Version Tinstall Tcheck Ttotal Status Flags
r-devel-linux-x86_64-debian-clang 1.1 3.38 20.47 23.86 NOTE
r-devel-linux-x86_64-debian-gcc 1.1 1.34 20.93 22.28 NOTE
r-devel-linux-x86_64-fedora-clang 1.1 39.75 NOTE
r-devel-linux-x86_64-fedora-gcc 1.1 36.35 NOTE
r-devel-macos-x86_64-clang 1.1 32.82 NOTE
r-devel-windows-ix86+x86_64 1.1 6.00 45.00 51.00 NOTE
r-patched-linux-x86_64 1.1 1.56 21.47 23.04 NOTE
r-patched-solaris-sparc 1.1 243.60 NOTE
r-patched-solaris-x86 1.1 52.10 NOTE
r-release-linux-x86_64 1.1 1.47 21.11 22.58 NOTE
r-release-osx-x86_64-mavericks 1.1 NOTE
r-release-windows-ix86+x86_64 1.1 4.00 48.00 52.00 NOTE
r-oldrel-windows-ix86+x86_64 1.1 6.00 38.00 44.00 NOTE

Check Details

Version: 1.1
Check: DESCRIPTION meta-information
Result: NOTE
    Malformed Title field: should not end in a period.
Flavors: r-devel-linux-x86_64-debian-clang, r-devel-linux-x86_64-debian-gcc, r-devel-linux-x86_64-fedora-clang, r-devel-linux-x86_64-fedora-gcc, r-devel-macos-x86_64-clang, r-devel-windows-ix86+x86_64, r-patched-linux-x86_64, r-patched-solaris-sparc, r-patched-solaris-x86, r-release-linux-x86_64, r-release-osx-x86_64-mavericks, r-release-windows-ix86+x86_64, r-oldrel-windows-ix86+x86_64