CRAN Package Check Results for Package Myrrix

Last updated on 2017-06-25 16:52:09.

Flavor Version Tinstall Tcheck Ttotal Status Flags
r-devel-linux-x86_64-debian-clang 1.1 1.62 24.70 26.32 NOTE
r-devel-linux-x86_64-debian-gcc 1.1 1.92 24.58 26.49 NOTE
r-devel-linux-x86_64-fedora-clang 1.1 48.48 NOTE
r-devel-linux-x86_64-fedora-gcc 1.1 46.32 NOTE
r-devel-windows-ix86+x86_64 1.1 6.00 72.00 78.00 NOTE
r-patched-linux-x86_64 1.1 1.54 25.20 26.74 NOTE
r-patched-solaris-sparc 1.1 272.80 NOTE
r-patched-solaris-x86 1.1 62.70 NOTE
r-release-linux-x86_64 1.1 1.50 25.03 26.54 NOTE
r-release-windows-ix86+x86_64 1.1 5.00 55.00 60.00 NOTE
r-release-osx-x86_64 1.1 NOTE
r-oldrel-windows-ix86+x86_64 1.1 4.00 47.00 51.00 NOTE
r-oldrel-osx-x86_64 1.1 NOTE

Check Details

Version: 1.1
Check: DESCRIPTION meta-information
Result: NOTE
    Malformed Title field: should not end in a period.
Flavors: r-devel-linux-x86_64-debian-clang, r-devel-linux-x86_64-debian-gcc, r-devel-linux-x86_64-fedora-clang, r-devel-linux-x86_64-fedora-gcc, r-devel-windows-ix86+x86_64, r-patched-linux-x86_64, r-patched-solaris-sparc, r-patched-solaris-x86, r-release-linux-x86_64, r-release-windows-ix86+x86_64, r-release-osx-x86_64, r-oldrel-windows-ix86+x86_64, r-oldrel-osx-x86_64