CRAN Package Check Results for Package Myrrix

Last updated on 2017-03-01 19:48:46.

Flavor Version Tinstall Tcheck Ttotal Status Flags
r-devel-linux-x86_64-debian-clang 1.1 1.44 24.24 25.69 NOTE
r-devel-linux-x86_64-debian-gcc 1.1 1.54 27.24 28.78 NOTE
r-devel-linux-x86_64-fedora-clang 1.1 46.38 NOTE --no-stop-on-test-error
r-devel-linux-x86_64-fedora-gcc 1.1 45.01 NOTE --no-stop-on-test-error
r-devel-macos-x86_64-clang 1.1 40.22 NOTE --no-stop-on-test-error
r-devel-windows-ix86+x86_64 1.1 4.00 68.00 72.00 NOTE
r-patched-linux-x86_64 1.1 1.49 22.38 23.87 NOTE
r-patched-solaris-sparc 1.1 246.90 NOTE
r-patched-solaris-x86 1.1 52.80 NOTE
r-release-linux-x86_64 1.1 1.39 23.17 24.56 NOTE
r-release-osx-x86_64-mavericks 1.1 NOTE
r-release-windows-ix86+x86_64 1.1 4.00 47.00 51.00 NOTE
r-oldrel-windows-ix86+x86_64 1.1 5.00 41.00 46.00 NOTE

Check Details

Version: 1.1
Check: DESCRIPTION meta-information
Result: NOTE
    Malformed Title field: should not end in a period.
Flavors: r-devel-linux-x86_64-debian-clang, r-devel-linux-x86_64-debian-gcc, r-devel-windows-ix86+x86_64, r-patched-linux-x86_64, r-patched-solaris-sparc, r-patched-solaris-x86, r-release-linux-x86_64, r-release-osx-x86_64-mavericks, r-release-windows-ix86+x86_64, r-oldrel-windows-ix86+x86_64

Version: 1.1
Flags: --no-stop-on-test-error
Check: DESCRIPTION meta-information
Result: NOTE
    Malformed Title field: should not end in a period.
Flavors: r-devel-linux-x86_64-fedora-clang, r-devel-linux-x86_64-fedora-gcc, r-devel-macos-x86_64-clang