CRAN Package Check Results for Package Myrrix

Last updated on 2015-04-27 19:47:20.

Flavor Version Tinstall Tcheck Ttotal Status Flags
r-devel-linux-x86_64-debian-clang 1.1 1.42 20.25 21.67 NOTE
r-devel-linux-x86_64-debian-gcc 1.1 1.41 19.75 21.16 NOTE
r-devel-linux-x86_64-fedora-clang 1.1 45.70 NOTE
r-devel-linux-x86_64-fedora-gcc 1.1 44.49 NOTE
r-devel-osx-x86_64-clang 1.1 45.26 NOTE
r-devel-windows-ix86+x86_64 1.1 5.00 35.00 40.00 NOTE
r-patched-linux-x86_64 1.1 1.49 19.89 21.38 NOTE
r-patched-solaris-sparc 1.1 265.00 NOTE
r-patched-solaris-x86 1.1 65.70 NOTE
r-release-linux-x86_64 1.1 1.42 19.95 21.37 NOTE
r-release-osx-x86_64-mavericks 1.1 NOTE
r-release-osx-x86_64-snowleopard 1.1 NOTE
r-release-windows-ix86+x86_64 1.1 5.00 41.00 46.00 NOTE
r-oldrel-windows-ix86+x86_64 1.1 8.00 44.00 52.00 OK

Check Details

Version: 1.1
Check: DESCRIPTION meta-information
Result: NOTE
    Malformed Title field: should not end in a period.
Flavors: r-devel-linux-x86_64-debian-clang, r-devel-linux-x86_64-debian-gcc, r-devel-linux-x86_64-fedora-clang, r-devel-linux-x86_64-fedora-gcc, r-devel-osx-x86_64-clang, r-devel-windows-ix86+x86_64, r-patched-solaris-sparc, r-patched-solaris-x86, r-release-linux-x86_64, r-release-osx-x86_64-mavericks, r-release-osx-x86_64-snowleopard, r-release-windows-ix86+x86_64