CRAN Package Check Results for Package Myrrix

Last updated on 2016-12-09 17:54:09.

Flavor Version Tinstall Tcheck Ttotal Status Flags
r-devel-linux-x86_64-debian-clang 1.1 1.58 25.08 26.66 NOTE
r-devel-linux-x86_64-debian-gcc 1.1 1.60 24.49 26.09 NOTE
r-devel-linux-x86_64-fedora-clang 1.1 48.45 NOTE --no-stop-on-test-error
r-devel-linux-x86_64-fedora-gcc 1.1 46.44 NOTE --no-stop-on-test-error
r-devel-macos-x86_64-clang 1.1 39.40 NOTE --no-stop-on-test-error
r-devel-windows-ix86+x86_64 1.1 6.00 69.00 75.00 NOTE
r-patched-linux-x86_64 1.1 1.34 21.50 22.84 NOTE
r-patched-solaris-sparc 1.1 243.60 NOTE
r-patched-solaris-x86 1.1 51.70 NOTE
r-release-linux-x86_64 1.1 1.44 21.44 22.89 NOTE
r-release-osx-x86_64-mavericks 1.1 NOTE
r-release-windows-ix86+x86_64 1.1 4.00 47.00 51.00 NOTE
r-oldrel-windows-ix86+x86_64 1.1 5.00 41.00 46.00 NOTE

Check Details

Version: 1.1
Check: DESCRIPTION meta-information
Result: NOTE
    Malformed Title field: should not end in a period.
Flavors: r-devel-linux-x86_64-debian-clang, r-devel-linux-x86_64-debian-gcc, r-devel-windows-ix86+x86_64, r-patched-linux-x86_64, r-patched-solaris-sparc, r-patched-solaris-x86, r-release-linux-x86_64, r-release-osx-x86_64-mavericks, r-release-windows-ix86+x86_64, r-oldrel-windows-ix86+x86_64

Version: 1.1
Flags: --no-stop-on-test-error
Check: DESCRIPTION meta-information
Result: NOTE
    Malformed Title field: should not end in a period.
Flavors: r-devel-linux-x86_64-fedora-clang, r-devel-linux-x86_64-fedora-gcc, r-devel-macos-x86_64-clang