CRAN Package Check Results for Package Myrrix

Last updated on 2017-04-28 17:47:46.

Flavor Version Tinstall Tcheck Ttotal Status Flags
r-devel-linux-x86_64-debian-clang 1.1 1.46 25.45 26.91 NOTE
r-devel-linux-x86_64-debian-gcc 1.1 1.58 24.44 26.02 NOTE
r-devel-linux-x86_64-fedora-clang 1.1 46.71 NOTE --no-stop-on-test-error
r-devel-linux-x86_64-fedora-gcc 1.1 45.92 NOTE --no-stop-on-test-error
r-devel-windows-ix86+x86_64 1.1 7.00 70.00 77.00 NOTE
r-patched-linux-x86_64 1.1 1.58 25.24 26.82 NOTE
r-patched-solaris-sparc 1.1 272.80 NOTE
r-patched-solaris-x86 1.1 61.70 NOTE
r-release-linux-x86_64 1.1 1.51 26.38 27.88 NOTE
r-release-windows-ix86+x86_64 1.1 5.00 55.00 60.00 NOTE
r-release-osx-x86_64 1.1 NOTE
r-oldrel-windows-ix86+x86_64 1.1 4.00 47.00 51.00 NOTE
r-oldrel-osx-x86_64 1.1 NOTE

Check Details

Version: 1.1
Check: DESCRIPTION meta-information
Result: NOTE
    Malformed Title field: should not end in a period.
Flavors: r-devel-linux-x86_64-debian-clang, r-devel-linux-x86_64-debian-gcc, r-devel-windows-ix86+x86_64, r-patched-linux-x86_64, r-patched-solaris-sparc, r-patched-solaris-x86, r-release-linux-x86_64, r-release-windows-ix86+x86_64, r-release-osx-x86_64, r-oldrel-windows-ix86+x86_64, r-oldrel-osx-x86_64

Version: 1.1
Flags: --no-stop-on-test-error
Check: DESCRIPTION meta-information
Result: NOTE
    Malformed Title field: should not end in a period.
Flavors: r-devel-linux-x86_64-fedora-clang, r-devel-linux-x86_64-fedora-gcc