CRAN Package Check Results for Package Myrrixjars

Last updated on 2017-01-22 03:47:13.

Flavor Version Tinstall Tcheck Ttotal Status Flags
r-devel-linux-x86_64-debian-clang 1.0-1 1.92 14.54 16.45 NOTE
r-devel-linux-x86_64-debian-gcc 1.0-1 1.85 14.02 15.87 NOTE
r-devel-linux-x86_64-fedora-clang 1.0-1 27.18 NOTE --no-stop-on-test-error
r-devel-linux-x86_64-fedora-gcc 1.0-1 26.31 NOTE --no-stop-on-test-error
r-devel-macos-x86_64-clang 1.0-1 22.49 NOTE --no-stop-on-test-error
r-devel-windows-ix86+x86_64 1.0-1 9.00 33.00 42.00 NOTE
r-patched-linux-x86_64 1.0-1 1.66 12.23 13.89 NOTE
r-patched-solaris-sparc 1.0-1 151.50 NOTE
r-patched-solaris-x86 1.0-1 32.00 NOTE
r-release-linux-x86_64 1.0-1 1.72 12.50 14.21 NOTE
r-release-osx-x86_64-mavericks 1.0-1 NOTE
r-release-windows-ix86+x86_64 1.0-1 5.00 26.00 31.00 NOTE
r-oldrel-windows-ix86+x86_64 1.0-1 6.00 23.00 29.00 NOTE

Check Details

Version: 1.0-1
Check: DESCRIPTION meta-information
Result: NOTE
    Malformed Title field: should not end in a period.
    Malformed Description field: should contain one or more complete sentences.
Flavors: r-devel-linux-x86_64-debian-clang, r-devel-linux-x86_64-debian-gcc, r-devel-windows-ix86+x86_64, r-patched-linux-x86_64, r-patched-solaris-sparc, r-patched-solaris-x86, r-release-linux-x86_64, r-release-osx-x86_64-mavericks, r-release-windows-ix86+x86_64, r-oldrel-windows-ix86+x86_64

Version: 1.0-1
Flags: --no-stop-on-test-error
Check: installed package size
Result: NOTE
     installed size is 13.9Mb
     sub-directories of 1Mb or more:
     java 13.8Mb
Flavors: r-devel-linux-x86_64-fedora-clang, r-devel-linux-x86_64-fedora-gcc, r-devel-macos-x86_64-clang

Version: 1.0-1
Flags: --no-stop-on-test-error
Check: DESCRIPTION meta-information
Result: NOTE
    Malformed Title field: should not end in a period.
    Malformed Description field: should contain one or more complete sentences.
Flavors: r-devel-linux-x86_64-fedora-clang, r-devel-linux-x86_64-fedora-gcc, r-devel-macos-x86_64-clang

Version: 1.0-1
Check: installed package size
Result: NOTE
     installed size is 13.9Mb
     sub-directories of 1Mb or more:
     java 13.8Mb
Flavors: r-devel-windows-ix86+x86_64, r-patched-solaris-sparc, r-patched-solaris-x86, r-release-osx-x86_64-mavericks, r-release-windows-ix86+x86_64, r-oldrel-windows-ix86+x86_64