CRAN Package Check Results for Package Myrrixjars

Last updated on 2014-12-21 09:51:31.

Flavor Version Tinstall Tcheck Ttotal Status Flags
r-devel-linux-x86_64-debian-clang 1.0-1 2.51 14.92 17.43 NOTE
r-devel-linux-x86_64-debian-gcc 1.0-1 2.01 13.78 15.79 NOTE
r-devel-linux-x86_64-fedora-clang 1.0-1 33.41 NOTE
r-devel-linux-x86_64-fedora-gcc 1.0-1 30.85 NOTE
r-devel-osx-x86_64-clang 1.0-1 31.19 NOTE
r-devel-windows-ix86+x86_64 1.0-1 9.00 28.00 37.00 NOTE
r-patched-linux-x86_64 1.0-1 2.24 14.08 16.32 NOTE
r-patched-solaris-sparc 1.0-1 206.40 NOTE
r-patched-solaris-x86 1.0-1 48.10 NOTE
r-release-linux-ix86 1.0-1 3.44 17.96 21.40 NOTE
r-release-linux-x86_64 1.0-1 2.26 14.40 16.65 NOTE
r-release-osx-x86_64-mavericks 1.0-1 NOTE
r-release-osx-x86_64-snowleopard 1.0-1 NOTE
r-release-windows-ix86+x86_64 1.0-1 6.00 22.00 28.00 NOTE
r-oldrel-windows-ix86+x86_64 1.0-1 6.00 23.00 29.00 NOTE

Check Details

Version: 1.0-1
Check: installed package size
Result: NOTE
     installed size is 13.9Mb
     sub-directories of 1Mb or more:
     java 13.8Mb
Flavors: r-devel-linux-x86_64-debian-clang, r-devel-linux-x86_64-debian-gcc, r-devel-linux-x86_64-fedora-clang, r-devel-linux-x86_64-fedora-gcc, r-devel-osx-x86_64-clang, r-devel-windows-ix86+x86_64, r-patched-linux-x86_64, r-patched-solaris-sparc, r-patched-solaris-x86, r-release-linux-ix86, r-release-linux-x86_64, r-release-osx-x86_64-mavericks, r-release-osx-x86_64-snowleopard, r-release-windows-ix86+x86_64, r-oldrel-windows-ix86+x86_64