CRAN Package Check Results for Package Myrrixjars

Last updated on 2017-09-25 16:47:06.

Flavor Version Tinstall Tcheck Ttotal Status Flags
r-devel-linux-x86_64-debian-clang 1.0-1 2.06 14.64 16.69 NOTE
r-devel-linux-x86_64-debian-gcc 1.0-1 1.86 14.22 16.08 NOTE
r-devel-linux-x86_64-fedora-clang 1.0-1 28.09 NOTE
r-devel-linux-x86_64-fedora-gcc 1.0-1 27.63 NOTE
r-devel-windows-ix86+x86_64 1.0-1 7.00 29.00 36.00 NOTE
r-patched-linux-x86_64 1.0-1 2.01 14.78 16.79 NOTE
r-patched-solaris-x86 1.0-1 50.70 NOTE
r-release-linux-x86_64 1.0-1 1.94 15.10 17.04 NOTE
r-release-windows-ix86+x86_64 1.0-1 6.00 31.00 37.00 NOTE
r-release-osx-x86_64 1.0-1 NOTE
r-oldrel-windows-ix86+x86_64 1.0-1 5.00 26.00 31.00 NOTE
r-oldrel-osx-x86_64 1.0-1 NOTE

Check Details

Version: 1.0-1
Check: DESCRIPTION meta-information
Result: NOTE
    Malformed Title field: should not end in a period.
    Malformed Description field: should contain one or more complete sentences.
Flavors: r-devel-linux-x86_64-debian-clang, r-devel-linux-x86_64-debian-gcc, r-devel-linux-x86_64-fedora-clang, r-devel-linux-x86_64-fedora-gcc, r-devel-windows-ix86+x86_64, r-patched-linux-x86_64, r-patched-solaris-x86, r-release-linux-x86_64, r-release-windows-ix86+x86_64, r-release-osx-x86_64, r-oldrel-windows-ix86+x86_64, r-oldrel-osx-x86_64

Version: 1.0-1
Check: installed package size
Result: NOTE
     installed size is 13.9Mb
     sub-directories of 1Mb or more:
     java 13.8Mb
Flavors: r-devel-linux-x86_64-fedora-clang, r-devel-linux-x86_64-fedora-gcc, r-devel-windows-ix86+x86_64, r-patched-solaris-x86, r-release-windows-ix86+x86_64, r-release-osx-x86_64, r-oldrel-windows-ix86+x86_64, r-oldrel-osx-x86_64