CRAN Package Check Results for Package Myrrixjars

Last updated on 2014-11-27 05:47:45.

Flavor Version Tinstall Tcheck Ttotal Status Flags
r-devel-linux-x86_64-debian-clang 1.0-1 2.26 14.04 16.29 NOTE
r-devel-linux-x86_64-debian-gcc 1.0-1 2.10 14.14 16.24 NOTE
r-devel-linux-x86_64-fedora-clang 1.0-1 34.05 NOTE
r-devel-linux-x86_64-fedora-gcc 1.0-1 35.59 NOTE
r-devel-osx-x86_64-clang 1.0-1 30.99 NOTE
r-devel-windows-ix86+x86_64 1.0-1 7.00 21.00 28.00 NOTE
r-patched-linux-x86_64 1.0-1 2.22 14.56 16.78 NOTE
r-patched-solaris-sparc 1.0-1 206.40 NOTE
r-patched-solaris-x86 1.0-1 51.00 NOTE
r-release-linux-ix86 1.0-1 3.08 18.01 21.09 NOTE
r-release-linux-x86_64 1.0-1 2.22 14.66 16.88 NOTE
r-release-osx-x86_64-mavericks 1.0-1 NOTE
r-release-osx-x86_64-snowleopard 1.0-1 NOTE
r-release-windows-ix86+x86_64 1.0-1 6.00 22.00 28.00 NOTE
r-oldrel-windows-ix86+x86_64 1.0-1 6.00 23.00 29.00 NOTE

Check Details

Version: 1.0-1
Check: installed package size
Result: NOTE
     installed size is 13.9Mb
     sub-directories of 1Mb or more:
     java 13.8Mb
Flavors: r-devel-linux-x86_64-debian-clang, r-devel-linux-x86_64-debian-gcc, r-devel-linux-x86_64-fedora-clang, r-devel-linux-x86_64-fedora-gcc, r-devel-osx-x86_64-clang, r-devel-windows-ix86+x86_64, r-patched-linux-x86_64, r-patched-solaris-sparc, r-patched-solaris-x86, r-release-linux-ix86, r-release-linux-x86_64, r-release-osx-x86_64-mavericks, r-release-osx-x86_64-snowleopard, r-release-windows-ix86+x86_64, r-oldrel-windows-ix86+x86_64