CRAN Package Check Results for Package Myrrixjars

Last updated on 2014-10-23 09:52:51.

Flavor Version Tinstall Tcheck Ttotal Status Flags
r-devel-linux-x86_64-debian-clang 1.0-1 2.31 14.05 16.36 NOTE
r-devel-linux-x86_64-debian-gcc 1.0-1 2.07 13.84 15.90 NOTE
r-devel-linux-x86_64-fedora-clang 1.0-1 32.14 NOTE
r-devel-linux-x86_64-fedora-gcc 1.0-1 30.72 NOTE
r-devel-osx-x86_64-clang 1.0-1 31.44 NOTE
r-devel-windows-ix86+x86_64 1.0-1 6.00 20.00 26.00 NOTE
r-patched-linux-x86_64 1.0-1 2.20 14.50 16.69 NOTE
r-patched-solaris-sparc 1.0-1 206.40 NOTE
r-patched-solaris-x86 1.0-1 47.80 NOTE
r-release-linux-ix86 1.0-1 3.16 18.63 21.79 NOTE
r-release-linux-x86_64 1.0-1 2.26 14.70 16.96 NOTE
r-release-osx-x86_64-mavericks 1.0-1 NOTE
r-release-osx-x86_64-snowleopard 1.0-1 NOTE
r-release-windows-ix86+x86_64 1.0-1 8.00 23.00 31.00 NOTE
r-oldrel-windows-ix86+x86_64 1.0-1 6.00 23.00 29.00 NOTE

Check Details

Version: 1.0-1
Check: installed package size
Result: NOTE
     installed size is 13.9Mb
     sub-directories of 1Mb or more:
     java 13.8Mb
Flavors: r-devel-linux-x86_64-debian-clang, r-devel-linux-x86_64-debian-gcc, r-devel-linux-x86_64-fedora-clang, r-devel-linux-x86_64-fedora-gcc, r-devel-osx-x86_64-clang, r-devel-windows-ix86+x86_64, r-patched-linux-x86_64, r-patched-solaris-sparc, r-patched-solaris-x86, r-release-linux-ix86, r-release-linux-x86_64, r-release-osx-x86_64-mavericks, r-release-osx-x86_64-snowleopard, r-release-windows-ix86+x86_64, r-oldrel-windows-ix86+x86_64