CRAN Package Check Results for Package Myrrixjars

Last updated on 2015-08-02 21:47:12.

Flavor Version Tinstall Tcheck Ttotal Status Flags
r-devel-linux-x86_64-debian-clang 1.0-1 1.86 12.00 13.86 NOTE
r-devel-linux-x86_64-debian-gcc 1.0-1 1.72 11.70 13.42 NOTE
r-devel-linux-x86_64-fedora-clang 1.0-1 26.98 NOTE
r-devel-linux-x86_64-fedora-gcc 1.0-1 23.74 NOTE
r-devel-osx-x86_64-clang 1.0-1 25.18 NOTE
r-devel-windows-ix86+x86_64 1.0-1 6.00 20.00 26.00 NOTE
r-patched-linux-x86_64 1.0-1 1.83 11.74 13.57 NOTE
r-patched-solaris-sparc 1.0-1 166.90 NOTE
r-patched-solaris-x86 1.0-1 43.60 NOTE
r-release-linux-x86_64 1.0-1 1.83 12.16 13.99 NOTE
r-release-osx-x86_64-mavericks 1.0-1 NOTE
r-release-windows-ix86+x86_64 1.0-1 7.00 18.00 25.00 NOTE
r-oldrel-windows-ix86+x86_64 1.0-1 9.00 24.00 33.00 NOTE

Check Details

Version: 1.0-1
Check: installed package size
Result: NOTE
     installed size is 13.9Mb
     sub-directories of 1Mb or more:
     java 13.8Mb
Flavors: r-devel-linux-x86_64-debian-clang, r-devel-linux-x86_64-debian-gcc, r-devel-linux-x86_64-fedora-clang, r-devel-linux-x86_64-fedora-gcc, r-devel-osx-x86_64-clang, r-devel-windows-ix86+x86_64, r-patched-linux-x86_64, r-patched-solaris-sparc, r-patched-solaris-x86, r-release-linux-x86_64, r-release-osx-x86_64-mavericks, r-release-windows-ix86+x86_64, r-oldrel-windows-ix86+x86_64

Version: 1.0-1
Check: DESCRIPTION meta-information
Result: NOTE
    Malformed Title field: should not end in a period.
    Malformed Description field: should contain one or more complete sentences.
Flavors: r-devel-linux-x86_64-debian-clang, r-devel-linux-x86_64-debian-gcc, r-devel-linux-x86_64-fedora-clang, r-devel-linux-x86_64-fedora-gcc, r-devel-osx-x86_64-clang, r-devel-windows-ix86+x86_64, r-patched-linux-x86_64, r-patched-solaris-sparc, r-patched-solaris-x86, r-release-linux-x86_64, r-release-osx-x86_64-mavericks, r-release-windows-ix86+x86_64