CRAN Package Check Results for Package Myrrixjars

Last updated on 2015-05-26 04:47:03.

Flavor Version Tinstall Tcheck Ttotal Status Flags
r-devel-linux-x86_64-debian-clang 1.0-1 1.76 11.81 13.57 NOTE
r-devel-linux-x86_64-debian-gcc 1.0-1 1.70 11.40 13.10 NOTE
r-devel-linux-x86_64-fedora-clang 1.0-1 26.25 NOTE
r-devel-linux-x86_64-fedora-gcc 1.0-1 24.08 NOTE
r-devel-osx-x86_64-clang 1.0-1 25.89 NOTE
r-devel-windows-ix86+x86_64 1.0-1 6.00 19.00 25.00 NOTE
r-patched-linux-x86_64 1.0-1 1.71 11.55 13.26 NOTE
r-patched-solaris-sparc 1.0-1 162.00 NOTE
r-patched-solaris-x86 1.0-1 42.40 NOTE
r-release-linux-x86_64 1.0-1 1.73 11.56 13.28 NOTE
r-release-osx-x86_64-mavericks 1.0-1 NOTE
r-release-osx-x86_64-snowleopard 1.0-1 NOTE
r-release-windows-ix86+x86_64 1.0-1 5.00 23.00 28.00 NOTE
r-oldrel-windows-ix86+x86_64 1.0-1 9.00 24.00 33.00 NOTE

Check Details

Version: 1.0-1
Check: installed package size
Result: NOTE
     installed size is 13.9Mb
     sub-directories of 1Mb or more:
     java 13.8Mb
Flavors: r-devel-linux-x86_64-debian-clang, r-devel-linux-x86_64-debian-gcc, r-devel-linux-x86_64-fedora-clang, r-devel-linux-x86_64-fedora-gcc, r-devel-osx-x86_64-clang, r-devel-windows-ix86+x86_64, r-patched-linux-x86_64, r-patched-solaris-sparc, r-patched-solaris-x86, r-release-linux-x86_64, r-release-osx-x86_64-mavericks, r-release-osx-x86_64-snowleopard, r-release-windows-ix86+x86_64, r-oldrel-windows-ix86+x86_64

Version: 1.0-1
Check: DESCRIPTION meta-information
Result: NOTE
    Malformed Title field: should not end in a period.
    Malformed Description field: should contain one or more complete sentences.
Flavors: r-devel-linux-x86_64-debian-clang, r-devel-linux-x86_64-debian-gcc, r-devel-linux-x86_64-fedora-clang, r-devel-linux-x86_64-fedora-gcc, r-devel-osx-x86_64-clang, r-devel-windows-ix86+x86_64, r-patched-linux-x86_64, r-patched-solaris-sparc, r-patched-solaris-x86, r-release-linux-x86_64, r-release-osx-x86_64-mavericks, r-release-osx-x86_64-snowleopard, r-release-windows-ix86+x86_64