CRAN Package Check Results for Package Myrrixjars

Last updated on 2018-02-22 16:47:51 CET.

Flavor Version Tinstall Tcheck Ttotal Status Flags
r-devel-linux-x86_64-debian-clang 1.0-2 2.65 20.38 23.03 OK
r-devel-linux-x86_64-debian-gcc 1.0-2 1.86 16.91 18.77 OK
r-devel-linux-x86_64-fedora-clang 1.0-2 27.00 NOTE
r-devel-linux-x86_64-fedora-gcc 1.0-2 25.65 NOTE
r-devel-windows-ix86+x86_64 1.0-2 7.00 37.00 44.00 NOTE
r-patched-linux-x86_64 1.0-2 2.37 21.58 23.95 OK
r-patched-solaris-x86 1.0-2 41.00 NOTE
r-release-linux-x86_64 1.0-2 2.71 21.57 24.28 OK
r-release-windows-ix86+x86_64 1.0-2 7.00 38.00 45.00 NOTE
r-release-osx-x86_64 1.0-2 NOTE
r-oldrel-windows-ix86+x86_64 1.0-2 6.00 32.00 38.00 NOTE
r-oldrel-osx-x86_64 1.0-2 NOTE

Check Details

Version: 1.0-2
Check: installed package size
Result: NOTE
     installed size is 13.9Mb
     sub-directories of 1Mb or more:
     java 13.8Mb
Flavors: r-devel-linux-x86_64-fedora-clang, r-devel-linux-x86_64-fedora-gcc, r-devel-windows-ix86+x86_64, r-patched-solaris-x86, r-release-windows-ix86+x86_64, r-release-osx-x86_64, r-oldrel-windows-ix86+x86_64, r-oldrel-osx-x86_64