CRAN Package Check Results for Package Myrrixjars

Last updated on 2016-02-11 03:47:14.

Flavor Version Tinstall Tcheck Ttotal Status Flags
r-devel-linux-x86_64-debian-gcc 1.0-1 1.81 10.78 12.59 NOTE
r-devel-linux-x86_64-fedora-clang 1.0-1 25.41 NOTE
r-devel-linux-x86_64-fedora-gcc 1.0-1 21.17 NOTE
r-devel-osx-x86_64-clang 1.0-1 26.44 NOTE
r-devel-windows-ix86+x86_64 1.0-1 8.00 22.00 30.00 NOTE
r-patched-linux-x86_64 1.0-1 2.00 11.93 13.93 NOTE
r-patched-solaris-sparc 1.0-1 157.00 NOTE
r-patched-solaris-x86 1.0-1 32.80 NOTE
r-release-linux-x86_64 1.0-1 2.04 11.84 13.89 NOTE
r-release-osx-x86_64-mavericks 1.0-1 NOTE
r-release-windows-ix86+x86_64 1.0-1 7.00 22.00 29.00 NOTE
r-oldrel-windows-ix86+x86_64 1.0-1 9.00 24.00 33.00 NOTE

Check Details

Version: 1.0-1
Check: installed package size
Result: NOTE
     installed size is 13.9Mb
     sub-directories of 1Mb or more:
     java 13.8Mb
Flavors: r-devel-linux-x86_64-debian-gcc, r-devel-linux-x86_64-fedora-clang, r-devel-linux-x86_64-fedora-gcc, r-devel-osx-x86_64-clang, r-devel-windows-ix86+x86_64, r-patched-linux-x86_64, r-patched-solaris-sparc, r-patched-solaris-x86, r-release-linux-x86_64, r-release-osx-x86_64-mavericks, r-release-windows-ix86+x86_64, r-oldrel-windows-ix86+x86_64

Version: 1.0-1
Check: DESCRIPTION meta-information
Result: NOTE
    Malformed Title field: should not end in a period.
    Malformed Description field: should contain one or more complete sentences.
Flavors: r-devel-linux-x86_64-debian-gcc, r-devel-linux-x86_64-fedora-clang, r-devel-linux-x86_64-fedora-gcc, r-devel-osx-x86_64-clang, r-devel-windows-ix86+x86_64, r-patched-linux-x86_64, r-patched-solaris-sparc, r-patched-solaris-x86, r-release-linux-x86_64, r-release-osx-x86_64-mavericks, r-release-windows-ix86+x86_64