CRAN Package Check Results for Package Myrrixjars

Last updated on 2014-09-21 23:47:24.

Flavor Version Tinstall Tcheck Ttotal Status Flags
r-devel-linux-x86_64-debian-clang 1.0-1 2.22 13.84 16.06 NOTE
r-devel-linux-x86_64-debian-gcc 1.0-1 2.02 13.84 15.86 NOTE
r-devel-linux-x86_64-fedora-clang 1.0-1 31.51 NOTE
r-devel-linux-x86_64-fedora-gcc 1.0-1 31.48 NOTE
r-devel-osx-x86_64-clang 1.0-1 29.65 NOTE
r-devel-windows-ix86+x86_64 1.0-1 6.00 20.00 26.00 NOTE
r-patched-linux-x86_64 1.0-1 2.24 14.10 16.34 NOTE
r-patched-solaris-sparc 1.0-1 206.40 NOTE
r-patched-solaris-x86 1.0-1 51.50 NOTE
r-release-linux-ix86 1.0-1 3.18 18.52 21.71 NOTE
r-release-linux-x86_64 1.0-1 2.24 14.44 16.68 NOTE
r-release-osx-x86_64-mavericks 1.0-1 NOTE
r-release-osx-x86_64-snowleopard 1.0-1 NOTE
r-release-windows-ix86+x86_64 1.0-1 8.00 23.00 31.00 NOTE
r-oldrel-windows-ix86+x86_64 1.0-1 6.00 23.00 29.00 NOTE

Check Details

Version: 1.0-1
Check: installed package size
Result: NOTE
     installed size is 13.9Mb
     sub-directories of 1Mb or more:
     java 13.8Mb
Flavors: r-devel-linux-x86_64-debian-clang, r-devel-linux-x86_64-debian-gcc, r-devel-linux-x86_64-fedora-clang, r-devel-linux-x86_64-fedora-gcc, r-devel-osx-x86_64-clang, r-devel-windows-ix86+x86_64, r-patched-linux-x86_64, r-patched-solaris-sparc, r-patched-solaris-x86, r-release-linux-ix86, r-release-linux-x86_64, r-release-osx-x86_64-mavericks, r-release-osx-x86_64-snowleopard, r-release-windows-ix86+x86_64, r-oldrel-windows-ix86+x86_64