CRAN Package Check Results for Package Myrrixjars

Last updated on 2016-09-30 11:48:43.

Flavor Version Tinstall Tcheck Ttotal Status Flags
r-devel-linux-x86_64-debian-clang 1.0-1 1.76 12.51 14.27 NOTE
r-devel-linux-x86_64-debian-gcc 1.0-1 1.90 12.46 14.35 NOTE
r-devel-linux-x86_64-fedora-clang 1.0-1 26.36 NOTE
r-devel-linux-x86_64-fedora-gcc 1.0-1 24.13 NOTE
r-devel-macos-x86_64-clang 1.0-1 18.89 NOTE
r-devel-windows-ix86+x86_64 1.0-1 7.00 25.00 32.00 NOTE
r-patched-linux-x86_64 1.0-1 1.70 12.17 13.87 NOTE
r-patched-solaris-sparc 1.0-1 150.50 NOTE
r-patched-solaris-x86 1.0-1 31.30 NOTE
r-release-linux-x86_64 1.0-1 1.76 12.51 14.27 NOTE
r-release-osx-x86_64-mavericks 1.0-1 NOTE
r-release-windows-ix86+x86_64 1.0-1 5.00 29.00 34.00 NOTE
r-oldrel-windows-ix86+x86_64 1.0-1 7.00 22.00 29.00 NOTE

Check Details

Version: 1.0-1
Check: installed package size
Result: NOTE
     installed size is 13.9Mb
     sub-directories of 1Mb or more:
     java 13.8Mb
Flavors: r-devel-linux-x86_64-debian-clang, r-devel-linux-x86_64-debian-gcc, r-devel-linux-x86_64-fedora-clang, r-devel-linux-x86_64-fedora-gcc, r-devel-macos-x86_64-clang, r-devel-windows-ix86+x86_64, r-patched-linux-x86_64, r-patched-solaris-sparc, r-patched-solaris-x86, r-release-linux-x86_64, r-release-osx-x86_64-mavericks, r-release-windows-ix86+x86_64, r-oldrel-windows-ix86+x86_64

Version: 1.0-1
Check: DESCRIPTION meta-information
Result: NOTE
    Malformed Title field: should not end in a period.
    Malformed Description field: should contain one or more complete sentences.
Flavors: r-devel-linux-x86_64-debian-clang, r-devel-linux-x86_64-debian-gcc, r-devel-linux-x86_64-fedora-clang, r-devel-linux-x86_64-fedora-gcc, r-devel-macos-x86_64-clang, r-devel-windows-ix86+x86_64, r-patched-linux-x86_64, r-patched-solaris-sparc, r-patched-solaris-x86, r-release-linux-x86_64, r-release-osx-x86_64-mavericks, r-release-windows-ix86+x86_64, r-oldrel-windows-ix86+x86_64