CRAN Package Check Results for Package Myrrixjars

Last updated on 2016-06-29 23:51:33.

Flavor Version Tinstall Tcheck Ttotal Status Flags
r-devel-linux-x86_64-debian-gcc 1.0-1 1.80 12.86 14.66 NOTE
r-devel-linux-x86_64-fedora-clang 1.0-1 23.43 NOTE
r-devel-linux-x86_64-fedora-gcc 1.0-1 24.27 NOTE
r-devel-osx-x86_64-clang 1.0-1 20.25 NOTE
r-devel-windows-ix86+x86_64 1.0-1 6.00 28.00 34.00 NOTE
r-patched-linux-x86_64 1.0-1 1.74 12.30 14.04 NOTE
r-patched-solaris-sparc 1.0-1 150.50 NOTE
r-patched-solaris-x86 1.0-1 32.00 NOTE
r-release-linux-x86_64 1.0-1 1.85 11.55 13.40 NOTE
r-release-osx-x86_64-mavericks 1.0-1 NOTE
r-release-windows-ix86+x86_64 1.0-1 6.00 37.00 43.00 NOTE
r-oldrel-windows-ix86+x86_64 1.0-1 7.00 22.00 29.00 NOTE

Check Details

Version: 1.0-1
Check: installed package size
Result: NOTE
     installed size is 13.9Mb
     sub-directories of 1Mb or more:
     java 13.8Mb
Flavors: r-devel-linux-x86_64-debian-gcc, r-devel-linux-x86_64-fedora-clang, r-devel-linux-x86_64-fedora-gcc, r-devel-osx-x86_64-clang, r-devel-windows-ix86+x86_64, r-patched-linux-x86_64, r-patched-solaris-sparc, r-patched-solaris-x86, r-release-linux-x86_64, r-release-osx-x86_64-mavericks, r-release-windows-ix86+x86_64, r-oldrel-windows-ix86+x86_64

Version: 1.0-1
Check: DESCRIPTION meta-information
Result: NOTE
    Malformed Title field: should not end in a period.
    Malformed Description field: should contain one or more complete sentences.
Flavors: r-devel-linux-x86_64-debian-gcc, r-devel-linux-x86_64-fedora-clang, r-devel-linux-x86_64-fedora-gcc, r-devel-osx-x86_64-clang, r-devel-windows-ix86+x86_64, r-patched-linux-x86_64, r-patched-solaris-sparc, r-patched-solaris-x86, r-release-linux-x86_64, r-release-osx-x86_64-mavericks, r-release-windows-ix86+x86_64, r-oldrel-windows-ix86+x86_64