CRAN Package Check Results for Package Myrrixjars

Last updated on 2016-05-30 06:46:54.

Flavor Version Tinstall Tcheck Ttotal Status Flags
r-devel-linux-x86_64-debian-gcc 1.0-1 1.92 11.82 13.75 NOTE
r-devel-linux-x86_64-fedora-clang 1.0-1 22.86 NOTE
r-devel-linux-x86_64-fedora-gcc 1.0-1 21.85 NOTE
r-devel-osx-x86_64-clang 1.0-1 26.47 NOTE
r-devel-windows-ix86+x86_64 1.0-1 5.00 26.00 31.00 NOTE
r-patched-linux-x86_64 1.0-1 1.79 11.47 13.26 NOTE
r-patched-solaris-sparc 1.0-1 146.60 NOTE
r-patched-solaris-x86 1.0-1 32.10 NOTE
r-release-linux-x86_64 1.0-1 1.85 11.67 13.52 NOTE
r-release-osx-x86_64-mavericks 1.0-1 NOTE
r-release-windows-ix86+x86_64 1.0-1 6.00 37.00 43.00 NOTE
r-oldrel-windows-ix86+x86_64 1.0-1 7.00 22.00 29.00 NOTE

Check Details

Version: 1.0-1
Check: installed package size
Result: NOTE
     installed size is 13.9Mb
     sub-directories of 1Mb or more:
     java 13.8Mb
Flavors: r-devel-linux-x86_64-debian-gcc, r-devel-linux-x86_64-fedora-clang, r-devel-linux-x86_64-fedora-gcc, r-devel-osx-x86_64-clang, r-devel-windows-ix86+x86_64, r-patched-linux-x86_64, r-patched-solaris-sparc, r-patched-solaris-x86, r-release-linux-x86_64, r-release-osx-x86_64-mavericks, r-release-windows-ix86+x86_64, r-oldrel-windows-ix86+x86_64

Version: 1.0-1
Check: DESCRIPTION meta-information
Result: NOTE
    Malformed Title field: should not end in a period.
    Malformed Description field: should contain one or more complete sentences.
Flavors: r-devel-linux-x86_64-debian-gcc, r-devel-linux-x86_64-fedora-clang, r-devel-linux-x86_64-fedora-gcc, r-devel-osx-x86_64-clang, r-devel-windows-ix86+x86_64, r-patched-linux-x86_64, r-patched-solaris-sparc, r-patched-solaris-x86, r-release-linux-x86_64, r-release-osx-x86_64-mavericks, r-release-windows-ix86+x86_64, r-oldrel-windows-ix86+x86_64