CRAN Package Check Results for Package Myrrixjars

Last updated on 2018-04-20 19:49:50 CEST.

Flavor Version Tinstall Tcheck Ttotal Status Flags
r-devel-linux-x86_64-debian-clang 1.0-2 2.38 23.90 26.28 OK
r-devel-linux-x86_64-debian-gcc 1.0-2 2.14 18.60 20.74 OK
r-devel-linux-x86_64-fedora-clang 1.0-2 27.59 NOTE
r-devel-linux-x86_64-fedora-gcc 1.0-2 27.76 NOTE
r-devel-windows-ix86+x86_64 1.0-2 5.00 43.00 48.00 NOTE
r-devel-osx-x86_64 1.0-2 NOTE
r-patched-linux-x86_64 1.0-2 2.67 23.02 25.69 OK
r-patched-solaris-x86 1.0-2 44.40 NOTE
r-release-linux-x86_64 1.0-2 2.82 24.32 27.14 OK
r-release-windows-ix86+x86_64 1.0-2 7.00 38.00 45.00 NOTE
r-release-osx-x86_64 1.0-2 NOTE
r-oldrel-windows-ix86+x86_64 1.0-2 5.00 26.00 31.00 NOTE

Check Details

Version: 1.0-2
Check: installed package size
Result: NOTE
     installed size is 13.9Mb
     sub-directories of 1Mb or more:
     java 13.8Mb
Flavors: r-devel-linux-x86_64-fedora-clang, r-devel-linux-x86_64-fedora-gcc, r-devel-windows-ix86+x86_64, r-devel-osx-x86_64, r-patched-solaris-x86, r-release-windows-ix86+x86_64, r-release-osx-x86_64, r-oldrel-windows-ix86+x86_64