CRAN Package Check Results for Package Myrrixjars

Last updated on 2015-03-03 22:48:24.

Flavor Version Tinstall Tcheck Ttotal Status Flags
r-devel-linux-x86_64-debian-clang 1.0-1 1.81 12.01 13.82 NOTE
r-devel-linux-x86_64-debian-gcc 1.0-1 1.81 11.41 13.22 NOTE
r-devel-linux-x86_64-fedora-clang 1.0-1 29.45 NOTE
r-devel-linux-x86_64-fedora-gcc 1.0-1 24.37 NOTE
r-devel-osx-x86_64-clang 1.0-1 26.39 NOTE
r-devel-windows-ix86+x86_64 1.0-1 7.00 19.00 26.00 NOTE
r-patched-linux-x86_64 1.0-1 2.24 14.28 16.53 NOTE
r-patched-solaris-sparc 1.0-1 216.60 NOTE
r-patched-solaris-x86 1.0-1 51.00 NOTE
r-release-linux-ix86 1.0-1 3.13 24.49 27.62 NOTE
r-release-linux-x86_64 1.0-1 2.23 14.76 16.99 NOTE
r-release-osx-x86_64-mavericks 1.0-1 NOTE
r-release-osx-x86_64-snowleopard 1.0-1 NOTE
r-release-windows-ix86+x86_64 1.0-1 6.00 22.00 28.00 NOTE
r-oldrel-windows-ix86+x86_64 1.0-1 6.00 23.00 29.00 NOTE

Check Details

Version: 1.0-1
Check: installed package size
Result: NOTE
     installed size is 13.9Mb
     sub-directories of 1Mb or more:
     java 13.8Mb
Flavors: r-devel-linux-x86_64-debian-clang, r-devel-linux-x86_64-debian-gcc, r-devel-linux-x86_64-fedora-clang, r-devel-linux-x86_64-fedora-gcc, r-devel-osx-x86_64-clang, r-devel-windows-ix86+x86_64, r-patched-linux-x86_64, r-patched-solaris-sparc, r-patched-solaris-x86, r-release-linux-ix86, r-release-linux-x86_64, r-release-osx-x86_64-mavericks, r-release-osx-x86_64-snowleopard, r-release-windows-ix86+x86_64, r-oldrel-windows-ix86+x86_64

Version: 1.0-1
Check: DESCRIPTION meta-information
Result: NOTE
    Malformed Title field: should not end in a period.
    Malformed Description field: should contain one or more complete sentences.
Flavors: r-devel-linux-x86_64-debian-clang, r-devel-linux-x86_64-debian-gcc, r-devel-linux-x86_64-fedora-clang, r-devel-linux-x86_64-fedora-gcc, r-devel-osx-x86_64-clang, r-devel-windows-ix86+x86_64