CRAN Package Check Results for Package NADA

Last updated on 2015-08-04 19:50:39.

Flavor Version Tinstall Tcheck Ttotal Status Flags
r-devel-linux-x86_64-debian-clang 1.5-6 1.83 20.45 22.28 NOTE
r-devel-linux-x86_64-debian-gcc 1.5-6 1.66 19.94 21.60 NOTE
r-devel-linux-x86_64-fedora-clang 1.5-6 46.74 NOTE
r-devel-linux-x86_64-fedora-gcc 1.5-6 41.65 NOTE
r-devel-osx-x86_64-clang 1.5-6 40.16 NOTE
r-devel-windows-ix86+x86_64 1.5-6 7.00 38.00 45.00 NOTE
r-patched-linux-x86_64 1.5-6 1.74 19.99 21.72 NOTE
r-patched-solaris-sparc 1.5-6 272.20 NOTE
r-patched-solaris-x86 1.5-6 58.40 NOTE
r-release-linux-x86_64 1.5-6 1.67 20.33 22.00 NOTE
r-release-osx-x86_64-mavericks 1.5-6 NOTE
r-release-windows-ix86+x86_64 1.5-6 12.00 33.00 45.00 NOTE
r-oldrel-windows-ix86+x86_64 1.5-6 13.00 36.00 49.00 OK

Check Details

Version: 1.5-6
Check: DESCRIPTION meta-information
Result: NOTE
    Malformed Description field: should contain one or more complete sentences.
Flavors: r-devel-linux-x86_64-debian-clang, r-devel-linux-x86_64-debian-gcc, r-devel-linux-x86_64-fedora-clang, r-devel-linux-x86_64-fedora-gcc, r-devel-osx-x86_64-clang, r-devel-windows-ix86+x86_64, r-patched-linux-x86_64, r-patched-solaris-sparc, r-patched-solaris-x86, r-release-linux-x86_64, r-release-osx-x86_64-mavericks, r-release-windows-ix86+x86_64

Version: 1.5-6
Check: R code for possible problems
Result: NOTE
    quantile,cenmle-lognormal: warning in formatC(100 * q, format = "fg",
     wid = 1): partial argument match of ‘wid’ to ‘width’
    .mean.cenfit: no visible global function definition for ‘qnorm’
    cencen.Cen: no visible global function definition for ‘as.formula’
    cencen.vectors: no visible global function definition for ‘as.formula’
    cencen.vectors.groups: no visible global function definition for
     ‘as.formula’
    cenpar.usr: no visible global function definition for ‘par’
    cenxyplot: no visible global function definition for ‘points’
    cenxyplot: no visible global function definition for ‘segments’
    hc.ppoints: no visible global function definition for ‘ppoints’
    ktau_p: no visible global function definition for ‘pnorm’
    new_cenreg_gaussian: no visible global function definition for
     ‘as.formula’
    asSurv,formula: no visible global function definition for ‘update’
    boxplot,ros: no visible global function definition for ‘bxp’
    cendiff,numeric-logical-factor: no visible global function definition
     for ‘as.formula’
    cenfit,Cen-missing-missing: no visible global function definition for
     ‘as.formula’
    cenfit,numeric-logical-factor: no visible global function definition
     for ‘as.formula’
    cenfit,numeric-logical-missing: no visible global function definition
     for ‘as.formula’
    cenmle,Cen-missing-missing: no visible global function definition for
     ‘as.formula’
    cenmle,numeric-logical-factor: no visible global function definition
     for ‘as.formula’
    cenmle,numeric-logical-missing: no visible global function definition
     for ‘as.formula’
    cenmle,numeric-logical-numeric: no visible global function definition
     for ‘as.formula’
    cenreg,numeric-logical-factor: no visible global function definition
     for ‘as.formula’
    cenreg,numeric-logical-numeric: no visible global function definition
     for ‘as.formula’
    flip,formula: no visible global function definition for ‘update’
    lines,ros: no visible global function definition for ‘qnorm’
    mean,cenmle-gaussian: no visible global function definition for ‘qnorm’
    mean,cenmle-lognormal: no visible global function definition for
     ‘qnorm’
    pexceed,ros: no visible global function definition for ‘qnorm’
    pexceed,ros: no visible global function definition for ‘lm’
    pexceed,ros: no visible global function definition for ‘pnorm’
    pexceed,ros: no visible global function definition for ‘predict.lm’
    plot,cenmle-gaussian-ANY: no visible global function definition for
     ‘qnorm’
    plot,cenmle-lognormal-ANY: no visible global function definition for
     ‘qnorm’
    plot,cenreg-ANY: no visible global function definition for ‘qnorm’
    plot,ros-missing: no visible global function definition for ‘qnorm’
    plot,ros-missing: no visible global function definition for ‘axis’
    plot,ros-missing: no visible global function definition for ‘axTicks’
    plot,ros-missing: no visible global function definition for ‘mtext’
    plot,ros-missing: no visible global function definition for ‘points’
    predict,cenreg-lognormal: no visible global function definition for
     ‘qnorm’
    predict,ros: no visible global function definition for ‘predict.lm’
    quantile,cenmle-gaussian: no visible global function definition for
     ‘qnorm’
    quantile,cenmle-gaussian: no visible global function definition for
     ‘qt’
    quantile,cenmle-lognormal: no visible global function definition for
     ‘qnorm’
    ros,numeric-logical: no visible global function definition for ‘qnorm’
    ros,numeric-logical: no visible global function definition for ‘lm’
    sd,ros: no visible global function definition for ‘var’
    show,summary.cenreg: no visible global function definition for ‘pchisq’
    show,summary.cenreg: no visible global function definition for
     ‘naprint’
    summary,ros: no visible global function definition for ‘summary.lm’
    summary,ros: no visible global function definition for ‘plot.lm’
    Undefined global functions or variables:
     as.formula axTicks axis bxp lm mtext naprint par pchisq plot.lm pnorm
     points ppoints predict.lm qnorm qt segments summary.lm update var
    Consider adding
     importFrom("graphics", "axTicks", "axis", "bxp", "mtext", "par",
     "points", "segments")
     importFrom("stats", "as.formula", "lm", "naprint", "pchisq", "pnorm",
     "ppoints", "predict.lm", "qnorm", "qt", "summary.lm",
     "update", "var")
    to your NAMESPACE.
Flavors: r-devel-linux-x86_64-debian-clang, r-devel-linux-x86_64-debian-gcc, r-devel-linux-x86_64-fedora-clang, r-devel-linux-x86_64-fedora-gcc, r-devel-windows-ix86+x86_64

Version: 1.5-6
Check: R code for possible problems
Result: NOTE
    quantile,cenmle-lognormal: warning in formatC(100 * q, format = "fg",
     wid = 1): partial argument match of 'wid' to 'width'
    summary,ros: no visible global function definition for ‘plot.lm’
    Undefined global functions or variables:
     plot.lm
Flavor: r-devel-osx-x86_64-clang

Version: 1.5-6
Check: R code for possible problems
Result: NOTE
    quantile,cenmle-lognormal : .local: warning in formatC(100 * q, format
     = "fg", wid = 1): partial argument match of ‘wid’ to ‘width’
    summary,ros : .local: no visible global function definition for
     ‘plot.lm’
Flavors: r-patched-linux-x86_64, r-patched-solaris-sparc, r-patched-solaris-x86, r-release-linux-x86_64