CRAN Package Check Results for Package NADA

Last updated on 2015-07-03 03:47:00.

Flavor Version Tinstall Tcheck Ttotal Status Flags
r-devel-linux-x86_64-debian-clang 1.5-6 1.64 19.90 21.54 NOTE
r-devel-linux-x86_64-debian-gcc 1.5-6 1.78 19.09 20.86 NOTE
r-devel-linux-x86_64-fedora-clang 1.5-6 41.89 NOTE
r-devel-linux-x86_64-fedora-gcc 1.5-6 39.12 NOTE
r-devel-osx-x86_64-clang 1.5-6 41.19 NOTE
r-devel-windows-ix86+x86_64 1.5-6 12.00 34.00 46.00 NOTE
r-patched-linux-x86_64 1.5-6 1.70 19.96 21.66 NOTE
r-patched-solaris-sparc 1.5-6 258.20 NOTE
r-patched-solaris-x86 1.5-6 56.80 NOTE
r-release-linux-x86_64 1.5-6 1.65 19.95 21.60 NOTE
r-release-osx-x86_64-mavericks 1.5-6 NOTE
r-release-windows-ix86+x86_64 1.5-6 7.00 34.00 41.00 NOTE
r-oldrel-windows-ix86+x86_64 1.5-6 7.00 40.00 47.00 OK

Check Details

Version: 1.5-6
Check: DESCRIPTION meta-information
Result: NOTE
    Malformed Description field: should contain one or more complete sentences.
Flavors: r-devel-linux-x86_64-debian-clang, r-devel-linux-x86_64-debian-gcc, r-devel-linux-x86_64-fedora-clang, r-devel-linux-x86_64-fedora-gcc, r-devel-osx-x86_64-clang, r-devel-windows-ix86+x86_64, r-patched-linux-x86_64, r-patched-solaris-sparc, r-patched-solaris-x86, r-release-linux-x86_64, r-release-osx-x86_64-mavericks, r-release-windows-ix86+x86_64

Version: 1.5-6
Check: R code for possible problems
Result: NOTE
    .mean.cenfit: no visible global function definition for ‘qnorm’
    cencen.Cen: no visible global function definition for ‘as.formula’
    cencen.vectors: no visible global function definition for ‘as.formula’
    cencen.vectors.groups: no visible global function definition for
     ‘as.formula’
    cenpar.usr: no visible global function definition for ‘par’
    cenxyplot: no visible global function definition for ‘points’
    cenxyplot: no visible global function definition for ‘segments’
    hc.ppoints: no visible global function definition for ‘ppoints’
    ktau_p: no visible global function definition for ‘pnorm’
    new_cenreg_gaussian: no visible global function definition for
     ‘as.formula’
    asSurv,formula: no visible global function definition for ‘update’
    boxplot,ros: no visible global function definition for ‘bxp’
    cendiff,numeric-logical-factor: no visible global function definition
     for ‘as.formula’
    cenfit,Cen-missing-missing: no visible global function definition for
     ‘as.formula’
    cenfit,numeric-logical-factor: no visible global function definition
     for ‘as.formula’
    cenfit,numeric-logical-missing: no visible global function definition
     for ‘as.formula’
    cenmle,Cen-missing-missing: no visible global function definition for
     ‘as.formula’
    cenmle,numeric-logical-factor: no visible global function definition
     for ‘as.formula’
    cenmle,numeric-logical-missing: no visible global function definition
     for ‘as.formula’
    cenmle,numeric-logical-numeric: no visible global function definition
     for ‘as.formula’
    cenreg,numeric-logical-factor: no visible global function definition
     for ‘as.formula’
    cenreg,numeric-logical-numeric: no visible global function definition
     for ‘as.formula’
    flip,formula: no visible global function definition for ‘update’
    lines,ros: no visible global function definition for ‘qnorm’
    ros,numeric-logical: no visible global function definition for ‘qnorm’
    ros,numeric-logical: no visible global function definition for ‘lm’
    sd,ros: no visible global function definition for ‘var’
    show,summary.cenreg: no visible global function definition for ‘pchisq’
    show,summary.cenreg: no visible global function definition for
     ‘naprint’
    Undefined global functions or variables:
     as.formula bxp lm naprint par pchisq pnorm points ppoints qnorm
     segments update var
Flavors: r-devel-linux-x86_64-debian-clang, r-devel-linux-x86_64-fedora-clang, r-devel-linux-x86_64-fedora-gcc

Version: 1.5-6
Check: R code for possible problems
Result: NOTE
    .mean.cenfit: no visible global function definition for ‘qnorm’
    cencen.Cen: no visible global function definition for ‘as.formula’
    cencen.vectors: no visible global function definition for ‘as.formula’
    cencen.vectors.groups: no visible global function definition for
     ‘as.formula’
    cenpar.usr: no visible global function definition for ‘par’
    cenxyplot: no visible global function definition for ‘points’
    cenxyplot: no visible global function definition for ‘segments’
    hc.ppoints: no visible global function definition for ‘ppoints’
    ktau_p: no visible global function definition for ‘pnorm’
    new_cenreg_gaussian: no visible global function definition for
     ‘as.formula’
    asSurv,formula: no visible global function definition for ‘update’
    boxplot,ros: no visible global function definition for ‘bxp’
    cendiff,numeric-logical-factor: no visible global function definition
     for ‘as.formula’
    cenfit,Cen-missing-missing: no visible global function definition for
     ‘as.formula’
    cenfit,numeric-logical-factor: no visible global function definition
     for ‘as.formula’
    cenfit,numeric-logical-missing: no visible global function definition
     for ‘as.formula’
    cenmle,Cen-missing-missing: no visible global function definition for
     ‘as.formula’
    cenmle,numeric-logical-factor: no visible global function definition
     for ‘as.formula’
    cenmle,numeric-logical-missing: no visible global function definition
     for ‘as.formula’
    cenmle,numeric-logical-numeric: no visible global function definition
     for ‘as.formula’
    cenreg,numeric-logical-factor: no visible global function definition
     for ‘as.formula’
    cenreg,numeric-logical-numeric: no visible global function definition
     for ‘as.formula’
    flip,formula: no visible global function definition for ‘update’
    lines,ros: no visible global function definition for ‘qnorm’
    ros,numeric-logical: no visible global function definition for ‘qnorm’
    ros,numeric-logical: no visible global function definition for ‘lm’
    sd,ros: no visible global function definition for ‘var’
    show,summary.cenreg: no visible global function definition for ‘pchisq’
    show,summary.cenreg: no visible global function definition for
     ‘naprint’
Flavor: r-devel-linux-x86_64-debian-gcc