CRAN Package Check Results for Package NADA

Last updated on 2014-04-24 23:48:07.

Flavor Version Tinstall Tcheck Ttotal Status Flags
r-devel-linux-x86_64-debian-clang 1.5-6 2.11 24.39 26.50 OK
r-devel-linux-x86_64-debian-gcc 1.5-6 2.18 24.00 26.19 OK
r-devel-linux-x86_64-fedora-clang 1.5-6 52.09 OK
r-devel-linux-x86_64-fedora-gcc 1.5-6 49.99 OK
r-devel-osx-x86_64-clang 1.5-6 49.73 OK
r-devel-osx-x86_64-gcc 1.5-6 OK
r-devel-windows-ix86+x86_64 1.5-6 6.00 37.00 43.00 OK
r-patched-linux-x86_64 1.5-6 2.11 24.34 26.45 OK
r-patched-solaris-sparc 1.5-6 294.40 OK
r-patched-solaris-x86 1.5-6 67.30 OK
r-release-linux-ix86 1.5-6 4.00 43.00 47.00 OK
r-release-linux-x86_64 1.5-6 2.31 24.37 26.68 OK
r-release-osx-x86_64-mavericks 1.5-6 WARN
r-release-osx-x86_64-snowleopard 1.5-6 OK
r-release-windows-ix86+x86_64 1.5-6 10.00 49.00 59.00 OK
r-oldrel-windows-ix86+x86_64 1.5-6 6.00 39.00 45.00 OK

Check Details

Version: 1.5-6
Check: PDF version of manual
Result: WARNING
    LaTeX errors when creating PDF version.
    This typically indicates Rd problems.
    LaTeX errors found:
    ! LaTeX Error: File `upquote.sty' not found.
    
    Type X to quit or <RETURN> to proceed,
    or enter new name. (Default extension: sty)
    
    67f7eb4/Rd2.tex:8: ==> Fatal error occurred, no output PDF file produced!
Flavor: r-release-osx-x86_64-mavericks