CRAN Package Check Results for Package NADA

Last updated on 2015-03-30 08:50:03.

Flavor Version Tinstall Tcheck Ttotal Status Flags
r-devel-linux-x86_64-debian-clang 1.5-6 1.82 20.10 21.92 NOTE
r-devel-linux-x86_64-debian-gcc 1.5-6 1.88 19.76 21.64 NOTE
r-devel-linux-x86_64-fedora-clang 1.5-6 43.30 NOTE
r-devel-linux-x86_64-fedora-gcc 1.5-6 40.67 NOTE
r-devel-osx-x86_64-clang 1.5-6 46.92 NOTE
r-prerel-windows-ix86+x86_64 1.5-6 11.00 35.00 46.00 NOTE
r-prerel-linux-x86_64 1.5-6 1.75 19.79 21.54 NOTE
r-prerel-solaris-sparc 1.5-6 262.70 NOTE
r-prerel-solaris-x86 1.5-6 56.60 NOTE
r-release-linux-x86_64 1.5-6 2.18 22.71 24.88 OK
r-release-osx-x86_64-mavericks 1.5-6 OK
r-release-osx-x86_64-snowleopard 1.5-6 OK
r-release-windows-ix86+x86_64 1.5-6 11.00 41.00 52.00 OK
r-oldrel-windows-ix86+x86_64 1.5-6 9.00 38.00 47.00 OK

Check Details

Version: 1.5-6
Check: DESCRIPTION meta-information
Result: NOTE
    Malformed Description field: should contain one or more complete sentences.
Flavors: r-devel-linux-x86_64-debian-clang, r-devel-linux-x86_64-debian-gcc, r-devel-linux-x86_64-fedora-clang, r-devel-linux-x86_64-fedora-gcc, r-devel-osx-x86_64-clang, r-prerel-windows-ix86+x86_64, r-prerel-linux-x86_64, r-prerel-solaris-sparc, r-prerel-solaris-x86