CRAN Package Check Results for Package NADA

Last updated on 2015-04-26 03:47:35.

Flavor Version Tinstall Tcheck Ttotal Status Flags
r-devel-linux-x86_64-debian-clang 1.5-6 1.82 20.09 21.90 NOTE
r-devel-linux-x86_64-debian-gcc 1.5-6 1.64 20.67 22.31 NOTE
r-devel-linux-x86_64-fedora-clang 1.5-6 43.99 NOTE
r-devel-linux-x86_64-fedora-gcc 1.5-6 47.43 NOTE
r-devel-osx-x86_64-clang 1.5-6 41.74 NOTE
r-devel-windows-ix86+x86_64 1.5-6 7.00 35.00 42.00 NOTE
r-patched-linux-x86_64 1.5-6 2.10 20.44 22.54 NOTE
r-patched-solaris-sparc 1.5-6 262.70 NOTE
r-patched-solaris-x86 1.5-6 58.40 NOTE
r-release-linux-x86_64 1.5-6 1.70 20.08 21.78 NOTE
r-release-osx-x86_64-mavericks 1.5-6 NOTE
r-release-osx-x86_64-snowleopard 1.5-6 NOTE
r-release-windows-ix86+x86_64 1.5-6 5.00 40.00 45.00 NOTE
r-oldrel-windows-ix86+x86_64 1.5-6 11.00 41.00 52.00 OK

Check Details

Version: 1.5-6
Check: DESCRIPTION meta-information
Result: NOTE
    Malformed Description field: should contain one or more complete sentences.
Flavors: r-devel-windows-ix86+x86_64, r-release-windows-ix86+x86_64