CRAN Package Check Results for Package NADA

Last updated on 2015-05-22 09:47:40.

Flavor Version Tinstall Tcheck Ttotal Status Flags
r-devel-linux-x86_64-debian-clang 1.5-6 1.67 20.18 21.85 NOTE
r-devel-linux-x86_64-debian-gcc 1.5-6 2.50 19.67 22.17 NOTE
r-devel-linux-x86_64-fedora-clang 1.5-6 43.31 NOTE
r-devel-linux-x86_64-fedora-gcc 1.5-6 41.31 NOTE
r-devel-osx-x86_64-clang 1.5-6 42.98 NOTE
r-devel-windows-ix86+x86_64 1.5-6 11.00 34.00 45.00 NOTE
r-patched-linux-x86_64 1.5-6 1.66 20.41 22.07 NOTE
r-patched-solaris-sparc 1.5-6 262.70 NOTE
r-patched-solaris-x86 1.5-6 58.40 NOTE
r-release-linux-x86_64 1.5-6 1.81 19.62 21.43 NOTE
r-release-osx-x86_64-mavericks 1.5-6 NOTE
r-release-osx-x86_64-snowleopard 1.5-6 NOTE
r-release-windows-ix86+x86_64 1.5-6 5.00 40.00 45.00 NOTE
r-oldrel-windows-ix86+x86_64 1.5-6 11.00 41.00 52.00 OK

Check Details

Version: 1.5-6
Check: DESCRIPTION meta-information
Result: NOTE
    Malformed Description field: should contain one or more complete sentences.
Flavors: r-devel-linux-x86_64-debian-clang, r-devel-linux-x86_64-debian-gcc, r-devel-linux-x86_64-fedora-clang, r-devel-linux-x86_64-fedora-gcc, r-devel-osx-x86_64-clang, r-devel-windows-ix86+x86_64, r-patched-linux-x86_64, r-patched-solaris-sparc, r-patched-solaris-x86, r-release-linux-x86_64, r-release-osx-x86_64-mavericks, r-release-osx-x86_64-snowleopard, r-release-windows-ix86+x86_64