CRAN Package Check Results for Package NADA

Last updated on 2016-09-26 10:48:22.

Flavor Version Tinstall Tcheck Ttotal Status Flags
r-devel-linux-x86_64-debian-clang 1.5-6 3.03 35.30 38.33 WARN
r-devel-linux-x86_64-debian-gcc 1.5-6 3.07 35.36 38.43 WARN
r-devel-linux-x86_64-fedora-clang 1.5-6 83.46 WARN
r-devel-linux-x86_64-fedora-gcc 1.5-6 76.61 WARN
r-devel-macos-x86_64-clang 1.5-6 62.11 WARN
r-devel-windows-ix86+x86_64 1.5-6 14.00 82.00 96.00 WARN
r-patched-linux-x86_64 1.5-6 3.12 35.66 38.78 WARN
r-patched-solaris-sparc 1.5-6 498.30 WARN
r-patched-solaris-x86 1.5-6 105.30 WARN
r-release-linux-x86_64 1.5-6 2.96 36.11 39.07 WARN
r-release-osx-x86_64-mavericks 1.5-6 WARN
r-release-windows-ix86+x86_64 1.5-6 21.00 98.00 119.00 WARN
r-oldrel-windows-ix86+x86_64 1.5-6 14.00 93.00 107.00 WARN

Check Details

Version: 1.5-6
Check: DESCRIPTION meta-information
Result: NOTE
    Malformed Description field: should contain one or more complete sentences.
Flavors: r-devel-linux-x86_64-debian-clang, r-devel-linux-x86_64-debian-gcc, r-devel-linux-x86_64-fedora-clang, r-devel-linux-x86_64-fedora-gcc, r-devel-macos-x86_64-clang, r-devel-windows-ix86+x86_64, r-patched-linux-x86_64, r-patched-solaris-sparc, r-patched-solaris-x86, r-release-linux-x86_64, r-release-osx-x86_64-mavericks, r-release-windows-ix86+x86_64, r-oldrel-windows-ix86+x86_64

Version: 1.5-6
Check: R code for possible problems
Result: NOTE
    quantile,cenmle-lognormal: warning in formatC(100 * q, format = "fg",
     wid = 1): partial argument match of ‘wid’ to ‘width’
    .mean.cenfit: no visible global function definition for ‘qnorm’
    cencen.Cen: no visible global function definition for ‘as.formula’
    cencen.vectors: no visible global function definition for ‘as.formula’
    cencen.vectors.groups: no visible global function definition for
     ‘as.formula’
    cenpar.usr: no visible global function definition for ‘par’
    cenxyplot: no visible global function definition for ‘points’
    cenxyplot: no visible global function definition for ‘segments’
    hc.ppoints: no visible global function definition for ‘ppoints’
    ktau_p: no visible global function definition for ‘pnorm’
    new_cenreg_gaussian: no visible global function definition for
     ‘as.formula’
    asSurv,formula: no visible global function definition for ‘update’
    boxplot,ros: no visible global function definition for ‘bxp’
    cendiff,numeric-logical-factor: no visible global function definition
     for ‘as.formula’
    cenfit,Cen-missing-missing: no visible global function definition for
     ‘as.formula’
    cenfit,numeric-logical-factor: no visible global function definition
     for ‘as.formula’
    cenfit,numeric-logical-missing: no visible global function definition
     for ‘as.formula’
    cenmle,Cen-missing-missing: no visible global function definition for
     ‘as.formula’
    cenmle,numeric-logical-factor: no visible global function definition
     for ‘as.formula’
    cenmle,numeric-logical-missing: no visible global function definition
     for ‘as.formula’
    cenmle,numeric-logical-numeric: no visible global function definition
     for ‘as.formula’
    cenreg,numeric-logical-factor: no visible global function definition
     for ‘as.formula’
    cenreg,numeric-logical-numeric: no visible global function definition
     for ‘as.formula’
    flip,formula: no visible global function definition for ‘update’
    lines,ros: no visible global function definition for ‘qnorm’
    mean,cenmle-gaussian: no visible global function definition for ‘qnorm’
    mean,cenmle-lognormal: no visible global function definition for
     ‘qnorm’
    pexceed,ros: no visible global function definition for ‘qnorm’
    pexceed,ros: no visible global function definition for ‘lm’
    pexceed,ros: no visible global function definition for ‘pnorm’
    pexceed,ros: no visible global function definition for ‘predict.lm’
    plot,cenmle-gaussian-ANY: no visible global function definition for
     ‘qnorm’
    plot,cenmle-lognormal-ANY: no visible global function definition for
     ‘qnorm’
    plot,cenreg-ANY: no visible global function definition for ‘qnorm’
    plot,ros-missing: no visible global function definition for ‘qnorm’
    plot,ros-missing: no visible global function definition for ‘axis’
    plot,ros-missing: no visible global function definition for ‘axTicks’
    plot,ros-missing: no visible global function definition for ‘mtext’
    plot,ros-missing: no visible global function definition for ‘points’
    predict,cenreg-lognormal: no visible global function definition for
     ‘qnorm’
    predict,ros: no visible global function definition for ‘predict.lm’
    quantile,cenmle-gaussian: no visible global function definition for
     ‘qnorm’
    quantile,cenmle-gaussian: no visible global function definition for
     ‘qt’
    quantile,cenmle-lognormal: no visible global function definition for
     ‘qnorm’
    ros,numeric-logical: no visible global function definition for ‘qnorm’
    ros,numeric-logical: no visible global function definition for ‘lm’
    sd,ros: no visible global function definition for ‘var’
    show,summary.cenreg: no visible global function definition for ‘pchisq’
    show,summary.cenreg: no visible global function definition for
     ‘naprint’
    summary,ros: no visible global function definition for ‘summary.lm’
    summary,ros: no visible global function definition for ‘plot.lm’
    Undefined global functions or variables:
     as.formula axTicks axis bxp lm mtext naprint par pchisq plot.lm pnorm
     points ppoints predict.lm qnorm qt segments summary.lm update var
    Consider adding
     importFrom("graphics", "axTicks", "axis", "bxp", "mtext", "par",
     "points", "segments")
     importFrom("stats", "as.formula", "lm", "naprint", "pchisq", "pnorm",
     "ppoints", "predict.lm", "qnorm", "qt", "summary.lm",
     "update", "var")
    to your NAMESPACE file.
Flavors: r-devel-linux-x86_64-debian-clang, r-devel-linux-x86_64-debian-gcc, r-devel-linux-x86_64-fedora-clang, r-devel-linux-x86_64-fedora-gcc, r-devel-macos-x86_64-clang, r-devel-windows-ix86+x86_64, r-patched-linux-x86_64, r-patched-solaris-sparc, r-patched-solaris-x86, r-release-linux-x86_64, r-release-osx-x86_64-mavericks, r-release-windows-ix86+x86_64

Version: 1.5-6
Check: for missing documentation entries
Result: WARN
    Undocumented S4 methods:
     generic '[' and siglist 'cenfit,numeric,missing,ANY'
    All user-level objects in a package (including S4 classes and methods)
    should have documentation entries.
    See chapter ‘Writing R documentation files’ in the ‘Writing R
    Extensions’ manual.
Flavors: r-devel-linux-x86_64-debian-clang, r-devel-linux-x86_64-debian-gcc, r-devel-linux-x86_64-fedora-clang, r-devel-linux-x86_64-fedora-gcc, r-devel-macos-x86_64-clang, r-devel-windows-ix86+x86_64, r-patched-linux-x86_64, r-patched-solaris-sparc, r-patched-solaris-x86, r-release-linux-x86_64, r-release-osx-x86_64-mavericks, r-release-windows-ix86+x86_64, r-oldrel-windows-ix86+x86_64

Version: 1.5-6
Check: R code for possible problems
Result: NOTE
    quantile,cenmle-lognormal : .local: warning in formatC(100 * q, format
     = "fg", wid = 1): partial argument match of 'wid' to 'width'
    summary,ros : .local: no visible global function definition for
     'plot.lm'
Flavor: r-oldrel-windows-ix86+x86_64