CRAN Package Check Results for Package NADIA

Last updated on 2021-12-07 09:53:58 CET.

Flavor Version Tinstall Tcheck Ttotal Status Flags
r-devel-linux-x86_64-debian-clang 0.4.1 29.77 510.70 540.47 NOTE
r-devel-linux-x86_64-debian-gcc 0.4.1 26.42 382.36 408.78 NOTE
r-devel-linux-x86_64-fedora-clang 0.4.1 609.49 NOTE
r-devel-linux-x86_64-fedora-gcc 0.4.1 584.82 NOTE
r-devel-windows-x86_64-new-UL 0.4.1 55.00 1188.00 1243.00 NOTE
r-devel-windows-x86_64-new-TK 0.4.1 NOTE
r-devel-windows-x86_64-old 0.4.1 53.00 603.00 656.00 NOTE
r-patched-linux-x86_64 0.4.1 39.50 486.25 525.75 NOTE
r-release-linux-x86_64 0.4.1 33.19 491.83 525.02 NOTE
r-release-macos-arm64 0.4.1 NOTE
r-release-macos-x86_64 0.4.1 NOTE
r-release-windows-ix86+x86_64 0.4.1 44.00 548.00 592.00 NOTE
r-oldrel-macos-x86_64 0.4.1 NOTE
r-oldrel-windows-ix86+x86_64 0.4.1 64.00 538.00 602.00 OK

Check Details

Version: 0.4.1
Check: LazyData
Result: NOTE
     'LazyData' is specified without a 'data' directory
Flavors: r-devel-linux-x86_64-debian-clang, r-devel-linux-x86_64-debian-gcc, r-devel-linux-x86_64-fedora-clang, r-devel-linux-x86_64-fedora-gcc, r-devel-windows-x86_64-new-UL, r-devel-windows-x86_64-new-TK, r-devel-windows-x86_64-old, r-patched-linux-x86_64, r-release-linux-x86_64, r-release-macos-arm64, r-release-macos-x86_64, r-release-windows-ix86+x86_64

Version: 0.4.1
Check: dependencies in R code
Result: NOTE
    Namespaces in Imports field not imported from:
     ‘glmnet’ ‘mlr3learners’
     All declared Imports should be used.
Flavors: r-devel-linux-x86_64-fedora-clang, r-devel-linux-x86_64-fedora-gcc, r-devel-windows-x86_64-new-TK, r-release-macos-arm64, r-release-macos-x86_64, r-oldrel-macos-x86_64