CRAN Package Check Results for Package NAM

Last updated on 2019-11-13 13:47:06 CET.

Flavor Version Tinstall Tcheck Ttotal Status Flags
r-devel-linux-x86_64-debian-clang 1.7.3 46.43 70.38 116.81 OK
r-devel-linux-x86_64-debian-gcc 1.7.3 39.31 54.33 93.64 OK
r-devel-linux-x86_64-fedora-clang 1.7.3 153.20 NOTE
r-devel-linux-x86_64-fedora-gcc 1.7.3 154.38 OK
r-devel-windows-ix86+x86_64 1.7.3 98.00 130.00 228.00 OK
r-patched-linux-x86_64 1.7.3 39.15 68.00 107.15 OK
r-patched-solaris-x86 1.7.3 172.80 OK
r-release-linux-x86_64 1.7.3 39.02 68.89 107.91 OK
r-release-windows-ix86+x86_64 1.7.3 97.00 99.00 196.00 OK
r-release-osx-x86_64 1.7.3 NOTE
r-oldrel-windows-ix86+x86_64 1.7.3 70.00 90.00 160.00 OK
r-oldrel-osx-x86_64 1.7.3 NOTE

Check Details

Version: 1.7.3
Check: installed package size
Result: NOTE
     installed size is 7.2Mb
     sub-directories of 1Mb or more:
     libs 4.9Mb
Flavors: r-devel-linux-x86_64-fedora-clang, r-release-osx-x86_64, r-oldrel-osx-x86_64