CRAN Package Check Results for Package NAM

Last updated on 2019-07-23 07:48:50 CEST.

Flavor Version Tinstall Tcheck Ttotal Status Flags
r-devel-linux-x86_64-debian-clang 1.7.2 38.93 70.24 109.17 OK
r-devel-linux-x86_64-debian-gcc 1.7.2 33.40 54.64 88.04 OK
r-devel-linux-x86_64-fedora-clang 1.7.2 139.68 NOTE
r-devel-linux-x86_64-fedora-gcc 1.7.2 141.16 OK
r-devel-windows-ix86+x86_64 1.7.2 62.00 85.00 147.00 OK
r-patched-linux-x86_64 1.7.2 37.00 70.53 107.53 OK
r-patched-solaris-x86 1.7.2 160.80 OK
r-release-linux-x86_64 1.7.2 37.15 69.69 106.84 OK
r-release-windows-ix86+x86_64 1.7.2 87.00 92.00 179.00 OK
r-release-osx-x86_64 1.7.2 NOTE
r-oldrel-windows-ix86+x86_64 1.7.2 81.00 115.00 196.00 OK
r-oldrel-osx-x86_64 1.7.2 NOTE

Check Details

Version: 1.7.2
Check: installed package size
Result: NOTE
     installed size is 5.6Mb
     sub-directories of 1Mb or more:
     libs 3.3Mb
Flavors: r-devel-linux-x86_64-fedora-clang, r-release-osx-x86_64, r-oldrel-osx-x86_64