CRAN Package Check Results for Package NAPPA

Last updated on 2014-04-24 23:48:07.

Flavor Version Tinstall Tcheck Ttotal Status Flags
r-devel-linux-x86_64-debian-clang 1.0 1.09 15.62 16.70 OK
r-devel-linux-x86_64-debian-gcc 1.0 1.02 15.60 16.62 OK
r-devel-linux-x86_64-fedora-clang 1.0 32.72 OK
r-devel-linux-x86_64-fedora-gcc 1.0 31.86 OK
r-devel-osx-x86_64-clang 1.0 35.00 OK
r-devel-osx-x86_64-gcc 1.0 OK
r-devel-windows-ix86+x86_64 1.0 4.00 25.00 29.00 OK
r-patched-linux-x86_64 1.0 1.03 15.61 16.64 OK
r-patched-solaris-sparc 1.0 184.90 OK
r-patched-solaris-x86 1.0 45.10 OK
r-release-linux-ix86 1.0 2.00 31.00 33.00 OK
r-release-linux-x86_64 1.0 1.03 15.41 16.44 OK
r-release-osx-x86_64-mavericks 1.0 WARN
r-release-osx-x86_64-snowleopard 1.0 OK
r-release-windows-ix86+x86_64 1.0 3.00 24.00 27.00 OK
r-oldrel-windows-ix86+x86_64 1.0 3.00 26.00 29.00 OK

Check Details

Version: 1.0
Check: PDF version of manual
Result: WARNING
    LaTeX errors when creating PDF version.
    This typically indicates Rd problems.
    LaTeX errors found:
    ! LaTeX Error: File `upquote.sty' not found.
    
    Type X to quit or <RETURN> to proceed,
    or enter new name. (Default extension: sty)
    
    776f8b7/Rd2.tex:8: ==> Fatal error occurred, no output PDF file produced!
Flavor: r-release-osx-x86_64-mavericks