CRAN Package Check Results for Package NAPPA

Last updated on 2015-03-03 19:50:33.

Flavor Version Tinstall Tcheck Ttotal Status Flags
r-devel-linux-x86_64-debian-clang 2.0 1.22 23.87 25.09 NOTE
r-devel-linux-x86_64-debian-gcc 2.0 1.06 21.93 23.00 NOTE
r-devel-linux-x86_64-fedora-clang 2.0 54.61 NOTE
r-devel-linux-x86_64-fedora-gcc 2.0 45.13 NOTE
r-devel-osx-x86_64-clang 2.0 50.20 NOTE
r-devel-windows-ix86+x86_64 2.0 8.00 48.00 56.00 NOTE
r-patched-linux-x86_64 2.0 1.52 26.71 28.24 OK
r-patched-solaris-sparc 2.0 348.50 OK
r-patched-solaris-x86 2.0 71.20 OK
r-release-linux-ix86 2.0 1.91 45.58 47.49 OK
r-release-linux-x86_64 2.0 1.50 26.54 28.04 OK
r-release-osx-x86_64-mavericks 2.0 OK
r-release-osx-x86_64-snowleopard 2.0 OK
r-release-windows-ix86+x86_64 2.0 11.00 68.00 79.00 OK
r-oldrel-windows-ix86+x86_64 2.0 7.00 45.00 52.00 OK

Check Details

Version: 2.0
Check: DESCRIPTION meta-information
Result: NOTE
    Malformed Description field: should contain one or more complete sentences.
Flavors: r-devel-linux-x86_64-debian-clang, r-devel-linux-x86_64-debian-gcc, r-devel-linux-x86_64-fedora-clang, r-devel-linux-x86_64-fedora-gcc, r-devel-osx-x86_64-clang, r-devel-windows-ix86+x86_64