CRAN Package Check Results for Package NAPPA

Last updated on 2017-09-22 10:47:27.

Flavor Version Tinstall Tcheck Ttotal Status Flags
r-devel-linux-x86_64-debian-clang 2.0.1 7.06 76.09 83.15 NOTE
r-devel-linux-x86_64-debian-gcc 2.0.1 5.56 59.19 64.75 NOTE
r-devel-linux-x86_64-fedora-clang 2.0.1 94.04 NOTE
r-devel-linux-x86_64-fedora-gcc 2.0.1 92.74 NOTE
r-devel-windows-ix86+x86_64 2.0.1 11.00 81.00 92.00 NOTE
r-patched-linux-x86_64 2.0.1 4.27 54.95 59.22 NOTE
r-patched-solaris-x86 2.0.1 111.10 NOTE
r-release-linux-x86_64 2.0.1 6.58 77.17 83.75 NOTE
r-release-windows-ix86+x86_64 2.0.1 11.00 85.00 96.00 NOTE
r-release-osx-x86_64 2.0.1 ERROR
r-oldrel-windows-ix86+x86_64 2.0.1 10.00 78.00 88.00 NOTE
r-oldrel-osx-x86_64 2.0.1 NOTE

Check Details

Version: 2.0.1
Check: R code for possible problems
Result: NOTE
    NAPPA: no visible binding for global variable ‘sd’
    NAPPA: no visible global function definition for ‘sd’
    calibrate.sigmoid.curve : <anonymous> : <anonymous>: no visible global
     function definition for ‘coef’
    calibrate.sigmoid.curve : <anonymous> : <anonymous>: no visible global
     function definition for ‘lm’
    calibrate.sigmoid.curve: no visible global function definition for
     ‘nls’
    calibrate.sigmoid.curve: no visible binding for global variable
     ‘weights’
    calibrate.sigmoid.curve: no visible global function definition for
     ‘coef’
    calibrate.sigmoid.curve: no visible global function definition for
     ‘plot’
    calibrate.sigmoid.curve: no visible global function definition for
     ‘rgb’
    calibrate.sigmoid.curve: no visible global function definition for
     ‘box’
    calibrate.sigmoid.curve: no visible global function definition for
     ‘axis’
    calibrate.sigmoid.curve: no visible global function definition for
     ‘abline’
    calibrate.sigmoid.curve: no visible global function definition for
     ‘lines’
    calibrate.sigmoid.curve: no visible global function definition for
     ‘predict’
    calibrate.sigmoid.curve: no visible global function definition for
     ‘smooth.spline’
    calibrate.sigmoid.curve : <anonymous>: no visible global function
     definition for ‘nls’
    calibrate.sigmoid.curve : <anonymous>: no visible binding for global
     variable ‘weights’
    calibrate.sigmoid.curve: no visible binding for global variable ‘coef’
    calibrate.sigmoid.curve: no visible global function definition for ‘pf’
    calibrate.sigmoid.curve: no visible global function definition for
     ‘legend’
    Undefined global functions or variables:
     abline axis box coef legend lines lm nls pf plot predict rgb sd
     smooth.spline weights
    Consider adding
     importFrom("grDevices", "rgb")
     importFrom("graphics", "abline", "axis", "box", "legend", "lines",
     "plot")
     importFrom("stats", "coef", "lm", "nls", "pf", "predict", "sd",
     "smooth.spline", "weights")
    to your NAMESPACE file.
Flavors: r-devel-linux-x86_64-debian-clang, r-devel-linux-x86_64-debian-gcc, r-devel-linux-x86_64-fedora-clang, r-devel-linux-x86_64-fedora-gcc, r-devel-windows-ix86+x86_64, r-patched-linux-x86_64, r-patched-solaris-x86, r-release-linux-x86_64, r-release-windows-ix86+x86_64, r-oldrel-windows-ix86+x86_64, r-oldrel-osx-x86_64

Version: 2.0.1
Check: package dependencies
Result: ERROR
    Package required but not available: ‘NanoStringNorm’
    
    See section ‘The DESCRIPTION file’ in the ‘Writing R Extensions’
    manual.
Flavor: r-release-osx-x86_64