CRAN Package Check Results for Package NAPPA

Last updated on 2016-12-10 18:49:39.

Flavor Version Tinstall Tcheck Ttotal Status Flags
r-devel-linux-x86_64-debian-clang 2.0.1 5.72 61.71 67.43 NOTE
r-devel-linux-x86_64-debian-gcc 2.0.1 4.93 59.62 64.55 NOTE
r-devel-linux-x86_64-fedora-clang 2.0.1 92.79 NOTE --no-stop-on-test-error
r-devel-linux-x86_64-fedora-gcc 2.0.1 89.42 NOTE --no-stop-on-test-error
r-devel-macos-x86_64-clang 2.0.1 67.38 NOTE --no-stop-on-test-error
r-devel-windows-ix86+x86_64 2.0.1 12.00 85.00 97.00 NOTE
r-patched-linux-x86_64 2.0.1 4.90 57.74 62.64 NOTE
r-patched-solaris-sparc 2.0.1 450.70 NOTE
r-patched-solaris-x86 2.0.1 92.60 NOTE
r-release-linux-x86_64 2.0.1 4.58 56.62 61.20 NOTE
r-release-osx-x86_64-mavericks 2.0.1 NOTE
r-release-windows-ix86+x86_64 2.0.1 15.00 83.00 98.00 NOTE
r-oldrel-windows-ix86+x86_64 2.0.1 15.00 92.00 107.00 WARN

Check Details

Version: 2.0.1
Check: R code for possible problems
Result: NOTE
    NAPPA: no visible binding for global variable ‘sd’
    NAPPA: no visible global function definition for ‘sd’
    calibrate.sigmoid.curve : <anonymous> : <anonymous>: no visible global
     function definition for ‘coef’
    calibrate.sigmoid.curve : <anonymous> : <anonymous>: no visible global
     function definition for ‘lm’
    calibrate.sigmoid.curve: no visible global function definition for
     ‘nls’
    calibrate.sigmoid.curve: no visible binding for global variable
     ‘weights’
    calibrate.sigmoid.curve: no visible global function definition for
     ‘coef’
    calibrate.sigmoid.curve: no visible global function definition for
     ‘plot’
    calibrate.sigmoid.curve: no visible global function definition for
     ‘rgb’
    calibrate.sigmoid.curve: no visible global function definition for
     ‘box’
    calibrate.sigmoid.curve: no visible global function definition for
     ‘axis’
    calibrate.sigmoid.curve: no visible global function definition for
     ‘abline’
    calibrate.sigmoid.curve: no visible global function definition for
     ‘lines’
    calibrate.sigmoid.curve: no visible global function definition for
     ‘predict’
    calibrate.sigmoid.curve: no visible global function definition for
     ‘smooth.spline’
    calibrate.sigmoid.curve : <anonymous>: no visible global function
     definition for ‘nls’
    calibrate.sigmoid.curve : <anonymous>: no visible binding for global
     variable ‘weights’
    calibrate.sigmoid.curve: no visible binding for global variable ‘coef’
    calibrate.sigmoid.curve: no visible global function definition for ‘pf’
    calibrate.sigmoid.curve: no visible global function definition for
     ‘legend’
    Undefined global functions or variables:
     abline axis box coef legend lines lm nls pf plot predict rgb sd
     smooth.spline weights
    Consider adding
     importFrom("grDevices", "rgb")
     importFrom("graphics", "abline", "axis", "box", "legend", "lines",
     "plot")
     importFrom("stats", "coef", "lm", "nls", "pf", "predict", "sd",
     "smooth.spline", "weights")
    to your NAMESPACE file.
Flavors: r-devel-linux-x86_64-debian-clang, r-devel-linux-x86_64-debian-gcc, r-devel-windows-ix86+x86_64, r-patched-linux-x86_64, r-patched-solaris-sparc, r-patched-solaris-x86, r-release-linux-x86_64, r-release-osx-x86_64-mavericks, r-release-windows-ix86+x86_64

Version: 2.0.1
Flags: --no-stop-on-test-error
Check: R code for possible problems
Result: NOTE
    NAPPA: no visible binding for global variable ‘sd’
    NAPPA: no visible global function definition for ‘sd’
    calibrate.sigmoid.curve : <anonymous> : <anonymous>: no visible global
     function definition for ‘coef’
    calibrate.sigmoid.curve : <anonymous> : <anonymous>: no visible global
     function definition for ‘lm’
    calibrate.sigmoid.curve: no visible global function definition for
     ‘nls’
    calibrate.sigmoid.curve: no visible binding for global variable
     ‘weights’
    calibrate.sigmoid.curve: no visible global function definition for
     ‘coef’
    calibrate.sigmoid.curve: no visible global function definition for
     ‘plot’
    calibrate.sigmoid.curve: no visible global function definition for
     ‘rgb’
    calibrate.sigmoid.curve: no visible global function definition for
     ‘box’
    calibrate.sigmoid.curve: no visible global function definition for
     ‘axis’
    calibrate.sigmoid.curve: no visible global function definition for
     ‘abline’
    calibrate.sigmoid.curve: no visible global function definition for
     ‘lines’
    calibrate.sigmoid.curve: no visible global function definition for
     ‘predict’
    calibrate.sigmoid.curve: no visible global function definition for
     ‘smooth.spline’
    calibrate.sigmoid.curve : <anonymous>: no visible global function
     definition for ‘nls’
    calibrate.sigmoid.curve : <anonymous>: no visible binding for global
     variable ‘weights’
    calibrate.sigmoid.curve: no visible binding for global variable ‘coef’
    calibrate.sigmoid.curve: no visible global function definition for ‘pf’
    calibrate.sigmoid.curve: no visible global function definition for
     ‘legend’
    Undefined global functions or variables:
     abline axis box coef legend lines lm nls pf plot predict rgb sd
     smooth.spline weights
    Consider adding
     importFrom("grDevices", "rgb")
     importFrom("graphics", "abline", "axis", "box", "legend", "lines",
     "plot")
     importFrom("stats", "coef", "lm", "nls", "pf", "predict", "sd",
     "smooth.spline", "weights")
    to your NAMESPACE file.
Flavors: r-devel-linux-x86_64-fedora-clang, r-devel-linux-x86_64-fedora-gcc, r-devel-macos-x86_64-clang

Version: 2.0.1
Check: whether package can be installed
Result: WARN
    Found the following significant warnings:
     Warning: failed to assign NativeSymbolInfo for env since env is already defined in the 'lazyeval' namespace
Flavor: r-oldrel-windows-ix86+x86_64