CRAN Package Check Results for Package NAPPA

Last updated on 2015-07-03 23:47:42.

Flavor Version Tinstall Tcheck Ttotal Status Flags
r-devel-linux-x86_64-debian-clang 2.0.1 1.32 23.46 24.78 NOTE
r-devel-linux-x86_64-debian-gcc 2.0.1 1.20 23.70 24.89 NOTE
r-devel-linux-x86_64-fedora-clang 2.0.1 48.94 NOTE
r-devel-linux-x86_64-fedora-gcc 2.0.1 47.37 NOTE
r-devel-osx-x86_64-clang 2.0.1 47.55 OK
r-devel-windows-ix86+x86_64 2.0.1 6.00 39.00 45.00 NOTE
r-patched-linux-x86_64 2.0.1 1.20 23.47 24.67 OK
r-patched-solaris-sparc 2.0.1 281.40 OK
r-patched-solaris-x86 2.0.1 60.00 OK
r-release-linux-x86_64 2.0.1 1.20 23.18 24.38 OK
r-release-osx-x86_64-mavericks 2.0.1 OK
r-release-windows-ix86+x86_64 2.0.1 6.00 71.00 77.00 OK
r-oldrel-windows-ix86+x86_64 2.0.1 6.00 74.00 80.00 OK

Check Details

Version: 2.0.1
Check: R code for possible problems
Result: NOTE
    NAPPA: no visible binding for global variable ‘sd’
    NAPPA: no visible global function definition for ‘sd’
    calibrate.sigmoid.curve : <anonymous> : <anonymous>: no visible global
     function definition for ‘coef’
    calibrate.sigmoid.curve : <anonymous> : <anonymous>: no visible global
     function definition for ‘lm’
    calibrate.sigmoid.curve: no visible global function definition for
     ‘nls’
    calibrate.sigmoid.curve: no visible binding for global variable
     ‘weights’
    calibrate.sigmoid.curve: no visible global function definition for
     ‘coef’
    calibrate.sigmoid.curve: no visible global function definition for
     ‘plot’
    calibrate.sigmoid.curve: no visible global function definition for
     ‘rgb’
    calibrate.sigmoid.curve: no visible global function definition for
     ‘box’
    calibrate.sigmoid.curve: no visible global function definition for
     ‘axis’
    calibrate.sigmoid.curve: no visible global function definition for
     ‘abline’
    calibrate.sigmoid.curve: no visible global function definition for
     ‘lines’
    calibrate.sigmoid.curve: no visible global function definition for
     ‘predict’
    calibrate.sigmoid.curve: no visible global function definition for
     ‘smooth.spline’
    calibrate.sigmoid.curve : <anonymous>: no visible global function
     definition for ‘nls’
    calibrate.sigmoid.curve : <anonymous>: no visible binding for global
     variable ‘weights’
    calibrate.sigmoid.curve: no visible binding for global variable ‘coef’
    calibrate.sigmoid.curve: no visible global function definition for ‘pf’
    calibrate.sigmoid.curve: no visible global function definition for
     ‘legend’
    Undefined global functions or variables:
     abline axis box coef legend lines lm nls pf plot predict rgb sd
     smooth.spline weights
Flavors: r-devel-linux-x86_64-debian-clang, r-devel-linux-x86_64-debian-gcc, r-devel-linux-x86_64-fedora-clang, r-devel-linux-x86_64-fedora-gcc, r-devel-windows-ix86+x86_64