CRAN Package Check Results for Package NAPPA

Last updated on 2015-09-03 14:48:26.

Flavor Version Tinstall Tcheck Ttotal Status Flags
r-devel-linux-x86_64-debian-clang 2.0.1 1.16 22.84 24.00 NOTE
r-devel-linux-x86_64-debian-gcc 2.0.1 1.14 23.31 24.45 NOTE
r-devel-linux-x86_64-fedora-clang 2.0.1 48.99 NOTE
r-devel-linux-x86_64-fedora-gcc 2.0.1 46.82 NOTE
r-devel-osx-x86_64-clang 2.0.1 43.85 OK
r-devel-windows-ix86+x86_64 2.0.1 6.00 67.00 73.00 NOTE
r-patched-linux-x86_64 2.0.1 1.25 24.45 25.70 OK
r-patched-solaris-sparc 2.0.1 281.80 OK
r-patched-solaris-x86 2.0.1 60.30 OK
r-release-linux-x86_64 2.0.1 1.28 23.32 24.59 OK
r-release-osx-x86_64-mavericks 2.0.1 OK
r-release-windows-ix86+x86_64 2.0.1 5.00 65.00 70.00 OK
r-oldrel-windows-ix86+x86_64 2.0.1 9.00 63.00 72.00 OK

Check Details

Version: 2.0.1
Check: R code for possible problems
Result: NOTE
    NAPPA: no visible binding for global variable ‘sd’
    NAPPA: no visible global function definition for ‘sd’
    calibrate.sigmoid.curve : <anonymous> : <anonymous>: no visible global
     function definition for ‘coef’
    calibrate.sigmoid.curve : <anonymous> : <anonymous>: no visible global
     function definition for ‘lm’
    calibrate.sigmoid.curve: no visible global function definition for
     ‘nls’
    calibrate.sigmoid.curve: no visible binding for global variable
     ‘weights’
    calibrate.sigmoid.curve: no visible global function definition for
     ‘coef’
    calibrate.sigmoid.curve: no visible global function definition for
     ‘plot’
    calibrate.sigmoid.curve: no visible global function definition for
     ‘rgb’
    calibrate.sigmoid.curve: no visible global function definition for
     ‘box’
    calibrate.sigmoid.curve: no visible global function definition for
     ‘axis’
    calibrate.sigmoid.curve: no visible global function definition for
     ‘abline’
    calibrate.sigmoid.curve: no visible global function definition for
     ‘lines’
    calibrate.sigmoid.curve: no visible global function definition for
     ‘predict’
    calibrate.sigmoid.curve: no visible global function definition for
     ‘smooth.spline’
    calibrate.sigmoid.curve : <anonymous>: no visible global function
     definition for ‘nls’
    calibrate.sigmoid.curve : <anonymous>: no visible binding for global
     variable ‘weights’
    calibrate.sigmoid.curve: no visible binding for global variable ‘coef’
    calibrate.sigmoid.curve: no visible global function definition for ‘pf’
    calibrate.sigmoid.curve: no visible global function definition for
     ‘legend’
    Undefined global functions or variables:
     abline axis box coef legend lines lm nls pf plot predict rgb sd
     smooth.spline weights
    Consider adding
     importFrom("grDevices", "rgb")
     importFrom("graphics", "abline", "axis", "box", "legend", "lines",
     "plot")
     importFrom("stats", "coef", "lm", "nls", "pf", "predict", "sd",
     "smooth.spline", "weights")
    to your NAMESPACE.
Flavors: r-devel-linux-x86_64-debian-clang, r-devel-linux-x86_64-debian-gcc, r-devel-linux-x86_64-fedora-clang, r-devel-linux-x86_64-fedora-gcc, r-devel-windows-ix86+x86_64