CRAN Package Check Results for Package NB

Last updated on 2020-06-01 20:50:40 CEST.

Flavor Version Tinstall Tcheck Ttotal Status Flags
r-devel-linux-x86_64-debian-clang 0.9 2.18 19.98 22.16 NOTE
r-devel-linux-x86_64-debian-gcc 0.9 1.83 15.79 17.62 NOTE
r-devel-linux-x86_64-fedora-clang 0.9 36.39 NOTE
r-devel-linux-x86_64-fedora-gcc 0.9 25.87 NOTE
r-devel-windows-ix86+x86_64 0.9 6.00 39.00 45.00 NOTE
r-patched-linux-x86_64 0.9 2.18 19.91 22.09 NOTE
r-patched-solaris-x86 0.9 40.40 NOTE
r-release-linux-x86_64 0.9 2.10 19.84 21.94 NOTE
r-release-osx-x86_64 0.9 NOTE
r-release-windows-ix86+x86_64 0.9 4.00 29.00 33.00 NOTE
r-oldrel-osx-x86_64 0.9 NOTE
r-oldrel-windows-ix86+x86_64 0.9 5.00 41.00 46.00 NOTE

Check Details

Version: 0.9
Check: R code for possible problems
Result: NOTE
    NB.estimator: no visible global function definition for 'optimize'
    NB.estimator: no visible global function definition for 'uniroot'
    NB.example.dataset: no visible global function definition for
     'write.table'
    Undefined global functions or variables:
     optimize uniroot write.table
    Consider adding
     importFrom("stats", "optimize", "uniroot")
     importFrom("utils", "write.table")
    to your NAMESPACE file.
Flavors: r-devel-linux-x86_64-debian-clang, r-devel-linux-x86_64-debian-gcc, r-devel-linux-x86_64-fedora-clang, r-devel-linux-x86_64-fedora-gcc, r-devel-windows-ix86+x86_64, r-patched-linux-x86_64, r-patched-solaris-x86, r-release-linux-x86_64, r-release-osx-x86_64, r-release-windows-ix86+x86_64

Version: 0.9
Check: for non-standard things in the check directory
Result: NOTE
    Found the following files/directories:
     'sample_data.txt'
Flavors: r-devel-linux-x86_64-debian-clang, r-devel-linux-x86_64-debian-gcc, r-devel-linux-x86_64-fedora-clang, r-devel-linux-x86_64-fedora-gcc, r-patched-linux-x86_64, r-patched-solaris-x86, r-release-linux-x86_64

Version: 0.9
Check: R code for possible problems
Result: NOTE
    NB.estimator: no visible global function definition for ‘optimize’
    NB.estimator: no visible global function definition for ‘uniroot’
    NB.example.dataset: no visible global function definition for
     ‘write.table’
    NB.plot.likelihood: no visible global function definition for ‘plot’
    Undefined global functions or variables:
     optimize plot uniroot write.table
    Consider adding
     importFrom("graphics", "plot")
     importFrom("stats", "optimize", "uniroot")
     importFrom("utils", "write.table")
    to your NAMESPACE file.
Flavors: r-oldrel-osx-x86_64, r-oldrel-windows-ix86+x86_64