CRAN Package Check Results for Package NB

Last updated on 2019-11-13 04:46:32 CET.

Flavor Version Tinstall Tcheck Ttotal Status Flags
r-devel-linux-x86_64-debian-clang 0.9 2.10 18.35 20.45 NOTE
r-devel-linux-x86_64-debian-gcc 0.9 1.74 14.78 16.52 NOTE
r-devel-linux-x86_64-fedora-clang 0.9 25.88 NOTE
r-devel-linux-x86_64-fedora-gcc 0.9 24.93 NOTE
r-devel-windows-ix86+x86_64 0.9 5.00 29.00 34.00 NOTE
r-patched-linux-x86_64 0.9 1.64 17.86 19.50 NOTE
r-patched-solaris-x86 0.9 37.10 NOTE
r-release-linux-x86_64 0.9 1.65 17.95 19.60 NOTE
r-release-windows-ix86+x86_64 0.9 5.00 41.00 46.00 NOTE
r-release-osx-x86_64 0.9 NOTE
r-oldrel-windows-ix86+x86_64 0.9 2.00 28.00 30.00 NOTE
r-oldrel-osx-x86_64 0.9 NOTE

Check Details

Version: 0.9
Check: R code for possible problems
Result: NOTE
    NB.estimator: no visible global function definition for 'optimize'
    NB.estimator: no visible global function definition for 'uniroot'
    NB.example.dataset: no visible global function definition for
     'write.table'
    NB.plot.likelihood: no visible global function definition for 'plot'
    Undefined global functions or variables:
     optimize plot uniroot write.table
    Consider adding
     importFrom("graphics", "plot")
     importFrom("stats", "optimize", "uniroot")
     importFrom("utils", "write.table")
    to your NAMESPACE file.
Flavors: r-devel-linux-x86_64-debian-clang, r-devel-linux-x86_64-debian-gcc, r-devel-linux-x86_64-fedora-clang, r-devel-linux-x86_64-fedora-gcc, r-devel-windows-ix86+x86_64, r-patched-linux-x86_64, r-patched-solaris-x86, r-release-linux-x86_64, r-release-windows-ix86+x86_64, r-release-osx-x86_64, r-oldrel-windows-ix86+x86_64, r-oldrel-osx-x86_64

Version: 0.9
Check: for non-standard things in the check directory
Result: NOTE
    Found the following files/directories:
     'sample_data.txt'
Flavors: r-devel-linux-x86_64-debian-clang, r-devel-linux-x86_64-debian-gcc, r-devel-linux-x86_64-fedora-clang, r-devel-linux-x86_64-fedora-gcc