Last updated on 2023-02-06 23:02:21 CET.
Flavor | Version | Tinstall | Tcheck | Ttotal | Status | Flags |
---|---|---|---|---|---|---|
r-devel-linux-x86_64-debian-clang | 1.0.1 | 6.03 | 87.02 | 93.05 | OK | |
r-devel-linux-x86_64-debian-gcc | 1.0.1 | 4.51 | 63.08 | 67.59 | OK | |
r-devel-linux-x86_64-fedora-clang | 1.0.1 | 125.74 | OK | |||
r-devel-linux-x86_64-fedora-gcc | 1.0.1 | 116.77 | OK | |||
r-devel-windows-x86_64 | 1.0.1 | 26.00 | 123.00 | 149.00 | OK | |
r-patched-linux-x86_64 | 1.0.1 | 5.68 | 82.81 | 88.49 | OK | |
r-release-linux-x86_64 | 1.0.1 | 4.90 | 82.62 | 87.52 | OK | |
r-release-macos-arm64 | 1.0.1 | 29.00 | OK | |||
r-release-macos-x86_64 | 1.0.1 | 53.00 | NOTE | |||
r-release-windows-x86_64 | 1.0.1 | 24.00 | 128.00 | 152.00 | OK | |
r-oldrel-macos-arm64 | 1.0.1 | 29.00 | NOTE | |||
r-oldrel-macos-x86_64 | 1.0.1 | 50.00 | NOTE | |||
r-oldrel-windows-ix86+x86_64 | 1.0.1 | 10.00 | 111.00 | 121.00 | OK |
Version: 1.0.1
Check: package dependencies
Result: NOTE
Package suggested but not available for checking: ‘DEXSeq’
Flavors: r-release-macos-x86_64, r-oldrel-macos-arm64, r-oldrel-macos-x86_64
Version: 1.0.1
Check: Rd cross-references
Result: NOTE
Package unavailable to check Rd xrefs: ‘DEXSeq’
Flavors: r-release-macos-x86_64, r-oldrel-macos-arm64, r-oldrel-macos-x86_64