CRAN Package Check Results for Package NCC

Last updated on 2023-12-01 04:54:02 CET.

Flavor Version Tinstall Tcheck Ttotal Status Flags
r-devel-linux-x86_64-debian-clang 1.0 36.42 292.42 328.84 OK
r-devel-linux-x86_64-debian-gcc 1.0 28.38 210.44 238.82 OK
r-devel-linux-x86_64-fedora-clang 1.0 409.18 NOTE
r-devel-linux-x86_64-fedora-gcc 1.0 385.36 NOTE
r-devel-windows-x86_64 1.0 24.00 209.00 233.00 OK
r-patched-linux-x86_64 1.0 24.31 274.51 298.82 OK
r-release-linux-x86_64 1.0 0.39 2.04 2.43 ERROR
r-release-macos-arm64 1.0 102.00 OK
r-release-macos-x86_64 1.0 169.00 OK
r-release-windows-x86_64 1.0 32.00 256.00 288.00 OK
r-oldrel-macos-arm64 1.0 69.00 OK
r-oldrel-macos-x86_64 1.0 112.00 OK
r-oldrel-windows-x86_64 1.0 34.00 253.00 287.00 OK

Check Details

Version: 1.0
Check: dependencies in R code
Result: NOTE Namespace in Imports field not imported from: ‘magick’ All declared Imports should be used. Flavors: r-devel-linux-x86_64-fedora-clang, r-devel-linux-x86_64-fedora-gcc

Version: 1.0
Check: package dependencies
Result: ERROR Package required but not available: ‘RBesT’ See section ‘The DESCRIPTION file’ in the ‘Writing R Extensions’ manual. Flavor: r-release-linux-x86_64