CRAN Package Check Results for Package NCutYX

Last updated on 2022-01-21 20:48:47 CET.

Flavor Version Tinstall Tcheck Ttotal Status Flags
r-devel-linux-x86_64-debian-clang 0.1.0 30.57 82.39 112.96 OK
r-devel-linux-x86_64-debian-gcc 0.1.0 24.92 61.88 86.80 OK
r-devel-linux-x86_64-fedora-clang 0.1.0 144.87 NOTE
r-devel-linux-x86_64-fedora-gcc 0.1.0 136.43 NOTE
r-devel-windows-x86_64-new-UL 0.1.0 48.00 125.00 173.00 OK
r-devel-windows-x86_64-new-TK 0.1.0 NOTE
r-patched-linux-x86_64 0.1.0 30.89 77.55 108.44 OK
r-release-linux-x86_64 0.1.0 29.27 77.28 106.55 OK
r-release-macos-arm64 0.1.0 NOTE
r-release-macos-x86_64 0.1.0 NOTE
r-release-windows-ix86+x86_64 0.1.0 75.00 155.00 230.00 OK
r-oldrel-macos-x86_64 0.1.0 NOTE
r-oldrel-windows-ix86+x86_64 0.1.0 75.00 156.00 231.00 OK

Check Details

Version: 0.1.0
Check: installed package size
Result: NOTE
     installed size is 5.9Mb
     sub-directories of 1Mb or more:
     data 1.5Mb
     libs 3.6Mb
Flavors: r-devel-linux-x86_64-fedora-clang, r-release-macos-arm64, r-release-macos-x86_64, r-oldrel-macos-x86_64

Version: 0.1.0
Check: dependencies in R code
Result: NOTE
    Namespaces in Imports field not imported from:
     ‘MASS’ ‘fields’ ‘mvtnorm’
     All declared Imports should be used.
Flavors: r-devel-linux-x86_64-fedora-clang, r-devel-linux-x86_64-fedora-gcc, r-devel-windows-x86_64-new-TK, r-release-macos-arm64, r-release-macos-x86_64, r-oldrel-macos-x86_64