CRAN Package Check Results for Package NEff

Last updated on 2017-09-24 00:51:13.

Flavor Version Tinstall Tcheck Ttotal Status Flags
r-devel-linux-x86_64-debian-clang 1.1 2.22 33.47 35.69 NOTE
r-devel-linux-x86_64-debian-gcc 1.1 2.46 33.05 35.51 NOTE
r-devel-linux-x86_64-fedora-clang 1.1 83.59 NOTE
r-devel-linux-x86_64-fedora-gcc 1.1 82.43 NOTE
r-devel-windows-ix86+x86_64 1.1 6.00 63.00 69.00 NOTE
r-patched-linux-x86_64 1.1 2.60 33.76 36.35 NOTE
r-patched-solaris-x86 1.1 121.50 NOTE
r-release-linux-x86_64 1.1 2.30 34.15 36.45 NOTE
r-release-windows-ix86+x86_64 1.1 6.00 66.00 72.00 NOTE
r-release-osx-x86_64 1.1 NOTE
r-oldrel-windows-ix86+x86_64 1.1 6.00 54.00 60.00 NOTE
r-oldrel-osx-x86_64 1.1 NOTE

Check Details

Version: 1.1
Check: R code for possible problems
Result: NOTE
    population: no visible global function definition for ‘weighted.mean’
    population: no visible global function definition for ‘rpois’
    population: no visible global function definition for ‘lm’
    population: no visible global function definition for ‘coefficients’
    population: no visible global function definition for ‘sd’
    population: no visible global function definition for ‘par’
    population: no visible global function definition for ‘plot’
    population: no visible global function definition for ‘lines’
    Undefined global functions or variables:
     coefficients lines lm par plot rpois sd weighted.mean
    Consider adding
     importFrom("graphics", "lines", "par", "plot")
     importFrom("stats", "coefficients", "lm", "rpois", "sd",
     "weighted.mean")
    to your NAMESPACE file.
Flavors: r-devel-linux-x86_64-debian-clang, r-devel-linux-x86_64-debian-gcc, r-devel-linux-x86_64-fedora-clang, r-devel-linux-x86_64-fedora-gcc, r-devel-windows-ix86+x86_64, r-patched-linux-x86_64, r-patched-solaris-x86, r-release-linux-x86_64, r-release-windows-ix86+x86_64, r-release-osx-x86_64, r-oldrel-windows-ix86+x86_64, r-oldrel-osx-x86_64