CRAN Package Check Results for Package NEff

Last updated on 2015-07-30 21:47:14.

Flavor Version Tinstall Tcheck Ttotal Status Flags
r-devel-linux-x86_64-debian-clang 1.1 2.59 34.20 36.80 NOTE
r-devel-linux-x86_64-debian-gcc 1.1 2.65 33.31 35.96 NOTE
r-devel-linux-x86_64-fedora-clang 1.1 76.51 NOTE
r-devel-linux-x86_64-fedora-gcc 1.1 68.85 NOTE
r-devel-osx-x86_64-clang 1.1 68.11 OK
r-devel-windows-ix86+x86_64 1.1 10.00 55.00 65.00 NOTE
r-patched-linux-x86_64 1.1 2.76 33.45 36.21 OK
r-patched-solaris-sparc 1.1 457.60 OK
r-patched-solaris-x86 1.1 102.30 OK
r-release-linux-x86_64 1.1 3.13 33.66 36.80 OK
r-release-osx-x86_64-mavericks 1.1 OK
r-release-windows-ix86+x86_64 1.1 11.00 56.00 67.00 OK
r-oldrel-windows-ix86+x86_64 1.1 10.00 68.00 78.00 OK

Check Details

Version: 1.1
Check: R code for possible problems
Result: NOTE
    population: no visible global function definition for ‘weighted.mean’
    population: no visible global function definition for ‘rpois’
    population: no visible global function definition for ‘lm’
    population: no visible global function definition for ‘coefficients’
    population: no visible global function definition for ‘sd’
    population: no visible global function definition for ‘par’
    population: no visible global function definition for ‘plot’
    population: no visible global function definition for ‘lines’
    Undefined global functions or variables:
     coefficients lines lm par plot rpois sd weighted.mean
    Consider adding
     importFrom("graphics", "lines", "par", "plot")
     importFrom("stats", "coefficients", "lm", "rpois", "sd",
     "weighted.mean")
    to your NAMESPACE.
Flavors: r-devel-linux-x86_64-debian-clang, r-devel-linux-x86_64-debian-gcc, r-devel-linux-x86_64-fedora-clang, r-devel-linux-x86_64-fedora-gcc, r-devel-windows-ix86+x86_64