CRAN Package Check Results for Package NEff

Last updated on 2017-05-30 14:47:19.

Flavor Version Tinstall Tcheck Ttotal Status Flags
r-devel-linux-x86_64-debian-clang 1.1 2.32 34.70 37.03 NOTE
r-devel-linux-x86_64-debian-gcc 1.1 2.28 33.95 36.23 NOTE
r-devel-linux-x86_64-fedora-clang 1.1 85.19 NOTE
r-devel-linux-x86_64-fedora-gcc 1.1 91.06 NOTE
r-devel-windows-ix86+x86_64 1.1 7.00 97.00 104.00 NOTE
r-patched-linux-x86_64 1.1 2.38 33.02 35.40 NOTE
r-patched-solaris-sparc 1.1 473.60 NOTE
r-patched-solaris-x86 1.1 110.70 NOTE
r-release-linux-x86_64 1.1 2.42 33.26 35.68 NOTE
r-release-windows-ix86+x86_64 1.1 8.00 62.00 70.00 NOTE
r-release-osx-x86_64 1.1 NOTE
r-oldrel-windows-ix86+x86_64 1.1 6.00 59.00 65.00 NOTE
r-oldrel-osx-x86_64 1.1 NOTE

Check Details

Version: 1.1
Check: R code for possible problems
Result: NOTE
    population: no visible global function definition for ‘weighted.mean’
    population: no visible global function definition for ‘rpois’
    population: no visible global function definition for ‘lm’
    population: no visible global function definition for ‘coefficients’
    population: no visible global function definition for ‘sd’
    population: no visible global function definition for ‘par’
    population: no visible global function definition for ‘plot’
    population: no visible global function definition for ‘lines’
    Undefined global functions or variables:
     coefficients lines lm par plot rpois sd weighted.mean
    Consider adding
     importFrom("graphics", "lines", "par", "plot")
     importFrom("stats", "coefficients", "lm", "rpois", "sd",
     "weighted.mean")
    to your NAMESPACE file.
Flavors: r-devel-linux-x86_64-debian-clang, r-devel-linux-x86_64-debian-gcc, r-devel-linux-x86_64-fedora-clang, r-devel-linux-x86_64-fedora-gcc, r-devel-windows-ix86+x86_64, r-patched-linux-x86_64, r-patched-solaris-sparc, r-patched-solaris-x86, r-release-linux-x86_64, r-release-windows-ix86+x86_64, r-release-osx-x86_64, r-oldrel-windows-ix86+x86_64, r-oldrel-osx-x86_64