CRAN Package Check Results for Package NEff

Last updated on 2015-09-02 06:48:05.

Flavor Version Tinstall Tcheck Ttotal Status Flags
r-devel-linux-x86_64-debian-clang 1.1 2.34 33.34 35.68 NOTE
r-devel-linux-x86_64-debian-gcc 1.1 2.38 31.78 34.15 NOTE
r-devel-linux-x86_64-fedora-clang 1.1 73.39 NOTE
r-devel-linux-x86_64-fedora-gcc 1.1 71.14 NOTE
r-devel-osx-x86_64-clang 1.1 61.74 OK
r-devel-windows-ix86+x86_64 1.1 11.00 78.00 89.00 NOTE
r-patched-linux-x86_64 1.1 2.49 34.35 36.84 OK
r-patched-solaris-sparc 1.1 457.60 OK
r-patched-solaris-x86 1.1 105.50 OK
r-release-linux-x86_64 1.1 2.54 34.33 36.86 OK
r-release-osx-x86_64-mavericks 1.1 OK
r-release-windows-ix86+x86_64 1.1 9.00 82.00 91.00 OK
r-oldrel-windows-ix86+x86_64 1.1 14.00 95.00 109.00 OK

Check Details

Version: 1.1
Check: R code for possible problems
Result: NOTE
    population: no visible global function definition for ‘weighted.mean’
    population: no visible global function definition for ‘rpois’
    population: no visible global function definition for ‘lm’
    population: no visible global function definition for ‘coefficients’
    population: no visible global function definition for ‘sd’
    population: no visible global function definition for ‘par’
    population: no visible global function definition for ‘plot’
    population: no visible global function definition for ‘lines’
    Undefined global functions or variables:
     coefficients lines lm par plot rpois sd weighted.mean
    Consider adding
     importFrom("graphics", "lines", "par", "plot")
     importFrom("stats", "coefficients", "lm", "rpois", "sd",
     "weighted.mean")
    to your NAMESPACE.
Flavors: r-devel-linux-x86_64-debian-clang, r-devel-linux-x86_64-debian-gcc, r-devel-linux-x86_64-fedora-clang, r-devel-linux-x86_64-fedora-gcc, r-devel-windows-ix86+x86_64