CRAN Package Check Results for Package NEff

Last updated on 2017-03-30 09:47:58.

Flavor Version Tinstall Tcheck Ttotal Status Flags
r-devel-linux-x86_64-debian-clang 1.1 2.24 34.11 36.35 NOTE
r-devel-linux-x86_64-debian-gcc 1.1 2.62 33.13 35.75 NOTE
r-devel-linux-x86_64-fedora-clang 1.1 82.13 NOTE --no-stop-on-test-error
r-devel-linux-x86_64-fedora-gcc 1.1 79.02 NOTE --no-stop-on-test-error
r-devel-macos-x86_64-clang 1.1 61.88 NOTE --no-stop-on-test-error
r-devel-windows-ix86+x86_64 1.1 8.00 74.00 82.00 NOTE
r-patched-linux-x86_64 1.1 2.30 34.02 36.31 NOTE
r-patched-solaris-sparc 1.1 473.60 NOTE
r-patched-solaris-x86 1.1 109.90 NOTE
r-release-linux-x86_64 1.1 2.27 29.95 32.22 NOTE
r-release-osx-x86_64-mavericks 1.1 NOTE
r-release-windows-ix86+x86_64 1.1 11.00 60.00 71.00 NOTE
r-oldrel-windows-ix86+x86_64 1.1 12.00 66.00 78.00 OK

Check Details

Version: 1.1
Check: R code for possible problems
Result: NOTE
    population: no visible global function definition for ‘weighted.mean’
    population: no visible global function definition for ‘rpois’
    population: no visible global function definition for ‘lm’
    population: no visible global function definition for ‘coefficients’
    population: no visible global function definition for ‘sd’
    population: no visible global function definition for ‘par’
    population: no visible global function definition for ‘plot’
    population: no visible global function definition for ‘lines’
    Undefined global functions or variables:
     coefficients lines lm par plot rpois sd weighted.mean
    Consider adding
     importFrom("graphics", "lines", "par", "plot")
     importFrom("stats", "coefficients", "lm", "rpois", "sd",
     "weighted.mean")
    to your NAMESPACE file.
Flavors: r-devel-linux-x86_64-debian-clang, r-devel-linux-x86_64-debian-gcc, r-devel-windows-ix86+x86_64, r-patched-linux-x86_64, r-patched-solaris-sparc, r-patched-solaris-x86, r-release-linux-x86_64, r-release-osx-x86_64-mavericks, r-release-windows-ix86+x86_64

Version: 1.1
Flags: --no-stop-on-test-error
Check: R code for possible problems
Result: NOTE
    population: no visible global function definition for ‘weighted.mean’
    population: no visible global function definition for ‘rpois’
    population: no visible global function definition for ‘lm’
    population: no visible global function definition for ‘coefficients’
    population: no visible global function definition for ‘sd’
    population: no visible global function definition for ‘par’
    population: no visible global function definition for ‘plot’
    population: no visible global function definition for ‘lines’
    Undefined global functions or variables:
     coefficients lines lm par plot rpois sd weighted.mean
    Consider adding
     importFrom("graphics", "lines", "par", "plot")
     importFrom("stats", "coefficients", "lm", "rpois", "sd",
     "weighted.mean")
    to your NAMESPACE file.
Flavors: r-devel-linux-x86_64-fedora-clang, r-devel-linux-x86_64-fedora-gcc, r-devel-macos-x86_64-clang