CRAN Package Check Results for Package NEff

Last updated on 2016-02-12 18:49:46.

Flavor Version Tinstall Tcheck Ttotal Status Flags
r-devel-linux-x86_64-debian-gcc 1.1 2.60 32.47 35.07 NOTE
r-devel-linux-x86_64-fedora-clang 1.1 70.56 NOTE
r-devel-linux-x86_64-fedora-gcc 1.1 68.92 NOTE
r-devel-osx-x86_64-clang 1.1 75.27 NOTE
r-devel-windows-ix86+x86_64 1.1 9.00 53.00 62.00 NOTE
r-patched-linux-x86_64 1.1 2.98 34.48 37.47 OK
r-patched-solaris-sparc 1.1 435.60 OK
r-patched-solaris-x86 1.1 95.00 OK
r-release-linux-x86_64 1.1 2.68 34.74 37.42 OK
r-release-osx-x86_64-mavericks 1.1 OK
r-release-windows-ix86+x86_64 1.1 9.00 54.00 63.00 OK
r-oldrel-windows-ix86+x86_64 1.1 14.00 71.00 85.00 OK

Check Details

Version: 1.1
Check: R code for possible problems
Result: NOTE
    population: no visible global function definition for ‘weighted.mean’
    population: no visible global function definition for ‘rpois’
    population: no visible global function definition for ‘lm’
    population: no visible global function definition for ‘coefficients’
    population: no visible global function definition for ‘sd’
    population: no visible global function definition for ‘par’
    population: no visible global function definition for ‘plot’
    population: no visible global function definition for ‘lines’
    Undefined global functions or variables:
     coefficients lines lm par plot rpois sd weighted.mean
    Consider adding
     importFrom("graphics", "lines", "par", "plot")
     importFrom("stats", "coefficients", "lm", "rpois", "sd",
     "weighted.mean")
    to your NAMESPACE file.
Flavors: r-devel-linux-x86_64-debian-gcc, r-devel-linux-x86_64-fedora-clang, r-devel-linux-x86_64-fedora-gcc, r-devel-osx-x86_64-clang, r-devel-windows-ix86+x86_64