CRAN Package Check Results for Package NEff

Last updated on 2016-12-06 10:51:05.

Flavor Version Tinstall Tcheck Ttotal Status Flags
r-devel-linux-x86_64-debian-clang 1.1 2.24 32.88 35.12 NOTE
r-devel-linux-x86_64-debian-gcc 1.1 2.34 32.70 35.04 NOTE
r-devel-linux-x86_64-fedora-clang 1.1 92.17 NOTE --no-stop-on-test-error
r-devel-linux-x86_64-fedora-gcc 1.1 82.18 NOTE --no-stop-on-test-error
r-devel-macos-x86_64-clang 1.1 61.24 NOTE
r-devel-windows-ix86+x86_64 1.1 7.00 66.00 73.00 NOTE
r-patched-linux-x86_64 1.1 2.36 29.74 32.09 NOTE
r-patched-solaris-sparc 1.1 407.40 NOTE
r-patched-solaris-x86 1.1 89.30 NOTE
r-release-linux-x86_64 1.1 2.29 29.27 31.56 NOTE
r-release-osx-x86_64-mavericks 1.1 NOTE
r-release-windows-ix86+x86_64 1.1 8.00 57.00 65.00 NOTE
r-oldrel-windows-ix86+x86_64 1.1 8.00 77.00 85.00 OK

Check Details

Version: 1.1
Check: R code for possible problems
Result: NOTE
    population: no visible global function definition for ‘weighted.mean’
    population: no visible global function definition for ‘rpois’
    population: no visible global function definition for ‘lm’
    population: no visible global function definition for ‘coefficients’
    population: no visible global function definition for ‘sd’
    population: no visible global function definition for ‘par’
    population: no visible global function definition for ‘plot’
    population: no visible global function definition for ‘lines’
    Undefined global functions or variables:
     coefficients lines lm par plot rpois sd weighted.mean
    Consider adding
     importFrom("graphics", "lines", "par", "plot")
     importFrom("stats", "coefficients", "lm", "rpois", "sd",
     "weighted.mean")
    to your NAMESPACE file.
Flavors: r-devel-linux-x86_64-debian-clang, r-devel-linux-x86_64-debian-gcc, r-devel-macos-x86_64-clang, r-devel-windows-ix86+x86_64, r-patched-linux-x86_64, r-patched-solaris-sparc, r-patched-solaris-x86, r-release-linux-x86_64, r-release-osx-x86_64-mavericks, r-release-windows-ix86+x86_64

Version: 1.1
Flags: --no-stop-on-test-error
Check: R code for possible problems
Result: NOTE
    population: no visible global function definition for ‘weighted.mean’
    population: no visible global function definition for ‘rpois’
    population: no visible global function definition for ‘lm’
    population: no visible global function definition for ‘coefficients’
    population: no visible global function definition for ‘sd’
    population: no visible global function definition for ‘par’
    population: no visible global function definition for ‘plot’
    population: no visible global function definition for ‘lines’
    Undefined global functions or variables:
     coefficients lines lm par plot rpois sd weighted.mean
    Consider adding
     importFrom("graphics", "lines", "par", "plot")
     importFrom("stats", "coefficients", "lm", "rpois", "sd",
     "weighted.mean")
    to your NAMESPACE file.
Flavors: r-devel-linux-x86_64-fedora-clang, r-devel-linux-x86_64-fedora-gcc