CRAN Package Check Results for Package NEff

Last updated on 2016-07-29 17:47:22.

Flavor Version Tinstall Tcheck Ttotal Status Flags
r-devel-linux-x86_64-debian-clang 1.1 2.66 33.79 36.45 NOTE
r-devel-linux-x86_64-debian-gcc 1.1 2.91 38.62 41.53 NOTE
r-devel-linux-x86_64-fedora-clang 1.1 72.40 NOTE
r-devel-linux-x86_64-fedora-gcc 1.1 69.22 NOTE
r-devel-osx-x86_64-clang 1.1 57.53 NOTE
r-devel-windows-ix86+x86_64 1.1 9.00 63.00 72.00 NOTE
r-patched-linux-x86_64 1.1 3.47 37.62 41.09 NOTE
r-patched-solaris-sparc 1.1 407.40 NOTE
r-patched-solaris-x86 1.1 88.10 NOTE
r-release-linux-x86_64 1.1 3.13 37.50 40.63 NOTE
r-release-osx-x86_64-mavericks 1.1 NOTE
r-release-windows-ix86+x86_64 1.1 9.00 61.00 70.00 NOTE
r-oldrel-windows-ix86+x86_64 1.1 10.00 66.00 76.00 OK

Check Details

Version: 1.1
Check: R code for possible problems
Result: NOTE
    population: no visible global function definition for ‘weighted.mean’
    population: no visible global function definition for ‘rpois’
    population: no visible global function definition for ‘lm’
    population: no visible global function definition for ‘coefficients’
    population: no visible global function definition for ‘sd’
    population: no visible global function definition for ‘par’
    population: no visible global function definition for ‘plot’
    population: no visible global function definition for ‘lines’
    Undefined global functions or variables:
     coefficients lines lm par plot rpois sd weighted.mean
    Consider adding
     importFrom("graphics", "lines", "par", "plot")
     importFrom("stats", "coefficients", "lm", "rpois", "sd",
     "weighted.mean")
    to your NAMESPACE file.
Flavors: r-devel-linux-x86_64-debian-clang, r-devel-linux-x86_64-debian-gcc, r-devel-linux-x86_64-fedora-clang, r-devel-linux-x86_64-fedora-gcc, r-devel-osx-x86_64-clang, r-devel-windows-ix86+x86_64, r-patched-linux-x86_64, r-patched-solaris-sparc, r-patched-solaris-x86, r-release-linux-x86_64, r-release-osx-x86_64-mavericks, r-release-windows-ix86+x86_64