CRAN Package Check Results for Package NEff

Last updated on 2018-04-26 06:47:40 CEST.

Flavor Version Tinstall Tcheck Ttotal Status Flags
r-devel-linux-x86_64-debian-clang 1.1 4.91 48.91 53.82 NOTE
r-devel-linux-x86_64-debian-gcc 1.1 3.71 43.92 47.63 NOTE
r-devel-linux-x86_64-fedora-clang 1.1 73.78 NOTE
r-devel-linux-x86_64-fedora-gcc 1.1 72.26 NOTE
r-devel-windows-ix86+x86_64 1.1 10.00 71.00 81.00 NOTE
r-patched-linux-x86_64 1.1 4.22 55.21 59.43 NOTE
r-patched-solaris-x86 1.1 108.80 NOTE
r-release-linux-x86_64 1.1 3.06 54.07 57.13 NOTE
r-release-windows-ix86+x86_64 1.1 10.00 71.00 81.00 NOTE
r-release-osx-x86_64 1.1 NOTE
r-oldrel-windows-ix86+x86_64 1.1 7.00 90.00 97.00 NOTE
r-oldrel-osx-x86_64 1.1 NOTE

Check Details

Version: 1.1
Check: R code for possible problems
Result: NOTE
    population: no visible global function definition for ‘weighted.mean’
    population: no visible global function definition for ‘rpois’
    population: no visible global function definition for ‘lm’
    population: no visible global function definition for ‘coefficients’
    population: no visible global function definition for ‘sd’
    population: no visible global function definition for ‘par’
    population: no visible global function definition for ‘plot’
    population: no visible global function definition for ‘lines’
    Undefined global functions or variables:
     coefficients lines lm par plot rpois sd weighted.mean
    Consider adding
     importFrom("graphics", "lines", "par", "plot")
     importFrom("stats", "coefficients", "lm", "rpois", "sd",
     "weighted.mean")
    to your NAMESPACE file.
Flavors: r-devel-linux-x86_64-debian-clang, r-devel-linux-x86_64-debian-gcc, r-devel-linux-x86_64-fedora-clang, r-devel-linux-x86_64-fedora-gcc, r-devel-windows-ix86+x86_64, r-patched-linux-x86_64, r-patched-solaris-x86, r-release-linux-x86_64, r-release-windows-ix86+x86_64, r-release-osx-x86_64, r-oldrel-windows-ix86+x86_64, r-oldrel-osx-x86_64