CRAN Package Check Results for Package NEff

Last updated on 2016-06-27 17:53:03.

Flavor Version Tinstall Tcheck Ttotal Status Flags
r-devel-linux-x86_64-debian-gcc 1.1 2.59 32.35 34.94 NOTE
r-devel-linux-x86_64-fedora-clang 1.1 70.45 NOTE
r-devel-linux-x86_64-fedora-gcc 1.1 76.47 NOTE
r-devel-osx-x86_64-clang 1.1 55.31 NOTE
r-devel-windows-ix86+x86_64 1.1 6.00 60.00 66.00 NOTE
r-patched-linux-x86_64 1.1 2.86 33.70 36.56 NOTE
r-patched-solaris-sparc 1.1 407.40 NOTE
r-patched-solaris-x86 1.1 89.50 NOTE
r-release-linux-x86_64 1.1 2.62 32.41 35.04 NOTE
r-release-osx-x86_64-mavericks 1.1 NOTE
r-release-windows-ix86+x86_64 1.1 9.00 82.00 91.00 NOTE
r-oldrel-windows-ix86+x86_64 1.1 10.00 58.00 68.00 OK

Check Details

Version: 1.1
Check: R code for possible problems
Result: NOTE
    population: no visible global function definition for ‘weighted.mean’
    population: no visible global function definition for ‘rpois’
    population: no visible global function definition for ‘lm’
    population: no visible global function definition for ‘coefficients’
    population: no visible global function definition for ‘sd’
    population: no visible global function definition for ‘par’
    population: no visible global function definition for ‘plot’
    population: no visible global function definition for ‘lines’
    Undefined global functions or variables:
     coefficients lines lm par plot rpois sd weighted.mean
    Consider adding
     importFrom("graphics", "lines", "par", "plot")
     importFrom("stats", "coefficients", "lm", "rpois", "sd",
     "weighted.mean")
    to your NAMESPACE file.
Flavors: r-devel-linux-x86_64-debian-gcc, r-devel-linux-x86_64-fedora-clang, r-devel-linux-x86_64-fedora-gcc, r-devel-osx-x86_64-clang, r-devel-windows-ix86+x86_64, r-patched-linux-x86_64, r-patched-solaris-sparc, r-patched-solaris-x86, r-release-linux-x86_64, r-release-osx-x86_64-mavericks, r-release-windows-ix86+x86_64