CRAN Package Check Results for Package NEff

Last updated on 2017-02-25 11:48:36.

Flavor Version Tinstall Tcheck Ttotal Status Flags
r-devel-linux-x86_64-debian-clang 1.1 2.39 34.07 36.46 NOTE
r-devel-linux-x86_64-debian-gcc 1.1 2.34 34.21 36.55 NOTE
r-devel-linux-x86_64-fedora-clang 1.1 80.26 NOTE --no-stop-on-test-error
r-devel-linux-x86_64-fedora-gcc 1.1 78.80 NOTE --no-stop-on-test-error
r-devel-macos-x86_64-clang 1.1 62.10 NOTE --no-stop-on-test-error
r-devel-windows-ix86+x86_64 1.1 9.00 86.00 95.00 NOTE
r-patched-linux-x86_64 1.1 2.33 30.49 32.82 NOTE
r-patched-solaris-sparc 1.1 409.30 NOTE
r-patched-solaris-x86 1.1 95.50 NOTE
r-release-linux-x86_64 1.1 2.48 31.06 33.54 NOTE
r-release-osx-x86_64-mavericks 1.1 NOTE
r-release-windows-ix86+x86_64 1.1 8.00 75.00 83.00 NOTE
r-oldrel-windows-ix86+x86_64 1.1 9.00 111.00 120.00 OK

Check Details

Version: 1.1
Check: R code for possible problems
Result: NOTE
    population: no visible global function definition for ‘weighted.mean’
    population: no visible global function definition for ‘rpois’
    population: no visible global function definition for ‘lm’
    population: no visible global function definition for ‘coefficients’
    population: no visible global function definition for ‘sd’
    population: no visible global function definition for ‘par’
    population: no visible global function definition for ‘plot’
    population: no visible global function definition for ‘lines’
    Undefined global functions or variables:
     coefficients lines lm par plot rpois sd weighted.mean
    Consider adding
     importFrom("graphics", "lines", "par", "plot")
     importFrom("stats", "coefficients", "lm", "rpois", "sd",
     "weighted.mean")
    to your NAMESPACE file.
Flavors: r-devel-linux-x86_64-debian-clang, r-devel-linux-x86_64-debian-gcc, r-devel-windows-ix86+x86_64, r-patched-linux-x86_64, r-patched-solaris-sparc, r-patched-solaris-x86, r-release-linux-x86_64, r-release-osx-x86_64-mavericks, r-release-windows-ix86+x86_64

Version: 1.1
Flags: --no-stop-on-test-error
Check: R code for possible problems
Result: NOTE
    population: no visible global function definition for ‘weighted.mean’
    population: no visible global function definition for ‘rpois’
    population: no visible global function definition for ‘lm’
    population: no visible global function definition for ‘coefficients’
    population: no visible global function definition for ‘sd’
    population: no visible global function definition for ‘par’
    population: no visible global function definition for ‘plot’
    population: no visible global function definition for ‘lines’
    Undefined global functions or variables:
     coefficients lines lm par plot rpois sd weighted.mean
    Consider adding
     importFrom("graphics", "lines", "par", "plot")
     importFrom("stats", "coefficients", "lm", "rpois", "sd",
     "weighted.mean")
    to your NAMESPACE file.
Flavors: r-devel-linux-x86_64-fedora-clang, r-devel-linux-x86_64-fedora-gcc, r-devel-macos-x86_64-clang