Last updated on 2023-12-06 11:52:32 CET.
Flavor | Version | Tinstall | Tcheck | Ttotal | Status | Flags |
---|---|---|---|---|---|---|
r-devel-linux-x86_64-debian-clang | 2.1.0 | 2.34 | 24.60 | 26.94 | NOTE | |
r-devel-linux-x86_64-debian-gcc | 2.1.0 | 2.69 | 19.73 | 22.42 | NOTE | |
r-devel-linux-x86_64-fedora-clang | 2.1.0 | 35.08 | OK | |||
r-devel-linux-x86_64-fedora-gcc | 2.1.0 | 33.44 | OK | |||
r-devel-windows-x86_64 | 2.1.0 | 4.00 | 41.00 | 45.00 | OK | |
r-patched-linux-x86_64 | 2.1.0 | 3.38 | 24.71 | 28.09 | OK | |
r-release-linux-x86_64 | 2.1.0 | 3.09 | 24.62 | 27.71 | OK | |
r-release-macos-arm64 | 2.1.0 | 17.00 | OK | |||
r-release-macos-x86_64 | 2.1.0 | 23.00 | OK | |||
r-release-windows-x86_64 | 2.1.0 | 4.00 | 41.00 | 45.00 | OK | |
r-oldrel-macos-arm64 | 2.1.0 | 19.00 | OK | |||
r-oldrel-macos-x86_64 | 2.1.0 | 23.00 | OK | |||
r-oldrel-windows-x86_64 | 2.1.0 | 6.00 | 45.00 | 51.00 | OK |
Version: 2.1.0
Check: Rd files
Result: NOTE
checkRd: (-1) NHANES.Rd:278: Lost braces
278 | \code{AgeFirstMarij}{Age participant first tried marijuana. Reported for participants aged 18 to 59 years.}
| ^
Flavors: r-devel-linux-x86_64-debian-clang, r-devel-linux-x86_64-debian-gcc