CRAN Package Check Results for Package NHEMOtree

Last updated on 2016-02-08 17:49:36.

Flavor Version Tinstall Tcheck Ttotal Status Flags
r-devel-linux-x86_64-debian-gcc 1.0 0.90 28.55 29.45 NOTE
r-devel-linux-x86_64-fedora-clang 1.0 58.14 NOTE
r-devel-linux-x86_64-fedora-gcc 1.0 51.22 NOTE
r-devel-osx-x86_64-clang 1.0 60.51 NOTE
r-devel-windows-ix86+x86_64 1.0 7.00 46.00 53.00 NOTE
r-patched-linux-x86_64 1.0 0.91 29.98 30.90 OK
r-patched-solaris-sparc 1.0 333.60 OK
r-patched-solaris-x86 1.0 65.00 OK
r-release-linux-x86_64 1.0 1.00 29.67 30.67 OK
r-release-osx-x86_64-mavericks 1.0 OK
r-release-windows-ix86+x86_64 1.0 7.00 45.00 52.00 OK
r-oldrel-windows-ix86+x86_64 1.0 9.00 79.00 88.00 OK

Check Details

Version: 1.0
Check: R code for possible problems
Result: NOTE
    Barplot_Sim: no visible global function definition for ‘barplot’
    BinaryTS_FINANZEN_oD: no visible global function definition for ‘runif’
    Chi_Test: no visible global function definition for ‘var’
    Chi_Test: no visible global function definition for ‘pchisq’
    Ctree_Sim: no visible global function definition for ‘predict’
    Cutoff_ZHT_Sim: no visible global function definition for ‘rnorm’
    Fast_nondominated_sort2: no visible global function definition for
     ‘runif’
    Gauss_M100_4: no visible global function definition for ‘rnorm’
    Initialisierung_stoch: no visible global function definition for
     ‘runif’
    Mutation3: no visible global function definition for ‘runif’
    Mutation_Cutoff100_4: no visible global function definition for ‘runif’
    Mutation_overall: no visible global function definition for ‘runif’
    NHEMO: no visible global function definition for ‘quantile’
    NHEMO: no visible global function definition for ‘runif’
    NHEMO_Cutoff: no visible global function definition for ‘quantile’
    NHEMO_Cutoff: no visible global function definition for ‘runif’
    OnePoint_X_1child: no visible global function definition for ‘runif’
    Rekombination_VIM3: no visible global function definition for ‘runif’
    Roulette_Sim: no visible global function definition for ‘runif’
    Sim_Data: no visible global function definition for ‘rnorm’
    Sim_Data: no visible global function definition for ‘runif’
    Sim_Data: no visible global function definition for ‘rbinom’
    TS_Sim: no visible global function definition for ‘runif’
    Vater_in_ZHT: no visible global function definition for ‘runif’
    Vater_in_ZHT_prozentual: no visible global function definition for
     ‘runif’
    Wrapper: no visible global function definition for ‘runif’
    X_Brood_VIM2: no visible global function definition for ‘runif’
    ZHT_Wurzelknoten: no visible global function definition for ‘runif’
    plot.NHEMOtree: no visible global function definition for ‘par’
    plot.NHEMOtree: no visible global function definition for ‘plot’
    plot.NHEMOtree: no visible global function definition for ‘text’
    Undefined global functions or variables:
     barplot par pchisq plot predict quantile rbinom rnorm runif text var
    Consider adding
     importFrom("graphics", "barplot", "par", "plot", "text")
     importFrom("stats", "pchisq", "predict", "quantile", "rbinom", "rnorm",
     "runif", "var")
    to your NAMESPACE file.
Flavors: r-devel-linux-x86_64-debian-gcc, r-devel-linux-x86_64-fedora-clang, r-devel-linux-x86_64-fedora-gcc, r-devel-osx-x86_64-clang, r-devel-windows-ix86+x86_64