CRAN Package Check Results for Package NHEMOtree

Last updated on 2014-04-24 15:50:42.

Flavor Version Tinstall Tcheck Ttotal Status Flags
r-devel-linux-x86_64-debian-clang 1.0 1.15 34.61 35.76 OK
r-devel-linux-x86_64-debian-gcc 1.0 1.10 35.21 36.31 OK
r-devel-linux-x86_64-fedora-clang 1.0 71.25 OK
r-devel-linux-x86_64-fedora-gcc 1.0 66.58 OK
r-devel-osx-x86_64-clang 1.0 59.92 OK
r-devel-osx-x86_64-gcc 1.0 ERROR
r-devel-windows-ix86+x86_64 1.0 5.00 51.00 56.00 OK
r-patched-linux-x86_64 1.0 1.03 34.47 35.50 OK
r-patched-solaris-sparc 1.0 545.30 OK
r-patched-solaris-x86 1.0 78.80 OK
r-release-linux-ix86 1.0 2.00 55.00 57.00 OK
r-release-linux-x86_64 1.0 1.08 35.69 36.78 OK
r-release-osx-x86_64-mavericks 1.0 WARN
r-release-osx-x86_64-snowleopard 1.0 OK
r-release-windows-ix86+x86_64 1.0 4.00 49.00 53.00 OK
r-oldrel-windows-ix86+x86_64 1.0 4.00 48.00 52.00 OK

Check Details

Version: 1.0
Check: package dependencies
Result: ERROR
    Package required but not available: ‘partykit’
    
    See the information on DESCRIPTION files in the chapter ‘Creating R
    packages’ of the ‘Writing R Extensions’ manual.
Flavor: r-devel-osx-x86_64-gcc

Version: 1.0
Check: PDF version of manual
Result: WARNING
    LaTeX errors when creating PDF version.
    This typically indicates Rd problems.
    LaTeX errors found:
    ! LaTeX Error: File `upquote.sty' not found.
    
    Type X to quit or <RETURN> to proceed,
    or enter new name. (Default extension: sty)
    
    cbb0fe/Rd2.tex:8: ==> Fatal error occurred, no output PDF file produced!
Flavor: r-release-osx-x86_64-mavericks