CRAN Package Check Results for Package NHEMOtree

Last updated on 2015-09-03 14:48:26.

Flavor Version Tinstall Tcheck Ttotal Status Flags
r-devel-linux-x86_64-debian-clang 1.0 0.84 29.51 30.35 NOTE
r-devel-linux-x86_64-debian-gcc 1.0 0.80 28.08 28.88 NOTE
r-devel-linux-x86_64-fedora-clang 1.0 57.12 NOTE
r-devel-linux-x86_64-fedora-gcc 1.0 55.29 NOTE
r-devel-osx-x86_64-clang 1.0 50.82 OK
r-devel-windows-ix86+x86_64 1.0 8.00 54.00 62.00 NOTE
r-patched-linux-x86_64 1.0 0.94 30.20 31.14 OK
r-patched-solaris-sparc 1.0 355.60 OK
r-patched-solaris-x86 1.0 70.30 OK
r-release-linux-x86_64 1.0 0.87 29.28 30.15 OK
r-release-osx-x86_64-mavericks 1.0 OK
r-release-windows-ix86+x86_64 1.0 6.00 49.00 55.00 OK
r-oldrel-windows-ix86+x86_64 1.0 9.00 62.00 71.00 OK

Check Details

Version: 1.0
Check: R code for possible problems
Result: NOTE
    Barplot_Sim: no visible global function definition for ‘barplot’
    BinaryTS_FINANZEN_oD: no visible global function definition for ‘runif’
    Chi_Test: no visible global function definition for ‘var’
    Chi_Test: no visible global function definition for ‘pchisq’
    Ctree_Sim: no visible global function definition for ‘predict’
    Cutoff_ZHT_Sim: no visible global function definition for ‘rnorm’
    Fast_nondominated_sort2: no visible global function definition for
     ‘runif’
    Gauss_M100_4: no visible global function definition for ‘rnorm’
    Initialisierung_stoch: no visible global function definition for
     ‘runif’
    Mutation3: no visible global function definition for ‘runif’
    Mutation_Cutoff100_4: no visible global function definition for ‘runif’
    Mutation_overall: no visible global function definition for ‘runif’
    NHEMO: no visible global function definition for ‘quantile’
    NHEMO: no visible global function definition for ‘runif’
    NHEMO_Cutoff: no visible global function definition for ‘quantile’
    NHEMO_Cutoff: no visible global function definition for ‘runif’
    OnePoint_X_1child: no visible global function definition for ‘runif’
    Rekombination_VIM3: no visible global function definition for ‘runif’
    Roulette_Sim: no visible global function definition for ‘runif’
    Sim_Data: no visible global function definition for ‘rnorm’
    Sim_Data: no visible global function definition for ‘runif’
    Sim_Data: no visible global function definition for ‘rbinom’
    TS_Sim: no visible global function definition for ‘runif’
    Vater_in_ZHT: no visible global function definition for ‘runif’
    Vater_in_ZHT_prozentual: no visible global function definition for
     ‘runif’
    Wrapper: no visible global function definition for ‘runif’
    X_Brood_VIM2: no visible global function definition for ‘runif’
    ZHT_Wurzelknoten: no visible global function definition for ‘runif’
    plot.NHEMOtree: no visible global function definition for ‘par’
    plot.NHEMOtree: no visible global function definition for ‘plot’
    plot.NHEMOtree: no visible global function definition for ‘text’
    Undefined global functions or variables:
     barplot par pchisq plot predict quantile rbinom rnorm runif text var
    Consider adding
     importFrom("graphics", "barplot", "par", "plot", "text")
     importFrom("stats", "pchisq", "predict", "quantile", "rbinom", "rnorm",
     "runif", "var")
    to your NAMESPACE.
Flavors: r-devel-linux-x86_64-debian-clang, r-devel-linux-x86_64-debian-gcc, r-devel-linux-x86_64-fedora-clang, r-devel-linux-x86_64-fedora-gcc, r-devel-windows-ix86+x86_64