CRAN Package Check Results for Package NHEMOtree

Last updated on 2015-04-27 23:47:31.

Flavor Version Tinstall Tcheck Ttotal Status Flags
r-devel-linux-x86_64-debian-clang 1.0 0.84 29.00 29.85 OK
r-devel-linux-x86_64-debian-gcc 1.0 0.87 28.38 29.25 OK
r-devel-linux-x86_64-fedora-clang 1.0 57.49 OK
r-devel-linux-x86_64-fedora-gcc 1.0 54.06 OK
r-devel-osx-x86_64-clang 1.0 52.05 OK
r-devel-windows-ix86+x86_64 1.0 4.00 46.00 50.00 OK
r-patched-linux-x86_64 1.0 0.92 30.53 31.45 OK
r-patched-solaris-sparc 1.0 333.70 OK
r-patched-solaris-x86 1.0 66.80 OK
r-release-linux-x86_64 1.0 0.86 27.99 28.85 OK
r-release-osx-x86_64-mavericks 1.0 OK
r-release-osx-x86_64-snowleopard 1.0 ERROR
r-release-windows-ix86+x86_64 1.0 7.00 55.00 62.00 OK
r-oldrel-windows-ix86+x86_64 1.0 4.00 46.00 50.00 OK

Check Details

Version: 1.0
Check: package dependencies
Result: ERROR
    Package required but not available: ‘partykit’
    
    See section ‘The DESCRIPTION file’ in the ‘Writing R Extensions’
    manual.
Flavor: r-release-osx-x86_64-snowleopard