CRAN Package Check Results for Package NHEMOtree

Last updated on 2015-05-30 08:48:48.

Flavor Version Tinstall Tcheck Ttotal Status Flags
r-devel-linux-x86_64-debian-clang 1.0 0.90 28.19 29.10 OK
r-devel-linux-x86_64-debian-gcc 1.0 0.84 28.06 28.90 OK
r-devel-linux-x86_64-fedora-clang 1.0 59.93 OK
r-devel-linux-x86_64-fedora-gcc 1.0 52.82 OK
r-devel-osx-x86_64-clang 1.0 55.91 OK
r-devel-windows-ix86+x86_64 1.0 4.00 40.00 44.00 OK
r-patched-linux-x86_64 1.0 1.18 28.30 29.48 OK
r-patched-solaris-sparc 1.0 343.10 OK
r-patched-solaris-x86 1.0 66.20 OK
r-release-linux-x86_64 1.0 0.89 28.67 29.56 OK
r-release-osx-x86_64-mavericks 1.0 OK
r-release-osx-x86_64-snowleopard 1.0 ERROR
r-release-windows-ix86+x86_64 1.0 5.00 38.00 43.00 OK
r-oldrel-windows-ix86+x86_64 1.0 6.00 50.00 56.00 OK

Check Details

Version: 1.0
Check: package dependencies
Result: ERROR
    Package required but not available: ‘partykit’
    
    See section ‘The DESCRIPTION file’ in the ‘Writing R Extensions’
    manual.
Flavor: r-release-osx-x86_64-snowleopard