CRAN Package Check Results for Package NHEMOtree

Last updated on 2015-08-04 23:48:21.

Flavor Version Tinstall Tcheck Ttotal Status Flags
r-devel-linux-x86_64-debian-clang 1.0 0.82 29.22 30.04 NOTE
r-devel-linux-x86_64-debian-gcc 1.0 0.83 29.94 30.76 NOTE
r-devel-linux-x86_64-fedora-clang 1.0 62.21 NOTE
r-devel-linux-x86_64-fedora-gcc 1.0 54.01 NOTE
r-devel-osx-x86_64-clang 1.0 52.77 OK
r-devel-windows-ix86+x86_64 1.0 7.00 47.00 54.00 NOTE
r-patched-linux-x86_64 1.0 0.90 27.84 28.74 OK
r-patched-solaris-sparc 1.0 355.60 OK
r-patched-solaris-x86 1.0 70.70 OK
r-release-linux-x86_64 1.0 0.94 30.59 31.53 OK
r-release-osx-x86_64-mavericks 1.0 OK
r-release-windows-ix86+x86_64 1.0 5.00 64.00 69.00 OK
r-oldrel-windows-ix86+x86_64 1.0 11.00 78.00 89.00 OK

Check Details

Version: 1.0
Check: R code for possible problems
Result: NOTE
    Barplot_Sim: no visible global function definition for ‘barplot’
    BinaryTS_FINANZEN_oD: no visible global function definition for ‘runif’
    Chi_Test: no visible global function definition for ‘var’
    Chi_Test: no visible global function definition for ‘pchisq’
    Ctree_Sim: no visible global function definition for ‘predict’
    Cutoff_ZHT_Sim: no visible global function definition for ‘rnorm’
    Fast_nondominated_sort2: no visible global function definition for
     ‘runif’
    Gauss_M100_4: no visible global function definition for ‘rnorm’
    Initialisierung_stoch: no visible global function definition for
     ‘runif’
    Mutation3: no visible global function definition for ‘runif’
    Mutation_Cutoff100_4: no visible global function definition for ‘runif’
    Mutation_overall: no visible global function definition for ‘runif’
    NHEMO: no visible global function definition for ‘quantile’
    NHEMO: no visible global function definition for ‘runif’
    NHEMO_Cutoff: no visible global function definition for ‘quantile’
    NHEMO_Cutoff: no visible global function definition for ‘runif’
    OnePoint_X_1child: no visible global function definition for ‘runif’
    Rekombination_VIM3: no visible global function definition for ‘runif’
    Roulette_Sim: no visible global function definition for ‘runif’
    Sim_Data: no visible global function definition for ‘rnorm’
    Sim_Data: no visible global function definition for ‘runif’
    Sim_Data: no visible global function definition for ‘rbinom’
    TS_Sim: no visible global function definition for ‘runif’
    Vater_in_ZHT: no visible global function definition for ‘runif’
    Vater_in_ZHT_prozentual: no visible global function definition for
     ‘runif’
    Wrapper: no visible global function definition for ‘runif’
    X_Brood_VIM2: no visible global function definition for ‘runif’
    ZHT_Wurzelknoten: no visible global function definition for ‘runif’
    plot.NHEMOtree: no visible global function definition for ‘par’
    plot.NHEMOtree: no visible global function definition for ‘plot’
    plot.NHEMOtree: no visible global function definition for ‘text’
    Undefined global functions or variables:
     barplot par pchisq plot predict quantile rbinom rnorm runif text var
    Consider adding
     importFrom("graphics", "barplot", "par", "plot", "text")
     importFrom("stats", "pchisq", "predict", "quantile", "rbinom", "rnorm",
     "runif", "var")
    to your NAMESPACE.
Flavors: r-devel-linux-x86_64-debian-clang, r-devel-linux-x86_64-debian-gcc, r-devel-linux-x86_64-fedora-clang, r-devel-linux-x86_64-fedora-gcc, r-devel-windows-ix86+x86_64