CRAN Package Check Results for Package NHPoisson

Last updated on 2015-07-05 14:46:41.

Flavor Version Tinstall Tcheck Ttotal Status Flags
r-devel-linux-x86_64-debian-clang 3.1 4.06 60.93 65.00 NOTE
r-devel-linux-x86_64-debian-gcc 3.1 4.75 59.15 63.90 NOTE
r-devel-linux-x86_64-fedora-clang 3.1 117.14 NOTE
r-devel-linux-x86_64-fedora-gcc 3.1 109.68 NOTE
r-devel-osx-x86_64-clang 3.1 105.85 OK
r-devel-windows-ix86+x86_64 3.1 13.00 95.00 108.00 NOTE
r-patched-linux-x86_64 3.1 4.32 58.63 62.95 OK
r-patched-solaris-sparc 3.1 776.00 OK
r-patched-solaris-x86 3.1 172.10 OK
r-release-linux-x86_64 3.1 4.47 59.91 64.38 OK
r-release-osx-x86_64-mavericks 3.1 OK
r-release-windows-ix86+x86_64 3.1 16.00 89.00 105.00 OK
r-oldrel-windows-ix86+x86_64 3.1 25.00 124.00 149.00 OK

Check Details

Version: 3.1
Check: R code for possible problems
Result: NOTE
    CIdelta.fun: no visible global function definition for ‘qnorm’
    CItran.fun: no visible global function definition for ‘qnorm’
    GenEnv.fun: no visible global function definition for ‘complete.cases’
    GenEnv.fun: no visible binding for global variable ‘quantile’
    LRTpv.fun: no visible global function definition for ‘pchisq’
    confintAsin.fun: no visible global function definition for ‘qnorm’
    emplambda.fun: no visible global function definition for ‘title’
    emplambda.fun: no visible global function definition for ‘mtext’
    emplambdaD.fun: no visible global function definition for ‘title’
    emplambdaD.fun: no visible global function definition for ‘mtext’
    fitPP.fun: no visible global function definition for ‘nlminb’
    fitPP.fun: no visible global function definition for ‘optim’
    fitPP.fun: no visible global function definition for ‘lines’
    fitPP.fun: no visible global function definition for ‘legend’
    fitPP.fun: no visible global function definition for ‘mtext’
    globalval.fun: no visible global function definition for ‘dev.new’
    graphResCov.fun: no visible global function definition for ‘dev.new’
    graphResCov.fun: no visible global function definition for ‘par’
    graphResCov.fun: no visible global function definition for ‘mtext’
    graphResX.fun: no visible global function definition for ‘quantile’
    graphResX.fun: no visible global function definition for ‘lines’
    graphrate.fun: no visible global function definition for ‘dev.new’
    graphrate.fun: no visible global function definition for ‘par’
    graphrate.fun: no visible global function definition for ‘lines’
    graphrate.fun: no visible global function definition for ‘legend’
    graphrate.fun: no visible global function definition for ‘title’
    graphrate.fun: no visible global function definition for ‘mtext’
    graphres.fun: no visible global function definition for ‘dev.new’
    graphres.fun: no visible global function definition for ‘par’
    graphres.fun: no visible global function definition for ‘lines’
    graphres.fun: no visible global function definition for ‘points’
    graphres.fun: no visible global function definition for ‘legend’
    graphres.fun: no visible global function definition for ‘lowess’
    graphres.fun: no visible global function definition for ‘mtext’
    graphresU.fun: no visible global function definition for ‘dev.new’
    graphresU.fun: no visible global function definition for ‘par’
    graphresU.fun: no visible global function definition for ‘points’
    graphresU.fun: no visible global function definition for ‘lowess’
    graphresU.fun: no visible global function definition for ‘lines’
    graphresU.fun: no visible global function definition for ‘mtext’
    graphresU.fun: no visible global function definition for ‘lm’
    graphresU.fun: no visible binding for global variable ‘na.exclude’
    graphresU.fun: no visible global function definition for ‘predict’
    graphresU.fun: no visible global function definition for ‘cor.test’
    graphresU.fun: no visible global function definition for ‘title’
    graphresU.fun: no visible global function definition for ‘acf’
    graphresU.fun: no visible global function definition for ‘Box.test’
    graphresU.fun: no visible global function definition for ‘abline’
    graphresU.fun: no visible global function definition for ‘ks.test’
    resQQplot.fun: no visible binding for global variable ‘quantile’
    resQQplot.fun: no visible global function definition for ‘dev.new’
    resQQplot.fun: no visible global function definition for ‘par’
    resQQplot.fun: no visible global function definition for ‘points’
    resQQplot.fun: no visible global function definition for ‘lines’
    simNHP.fun: no visible global function definition for ‘rexp’
    testlik.fun: no visible global function definition for ‘pchisq’
    profile,mlePP: no visible global function definition for ‘qchisq’
    Undefined global functions or variables:
     Box.test abline acf complete.cases cor.test dev.new ks.test legend
     lines lm lowess mtext na.exclude nlminb optim par pchisq points
     predict qchisq qnorm quantile rexp title
Flavors: r-devel-linux-x86_64-debian-clang, r-devel-linux-x86_64-debian-gcc, r-devel-linux-x86_64-fedora-clang, r-devel-linux-x86_64-fedora-gcc, r-devel-windows-ix86+x86_64