CRAN Package Check Results for Package NHPoisson

Last updated on 2014-04-19 09:52:23.

Flavor Version Tinstall Tcheck Ttotal Status Flags
r-devel-linux-x86_64-debian-clang 2.1 1.14 22.92 24.06 OK
r-devel-linux-x86_64-debian-gcc 2.1 1.06 23.98 25.04 OK
r-devel-linux-x86_64-fedora-clang 2.1 41.32 OK
r-devel-linux-x86_64-fedora-gcc 2.1 39.67 OK
r-devel-macosx-x86_64-clang 2.1 43.13 OK
r-devel-macosx-x86_64-gcc 2.1 ERROR
r-devel-windows-ix86+x86_64 2.1 3.00 33.00 36.00 OK
r-patched-linux-x86_64 2.1 1.08 22.77 23.86 OK
r-patched-solaris-sparc 2.1 272.10 OK
r-patched-solaris-x86 2.1 60.30 OK
r-release-linux-ix86 2.1 3.00 43.00 46.00 OK
r-release-linux-x86_64 2.1 1.10 23.06 24.16 OK
r-release-macosx-x86_64 2.1 OK
r-release-windows-ix86+x86_64 2.1 4.00 38.00 42.00 OK
r-oldrel-windows-ix86+x86_64 2.1 4.00 39.00 43.00 OK

Check Details

Version: 2.1
Check: package dependencies
Result: ERROR
    Package required but not available: ‘car’
    
    See the information on DESCRIPTION files in the chapter ‘Creating R
    packages’ of the ‘Writing R Extensions’ manual.
Flavor: r-devel-macosx-x86_64-gcc