CRAN Package Check Results for Package NHSRdatasets

Last updated on 2023-02-01 12:57:54 CET.

Flavor Version Tinstall Tcheck Ttotal Status Flags
r-devel-linux-x86_64-debian-clang 0.3.0 1.87 89.07 90.94 OK
r-devel-linux-x86_64-debian-gcc 0.3.0 1.63 65.67 67.30 OK
r-devel-linux-x86_64-fedora-clang 0.3.0 109.00 NOTE
r-devel-linux-x86_64-fedora-gcc 0.3.0 119.73 NOTE
r-devel-windows-x86_64 0.3.0 19.00 142.00 161.00 OK
r-patched-linux-x86_64 0.3.0 2.32 84.18 86.50 OK
r-release-linux-x86_64 0.3.0 1.41 72.21 73.62 OK
r-release-macos-arm64 0.3.0 32.00 NOTE
r-release-macos-x86_64 0.3.0 46.00 NOTE
r-release-windows-x86_64 0.3.0 19.00 127.00 146.00 OK
r-oldrel-macos-arm64 0.3.0 42.00 NOTE
r-oldrel-macos-x86_64 0.3.0 61.00 NOTE
r-oldrel-windows-ix86+x86_64 0.3.0 5.00 120.00 125.00 OK

Check Details

Version: 0.3.0
Check: dependencies in R code
Result: NOTE
    Namespace in Imports field not imported from: ‘tibble’
     All declared Imports should be used.
Flavors: r-devel-linux-x86_64-fedora-clang, r-devel-linux-x86_64-fedora-gcc, r-release-macos-arm64, r-release-macos-x86_64, r-oldrel-macos-arm64, r-oldrel-macos-x86_64