CRAN Package Check Results for Package NISTunits

Last updated on 2024-03-02 22:42:00 CET.

Flavor Version Tinstall Tcheck Ttotal Status Flags
r-devel-linux-x86_64-debian-clang 1.0.1 11.47 134.60 146.07 NOTE
r-devel-linux-x86_64-debian-gcc 1.0.1 10.42 103.19 113.61 NOTE
r-devel-linux-x86_64-fedora-clang 1.0.1 184.27 NOTE
r-devel-linux-x86_64-fedora-gcc 1.0.1 178.84 NOTE
r-devel-windows-x86_64 1.0.1 19.00 278.00 297.00 NOTE
r-patched-linux-x86_64 1.0.1 28.67 131.02 159.69 NOTE
r-release-linux-x86_64 1.0.1 14.63 131.37 146.00 NOTE
r-release-macos-arm64 1.0.1 49.00 NOTE
r-release-macos-x86_64 1.0.1 95.00 NOTE
r-release-windows-x86_64 1.0.1 19.00 318.00 337.00 NOTE
r-oldrel-macos-arm64 1.0.1 49.00 NOTE
r-oldrel-windows-x86_64 1.0.1 127.00 196.00 323.00 NOTE

Check Details

Version: 1.0.1
Check: DESCRIPTION meta-information
Result: NOTE Malformed Description field: should contain one or more complete sentences. Flavors: r-devel-linux-x86_64-debian-clang, r-devel-linux-x86_64-debian-gcc, r-devel-linux-x86_64-fedora-clang, r-devel-linux-x86_64-fedora-gcc, r-devel-windows-x86_64, r-patched-linux-x86_64, r-release-linux-x86_64, r-release-macos-arm64, r-release-macos-x86_64, r-release-windows-x86_64, r-oldrel-macos-arm64, r-oldrel-windows-x86_64

Version: 1.0.1
Check: data for non-ASCII characters
Result: NOTE Note: found 170 marked UTF-8 strings Flavors: r-devel-linux-x86_64-fedora-clang, r-devel-linux-x86_64-fedora-gcc