CRAN Package Check Results for Package NLP

Last updated on 2015-07-03 07:48:07.

Flavor Version Tinstall Tcheck Ttotal Status Flags
r-devel-linux-x86_64-debian-clang 0.1-7 0.97 14.40 15.36 NOTE
r-devel-linux-x86_64-debian-gcc 0.1-7 0.90 13.59 14.49 NOTE
r-devel-linux-x86_64-fedora-clang 0.1-7 27.30 NOTE
r-devel-linux-x86_64-fedora-gcc 0.1-7 25.90 NOTE
r-devel-osx-x86_64-clang 0.1-7 28.88 OK
r-devel-windows-ix86+x86_64 0.1-7 5.00 22.00 27.00 OK
r-patched-linux-x86_64 0.1-7 0.91 14.94 15.85 OK
r-patched-solaris-sparc 0.1-7 179.90 OK
r-patched-solaris-x86 0.1-7 38.80 OK
r-release-linux-x86_64 0.1-7 0.88 14.27 15.16 OK
r-release-osx-x86_64-mavericks 0.1-7 WARN
r-release-windows-ix86+x86_64 0.1-7 4.00 24.00 28.00 OK
r-oldrel-windows-ix86+x86_64 0.1-7 4.00 28.00 32.00 WARN

Check Details

Version: 0.1-7
Check: R code for possible problems
Result: NOTE
    single_feature: no visible global function definition for ‘setNames’
    Undefined global functions or variables:
     setNames
Flavors: r-devel-linux-x86_64-debian-clang, r-devel-linux-x86_64-debian-gcc, r-devel-linux-x86_64-fedora-clang, r-devel-linux-x86_64-fedora-gcc

Version: 0.1-7
Check: S3 generic/method consistency
Result: WARN
    Warning: declared S3 method '.get_meta_if_attr' not found
    Warning: declared S3 method '.get_meta_if_attr' not found
    Warning: declared S3 method '.get_meta_if_attr' not found
    Warning: declared S3 method '.get_meta_if_slot' not found
    Warning: declared S3 method '.get_meta_if_slot' not found
    Warning: declared S3 method '.get_meta_if_slot' not found
    Warning: declared S3 method '.get_meta_if_slot' not found
    Warning: declared S3 method '.get_meta_if_attr' not found
    Warning: declared S3 method '.get_meta_if_attr' not found
    Warning: declared S3 method '.set_meta_if_attr' not found
    Warning: declared S3 method '.set_meta_if_attr' not found
    Warning: declared S3 method '.set_meta_if_attr' not found
    Warning: declared S3 method '.set_meta_if_slot' not found
    Warning: declared S3 method '.set_meta_if_slot' not found
    Warning: declared S3 method '.set_meta_if_slot' not found
    Warning: declared S3 method '.set_meta_if_slot' not found
    Warning: declared S3 method '.set_meta_if_attr' not found
    Warning: declared S3 method '.set_meta_if_attr' not found
    Warning: declared S3 method '.format_TextDocument' not found
    Warning: declared S3 method '.print_via_format' not found
    Warning: declared S3 method '.print_via_format' not found
    Warning: declared S3 method '.print_via_format' not found
    Warning: declared S3 method '.print_via_format' not found
    Warning: declared S3 method '.print_via_format' not found
    Warning: declared S3 method '.print_via_format' not found
    Warning: declared S3 method '.print_via_format' not found
    Warning: declared S3 method '.print_via_format' not found
    Warning: declared S3 method '.print_via_format' not found
    Warning: declared S3 method '.print_via_format' not found
    Warning: declared S3 method '.print_via_format' not found
    Warning: declared S3 method '.print_via_format' not found
    See section ‘Generic functions and methods’ in the ‘Writing R
    Extensions’ manual.
Flavors: r-release-osx-x86_64-mavericks, r-oldrel-windows-ix86+x86_64