CRAN Package Check Results for Package NLP

Last updated on 2015-09-04 23:56:18.

Flavor Version Tinstall Tcheck Ttotal Status Flags
r-devel-linux-x86_64-debian-clang 0.1-8 0.86 14.03 14.89 OK
r-devel-linux-x86_64-debian-gcc 0.1-8 0.85 13.87 14.72 OK
r-devel-linux-x86_64-fedora-clang 0.1-8 28.24 OK
r-devel-linux-x86_64-fedora-gcc 0.1-8 26.08 OK
r-devel-osx-x86_64-clang 0.1-8 27.01 OK
r-devel-windows-ix86+x86_64 0.1-8 3.00 25.00 28.00 OK
r-patched-linux-x86_64 0.1-8 0.88 14.45 15.34 OK
r-patched-solaris-sparc 0.1-8 181.30 OK
r-patched-solaris-x86 0.1-8 38.50 OK
r-release-linux-x86_64 0.1-8 1.19 14.16 15.35 OK
r-release-osx-x86_64-mavericks 0.1-8 WARN
r-release-windows-ix86+x86_64 0.1-8 4.00 37.00 41.00 OK
r-oldrel-windows-ix86+x86_64 0.1-8 6.00 46.00 52.00 WARN

Check Details

Version: 0.1-8
Check: S3 generic/method consistency
Result: WARN
    Warning: declared S3 method '.get_meta_if_attr' not found
    Warning: declared S3 method '.get_meta_if_attr' not found
    Warning: declared S3 method '.get_meta_if_attr' not found
    Warning: declared S3 method '.get_meta_if_slot' not found
    Warning: declared S3 method '.get_meta_if_slot' not found
    Warning: declared S3 method '.get_meta_if_slot' not found
    Warning: declared S3 method '.get_meta_if_slot' not found
    Warning: declared S3 method '.get_meta_if_attr' not found
    Warning: declared S3 method '.get_meta_if_attr' not found
    Warning: declared S3 method '.set_meta_if_attr' not found
    Warning: declared S3 method '.set_meta_if_attr' not found
    Warning: declared S3 method '.set_meta_if_attr' not found
    Warning: declared S3 method '.set_meta_if_slot' not found
    Warning: declared S3 method '.set_meta_if_slot' not found
    Warning: declared S3 method '.set_meta_if_slot' not found
    Warning: declared S3 method '.set_meta_if_slot' not found
    Warning: declared S3 method '.set_meta_if_attr' not found
    Warning: declared S3 method '.set_meta_if_attr' not found
    Warning: declared S3 method '.format_TextDocument' not found
    Warning: declared S3 method '.print_via_format' not found
    Warning: declared S3 method '.print_via_format' not found
    Warning: declared S3 method '.print_via_format' not found
    Warning: declared S3 method '.print_via_format' not found
    Warning: declared S3 method '.print_via_format' not found
    Warning: declared S3 method '.print_via_format' not found
    Warning: declared S3 method '.print_via_format' not found
    Warning: declared S3 method '.print_via_format' not found
    Warning: declared S3 method '.print_via_format' not found
    Warning: declared S3 method '.print_via_format' not found
    Warning: declared S3 method '.print_via_format' not found
    Warning: declared S3 method '.print_via_format' not found
    See section ‘Generic functions and methods’ in the ‘Writing R
    Extensions’ manual.
Flavors: r-release-osx-x86_64-mavericks, r-oldrel-windows-ix86+x86_64