CRAN Package Check Results for Package NLP

Last updated on 2015-05-26 12:47:22.

Flavor Version Tinstall Tcheck Ttotal Status Flags
r-devel-linux-x86_64-debian-clang 0.1-7 0.90 14.45 15.35 OK
r-devel-linux-x86_64-debian-gcc 0.1-7 1.18 13.95 15.13 OK
r-devel-linux-x86_64-fedora-clang 0.1-7 28.56 OK
r-devel-linux-x86_64-fedora-gcc 0.1-7 26.73 OK
r-devel-osx-x86_64-clang 0.1-7 29.91 OK
r-devel-windows-ix86+x86_64 0.1-7 3.00 22.00 25.00 OK
r-patched-linux-x86_64 0.1-7 0.90 13.76 14.66 OK
r-patched-solaris-sparc 0.1-7 179.90 OK
r-patched-solaris-x86 0.1-7 38.50 OK
r-release-linux-x86_64 0.1-7 1.00 14.52 15.52 WARN
r-release-osx-x86_64-mavericks 0.1-7 WARN
r-release-osx-x86_64-snowleopard 0.1-7 OK
r-release-windows-ix86+x86_64 0.1-7 5.00 26.00 31.00 WARN
r-oldrel-windows-ix86+x86_64 0.1-7 4.00 28.00 32.00 WARN

Check Details

Version: 0.1-7
Check: S3 generic/method consistency
Result: WARN
    Warning: declared S3 method ‘.get_meta_if_attr’ not found
    Warning: declared S3 method ‘.get_meta_if_attr’ not found
    Warning: declared S3 method ‘.get_meta_if_attr’ not found
    Warning: declared S3 method ‘.get_meta_if_slot’ not found
    Warning: declared S3 method ‘.get_meta_if_slot’ not found
    Warning: declared S3 method ‘.get_meta_if_slot’ not found
    Warning: declared S3 method ‘.get_meta_if_slot’ not found
    Warning: declared S3 method ‘.get_meta_if_attr’ not found
    Warning: declared S3 method ‘.get_meta_if_attr’ not found
    Warning: declared S3 method ‘.set_meta_if_attr’ not found
    Warning: declared S3 method ‘.set_meta_if_attr’ not found
    Warning: declared S3 method ‘.set_meta_if_attr’ not found
    Warning: declared S3 method ‘.set_meta_if_slot’ not found
    Warning: declared S3 method ‘.set_meta_if_slot’ not found
    Warning: declared S3 method ‘.set_meta_if_slot’ not found
    Warning: declared S3 method ‘.set_meta_if_slot’ not found
    Warning: declared S3 method ‘.set_meta_if_attr’ not found
    Warning: declared S3 method ‘.set_meta_if_attr’ not found
    Warning: declared S3 method ‘.format_TextDocument’ not found
    Warning: declared S3 method ‘.print_via_format’ not found
    Warning: declared S3 method ‘.print_via_format’ not found
    Warning: declared S3 method ‘.print_via_format’ not found
    Warning: declared S3 method ‘.print_via_format’ not found
    Warning: declared S3 method ‘.print_via_format’ not found
    Warning: declared S3 method ‘.print_via_format’ not found
    Warning: declared S3 method ‘.print_via_format’ not found
    Warning: declared S3 method ‘.print_via_format’ not found
    Warning: declared S3 method ‘.print_via_format’ not found
    Warning: declared S3 method ‘.print_via_format’ not found
    Warning: declared S3 method ‘.print_via_format’ not found
    Warning: declared S3 method ‘.print_via_format’ not found
    See section ‘Generic functions and methods’ in the ‘Writing R
    Extensions’ manual.
Flavors: r-release-linux-x86_64, r-release-osx-x86_64-mavericks, r-release-windows-ix86+x86_64, r-oldrel-windows-ix86+x86_64