CRAN Package Check Results for Package NLP

Last updated on 2016-02-10 11:55:21.

Flavor Version Tinstall Tcheck Ttotal Status Flags
r-devel-linux-x86_64-debian-gcc 0.1-8 0.92 13.37 14.30 OK
r-devel-linux-x86_64-fedora-clang 0.1-8 26.77 OK
r-devel-linux-x86_64-fedora-gcc 0.1-8 23.74 OK
r-devel-osx-x86_64-clang 0.1-8 29.60 OK
r-devel-windows-ix86+x86_64 0.1-8 5.00 25.00 30.00 OK
r-patched-linux-x86_64 0.1-8 1.05 14.11 15.16 OK
r-patched-solaris-sparc 0.1-8 162.30 OK
r-patched-solaris-x86 0.1-8 33.80 OK
r-release-linux-x86_64 0.1-8 1.01 13.80 14.81 OK
r-release-osx-x86_64-mavericks 0.1-8 WARN
r-release-windows-ix86+x86_64 0.1-8 3.00 25.00 28.00 OK
r-oldrel-windows-ix86+x86_64 0.1-8 6.00 46.00 52.00 WARN

Check Details

Version: 0.1-8
Check: S3 generic/method consistency
Result: WARN
    Warning: declared S3 method '.get_meta_if_attr' not found
    Warning: declared S3 method '.get_meta_if_attr' not found
    Warning: declared S3 method '.get_meta_if_attr' not found
    Warning: declared S3 method '.get_meta_if_slot' not found
    Warning: declared S3 method '.get_meta_if_slot' not found
    Warning: declared S3 method '.get_meta_if_slot' not found
    Warning: declared S3 method '.get_meta_if_slot' not found
    Warning: declared S3 method '.get_meta_if_attr' not found
    Warning: declared S3 method '.get_meta_if_attr' not found
    Warning: declared S3 method '.set_meta_if_attr' not found
    Warning: declared S3 method '.set_meta_if_attr' not found
    Warning: declared S3 method '.set_meta_if_attr' not found
    Warning: declared S3 method '.set_meta_if_slot' not found
    Warning: declared S3 method '.set_meta_if_slot' not found
    Warning: declared S3 method '.set_meta_if_slot' not found
    Warning: declared S3 method '.set_meta_if_slot' not found
    Warning: declared S3 method '.set_meta_if_attr' not found
    Warning: declared S3 method '.set_meta_if_attr' not found
    Warning: declared S3 method '.format_TextDocument' not found
    Warning: declared S3 method '.print_via_format' not found
    Warning: declared S3 method '.print_via_format' not found
    Warning: declared S3 method '.print_via_format' not found
    Warning: declared S3 method '.print_via_format' not found
    Warning: declared S3 method '.print_via_format' not found
    Warning: declared S3 method '.print_via_format' not found
    Warning: declared S3 method '.print_via_format' not found
    Warning: declared S3 method '.print_via_format' not found
    Warning: declared S3 method '.print_via_format' not found
    Warning: declared S3 method '.print_via_format' not found
    Warning: declared S3 method '.print_via_format' not found
    Warning: declared S3 method '.print_via_format' not found
    See section ‘Generic functions and methods’ in the ‘Writing R
    Extensions’ manual.
Flavors: r-release-osx-x86_64-mavericks, r-oldrel-windows-ix86+x86_64