CRAN Package Check Results for Package NLP

Last updated on 2016-05-03 13:47:40.

Flavor Version Tinstall Tcheck Ttotal Status Flags
r-devel-linux-x86_64-debian-gcc 0.1-9 0.88 14.33 15.22 OK
r-devel-linux-x86_64-fedora-clang 0.1-9 26.12 OK
r-devel-linux-x86_64-fedora-gcc 0.1-9 24.97 OK
r-devel-osx-x86_64-clang 0.1-9 30.66 OK
r-devel-windows-ix86+x86_64 0.1-9 3.00 31.00 34.00 OK
r-patched-linux-x86_64 0.1-9 0.88 14.17 15.06 OK
r-patched-solaris-sparc 0.1-9 183.80 OK
r-patched-solaris-x86 0.1-9 35.90 OK
r-release-linux-x86_64 0.1-9 0.92 14.72 15.64 OK
r-release-osx-x86_64-mavericks 0.1-9 OK
r-release-windows-ix86+x86_64 0.1-9 7.00 36.00 43.00 OK
r-oldrel-windows-ix86+x86_64 0.1-9 5.00 34.00 39.00 WARN

Check Details

Version: 0.1-9
Check: S3 generic/method consistency
Result: WARN
    Warning: declared S3 method '.get_meta_if_attr' not found
    Warning: declared S3 method '.get_meta_if_attr' not found
    Warning: declared S3 method '.get_meta_if_attr' not found
    Warning: declared S3 method '.get_meta_if_slot' not found
    Warning: declared S3 method '.get_meta_if_slot' not found
    Warning: declared S3 method '.get_meta_if_slot' not found
    Warning: declared S3 method '.get_meta_if_slot' not found
    Warning: declared S3 method '.get_meta_if_attr' not found
    Warning: declared S3 method '.get_meta_if_attr' not found
    Warning: declared S3 method '.set_meta_if_attr' not found
    Warning: declared S3 method '.set_meta_if_attr' not found
    Warning: declared S3 method '.set_meta_if_attr' not found
    Warning: declared S3 method '.set_meta_if_slot' not found
    Warning: declared S3 method '.set_meta_if_slot' not found
    Warning: declared S3 method '.set_meta_if_slot' not found
    Warning: declared S3 method '.set_meta_if_slot' not found
    Warning: declared S3 method '.set_meta_if_attr' not found
    Warning: declared S3 method '.set_meta_if_attr' not found
    Warning: declared S3 method '.format_TextDocument' not found
    Warning: declared S3 method '.print_via_format' not found
    Warning: declared S3 method '.print_via_format' not found
    Warning: declared S3 method '.print_via_format' not found
    Warning: declared S3 method '.print_via_format' not found
    Warning: declared S3 method '.print_via_format' not found
    Warning: declared S3 method '.print_via_format' not found
    Warning: declared S3 method '.print_via_format' not found
    Warning: declared S3 method '.print_via_format' not found
    Warning: declared S3 method '.print_via_format' not found
    Warning: declared S3 method '.print_via_format' not found
    Warning: declared S3 method '.print_via_format' not found
    Warning: declared S3 method '.print_via_format' not found
    See section 'Generic functions and methods' in the 'Writing R
    Extensions' manual.
Flavor: r-oldrel-windows-ix86+x86_64