CRAN Package Check Results for Package NMF

Last updated on 2015-09-02 14:47:54.

Flavor Version Tinstall Tcheck Ttotal Status Flags
r-devel-linux-x86_64-debian-clang 0.20.6 7.14 220.79 227.93 NOTE
r-devel-linux-x86_64-debian-gcc 0.20.6 6.82 216.42 223.24 NOTE
r-devel-linux-x86_64-fedora-clang 0.20.6 490.36 NOTE
r-devel-linux-x86_64-fedora-gcc 0.20.6 461.34 NOTE
r-devel-osx-x86_64-clang 0.20.6 355.99 NOTE
r-devel-windows-ix86+x86_64 0.20.6 40.00 519.00 559.00 NOTE
r-patched-linux-x86_64 0.20.6 6.81 218.38 225.19 NOTE
r-patched-solaris-sparc 0.20.6 1158.50 NOTE --no-tests --no-vignettes
r-patched-solaris-x86 0.20.6 250.60 NOTE --no-build-vignettes
r-release-linux-x86_64 0.20.6 7.21 226.43 233.64 NOTE
r-release-osx-x86_64-mavericks 0.20.6 NOTE
r-release-windows-ix86+x86_64 0.20.6 37.00 502.00 539.00 NOTE
r-oldrel-windows-ix86+x86_64 0.20.6 46.00 657.00 703.00 NOTE

Check Details

Version: 0.20.6
Check: package dependencies
Result: NOTE
    Package suggested but not available for checking: ‘RcppOctave’
Flavors: r-devel-linux-x86_64-debian-clang, r-devel-linux-x86_64-debian-gcc, r-devel-linux-x86_64-fedora-clang, r-devel-osx-x86_64-clang, r-patched-linux-x86_64, r-release-linux-x86_64

Version: 0.20.6
Check: R code for possible problems
Result: NOTE
    algorithm,NMFStrategyOctave: no visible global function definition for
     ‘fstop’
    evar,ANY: no visible binding for global variable ‘Biobase’
    nmf,matrix-numeric-NMFStrategy : run.all: no visible binding for global
     variable ‘n’
    nmf,matrix-numeric-NMFStrategy : run.all: no visible binding for global
     variable ‘RNGobj’
    rss,matrix: no visible binding for global variable ‘Biobase’
    Undefined global functions or variables:
     Biobase RNGobj fstop n
Flavors: r-devel-linux-x86_64-debian-clang, r-devel-linux-x86_64-debian-gcc, r-devel-linux-x86_64-fedora-clang, r-devel-linux-x86_64-fedora-gcc, r-devel-osx-x86_64-clang, r-devel-windows-ix86+x86_64

Version: 0.20.6
Check: Rd cross-references
Result: NOTE
    Package unavailable to check Rd xrefs: ‘RcppOctave’
Flavors: r-devel-linux-x86_64-fedora-clang, r-devel-osx-x86_64-clang, r-release-osx-x86_64-mavericks

Version: 0.20.6
Check: package dependencies
Result: NOTE
    Packages suggested but not available for checking:
     'RcppOctave' 'synchronicity'
Flavors: r-devel-windows-ix86+x86_64, r-release-windows-ix86+x86_64

Version: 0.20.6
Check: Rd cross-references
Result: NOTE
    Packages unavailable to check Rd xrefs: 'RcppOctave', 'synchronicity'
Flavors: r-devel-windows-ix86+x86_64, r-release-windows-ix86+x86_64, r-oldrel-windows-ix86+x86_64

Version: 0.20.6
Check: R code for possible problems
Result: NOTE
    algorithm,NMFStrategyOctave : .local: no visible global function
     definition for ‘fstop’
    evar,ANY : .local: no visible binding for global variable ‘Biobase’
    nmf,matrix-numeric-NMFStrategy : .local : run.all: no visible binding
     for global variable ‘n’
    nmf,matrix-numeric-NMFStrategy : .local : run.all: no visible binding
     for global variable ‘RNGobj’
    rss,matrix : .local: no visible binding for global variable ‘Biobase’
Flavors: r-patched-linux-x86_64, r-release-linux-x86_64, r-release-windows-ix86+x86_64, r-oldrel-windows-ix86+x86_64

Version: 0.20.6
Flags: --no-tests --no-vignettes
Check: package dependencies
Result: NOTE
    Packages suggested but not available for checking:
     ‘RcppOctave’ ‘synchronicity’
Flavor: r-patched-solaris-sparc

Version: 0.20.6
Flags: --no-tests --no-vignettes
Check: R code for possible problems
Result: NOTE
    algorithm,NMFStrategyOctave : .local: no visible global function
     definition for ‘fstop’
    evar,ANY : .local: no visible binding for global variable ‘Biobase’
    nmf,matrix-numeric-NMFStrategy : .local : run.all: no visible binding
     for global variable ‘n’
    nmf,matrix-numeric-NMFStrategy : .local : run.all: no visible binding
     for global variable ‘RNGobj’
    rss,matrix : .local: no visible binding for global variable ‘Biobase’
Flavor: r-patched-solaris-sparc

Version: 0.20.6
Flags: --no-tests --no-vignettes
Check: Rd cross-references
Result: NOTE
    Packages unavailable to check Rd xrefs: ‘RcppOctave’, ‘synchronicity’
Flavor: r-patched-solaris-sparc

Version: 0.20.6
Flags: --no-build-vignettes
Check: package dependencies
Result: NOTE
    Package suggested but not available for checking: ‘RcppOctave’
Flavor: r-patched-solaris-x86

Version: 0.20.6
Flags: --no-build-vignettes
Check: R code for possible problems
Result: NOTE
    algorithm,NMFStrategyOctave : .local: no visible global function
     definition for ‘fstop’
    evar,ANY : .local: no visible binding for global variable ‘Biobase’
    nmf,matrix-numeric-NMFStrategy : .local : run.all: no visible binding
     for global variable ‘n’
    nmf,matrix-numeric-NMFStrategy : .local : run.all: no visible binding
     for global variable ‘RNGobj’
    rss,matrix : .local: no visible binding for global variable ‘Biobase’
Flavor: r-patched-solaris-x86

Version: 0.20.6
Flags: --no-build-vignettes
Check: Rd cross-references
Result: NOTE
    Package unavailable to check Rd xrefs: ‘RcppOctave’
Flavor: r-patched-solaris-x86

Version: 0.20.6
Check: package dependencies
Result: NOTE
    Packages suggested but not available for checking: ‘RcppOctave’ ‘doMPI’
Flavor: r-release-osx-x86_64-mavericks

Version: 0.20.6
Check: package dependencies
Result: NOTE
    Packages suggested but not available for checking:
     'RcppOctave' 'doMPI' 'bigmemory' 'synchronicity'
Flavor: r-oldrel-windows-ix86+x86_64