CRAN Package Check Results for Package NMF

Last updated on 2015-07-07 21:46:43.

Flavor Version Tinstall Tcheck Ttotal Status Flags
r-devel-linux-x86_64-debian-clang 0.20.6 6.72 217.66 224.38 NOTE
r-devel-linux-x86_64-debian-gcc 0.20.6 6.83 212.54 219.37 NOTE
r-devel-linux-x86_64-fedora-clang 0.20.6 497.13 NOTE
r-devel-linux-x86_64-fedora-gcc 0.20.6 342.57 NOTE
r-devel-osx-x86_64-clang 0.20.6 377.39 NOTE
r-devel-windows-ix86+x86_64 0.20.6 38.00 453.00 491.00 NOTE
r-patched-linux-x86_64 0.20.6 6.87 215.87 222.74 OK
r-patched-solaris-sparc 0.20.6 1001.00 NOTE --no-tests --no-vignettes
r-patched-solaris-x86 0.20.6 243.30 NOTE --no-build-vignettes
r-release-linux-x86_64 0.20.6 7.00 215.08 222.08 OK
r-release-osx-x86_64-mavericks 0.20.6 NOTE
r-release-windows-ix86+x86_64 0.20.6 34.00 443.00 477.00 NOTE
r-oldrel-windows-ix86+x86_64 0.20.6 28.00 555.00 583.00 NOTE

Check Details

Version: 0.20.6
Check: R code for possible problems
Result: NOTE
    algorithm,NMFStrategyOctave: no visible global function definition for
     ‘fstop’
    evar,ANY: no visible binding for global variable ‘Biobase’
    nmf,matrix-numeric-NMFStrategy : run.all: no visible binding for global
     variable ‘n’
    nmf,matrix-numeric-NMFStrategy : run.all: no visible binding for global
     variable ‘RNGobj’
    rss,matrix: no visible binding for global variable ‘Biobase’
    Undefined global functions or variables:
     Biobase RNGobj fstop n
Flavors: r-devel-linux-x86_64-debian-clang, r-devel-linux-x86_64-debian-gcc, r-devel-linux-x86_64-fedora-clang, r-devel-linux-x86_64-fedora-gcc, r-devel-osx-x86_64-clang, r-devel-windows-ix86+x86_64

Version: 0.20.6
Check: package dependencies
Result: NOTE
    Package suggested but not available for checking: ‘RcppOctave’
Flavors: r-devel-linux-x86_64-fedora-clang, r-devel-osx-x86_64-clang

Version: 0.20.6
Check: Rd cross-references
Result: NOTE
    Package unavailable to check Rd xrefs: ‘RcppOctave’
Flavors: r-devel-linux-x86_64-fedora-clang, r-devel-osx-x86_64-clang, r-release-osx-x86_64-mavericks

Version: 0.20.6
Check: package dependencies
Result: NOTE
    Packages suggested but not available for checking:
     'RcppOctave' 'synchronicity'
Flavors: r-devel-windows-ix86+x86_64, r-release-windows-ix86+x86_64

Version: 0.20.6
Check: Rd cross-references
Result: NOTE
    Packages unavailable to check Rd xrefs: 'RcppOctave', 'synchronicity'
Flavors: r-devel-windows-ix86+x86_64, r-release-windows-ix86+x86_64, r-oldrel-windows-ix86+x86_64

Version: 0.20.6
Flags: --no-tests --no-vignettes
Check: package dependencies
Result: NOTE
    Packages suggested but not available for checking:
     ‘RcppOctave’ ‘synchronicity’
Flavor: r-patched-solaris-sparc

Version: 0.20.6
Flags: --no-tests --no-vignettes
Check: Rd cross-references
Result: NOTE
    Packages unavailable to check Rd xrefs: ‘RcppOctave’, ‘synchronicity’
Flavor: r-patched-solaris-sparc

Version: 0.20.6
Flags: --no-build-vignettes
Check: package dependencies
Result: NOTE
    Package suggested but not available for checking: ‘RcppOctave’
Flavor: r-patched-solaris-x86

Version: 0.20.6
Flags: --no-build-vignettes
Check: Rd cross-references
Result: NOTE
    Package unavailable to check Rd xrefs: ‘RcppOctave’
Flavor: r-patched-solaris-x86

Version: 0.20.6
Check: package dependencies
Result: NOTE
    Packages suggested but not available for checking: ‘RcppOctave’ ‘doMPI’
Flavor: r-release-osx-x86_64-mavericks

Version: 0.20.6
Check: package dependencies
Result: NOTE
    Packages suggested but not available for checking:
     'RcppOctave' 'doMPI' 'bigmemory' 'synchronicity'
Flavor: r-oldrel-windows-ix86+x86_64