CRAN Package Check Results for Package NMF

Last updated on 2014-12-21 23:47:06.

Flavor Version Tinstall Tcheck Ttotal Status Flags
r-devel-linux-x86_64-debian-clang 0.20.5 7.37 384.58 391.95 NOTE
r-devel-linux-x86_64-debian-gcc 0.20.5 7.59 366.89 374.48 NOTE
r-devel-linux-x86_64-fedora-clang 0.20.5 919.64 NOTE
r-devel-linux-x86_64-fedora-gcc 0.20.5 875.65 NOTE
r-devel-osx-x86_64-clang 0.20.5 623.97 NOTE
r-devel-windows-ix86+x86_64 0.20.5 28.00 203.00 231.00 NOTE --no-vignettes
r-patched-linux-x86_64 0.20.5 7.95 378.32 386.28 NOTE
r-patched-solaris-sparc 0.20.5 1342.20 NOTE --no-tests --no-vignettes
r-patched-solaris-x86 0.20.5 791.30 NOTE --no-build-vignettes
r-release-linux-ix86 0.20.5 9.96 522.50 532.46 NOTE
r-release-linux-x86_64 0.20.5 8.22 411.90 420.12 NOTE
r-release-osx-x86_64-mavericks 0.20.5 NOTE
r-release-osx-x86_64-snowleopard 0.20.5 NOTE
r-release-windows-ix86+x86_64 0.20.5 28.00 222.00 250.00 NOTE --no-vignettes
r-oldrel-windows-ix86+x86_64 0.20.5 28.00 219.00 247.00 NOTE --no-vignettes

Check Details

Version: 0.20.5
Check: R code for possible problems
Result: NOTE
    devnmf: no visible global function definition for ‘load_all’
    nmfReport: no visible global function definition for ‘knit2html’
    posICA: no visible binding for global variable ‘fastICA’
    posICA: no visible global function definition for ‘fastICA’
    runit.lsnmf: no visible global function definition for ‘checkTrue’
    setupLibPaths: no visible global function definition for ‘load_all’
    test.match_atrack : .check: no visible global function definition for
     ‘checkEquals’
Flavors: r-devel-linux-x86_64-debian-clang, r-devel-linux-x86_64-debian-gcc, r-devel-linux-x86_64-fedora-clang, r-devel-linux-x86_64-fedora-gcc, r-devel-osx-x86_64-clang, r-patched-linux-x86_64, r-release-linux-ix86, r-release-linux-x86_64

Version: 0.20.5
Check: package dependencies
Result: NOTE
    Package suggested but not available for checking: ‘RcppOctave’
Flavors: r-devel-linux-x86_64-fedora-clang, r-devel-osx-x86_64-clang, r-release-osx-x86_64-snowleopard

Version: 0.20.5
Check: Rd cross-references
Result: NOTE
    Package unavailable to check Rd xrefs: ‘RcppOctave’
Flavors: r-devel-linux-x86_64-fedora-clang, r-devel-osx-x86_64-clang, r-release-osx-x86_64-mavericks, r-release-osx-x86_64-snowleopard

Version: 0.20.5
Flags: --no-vignettes
Check: package dependencies
Result: NOTE
    Packages suggested but not available for checking:
     'RcppOctave' 'doMPI' 'synchronicity'
Flavor: r-devel-windows-ix86+x86_64

Version: 0.20.5
Flags: --no-vignettes
Check: R code for possible problems
Result: NOTE
    devnmf: no visible global function definition for 'load_all'
    nmfReport: no visible global function definition for 'knit2html'
    posICA: no visible binding for global variable 'fastICA'
    posICA: no visible global function definition for 'fastICA'
    runit.lsnmf: no visible global function definition for 'checkTrue'
    setupLibPaths: no visible global function definition for 'load_all'
    test.match_atrack : .check: no visible global function definition for
     'checkEquals'
Flavors: r-devel-windows-ix86+x86_64, r-release-windows-ix86+x86_64

Version: 0.20.5
Flags: --no-vignettes
Check: Rd cross-references
Result: NOTE
    Packages unavailable to check Rd xrefs: 'RcppOctave', 'synchronicity'
Flavors: r-devel-windows-ix86+x86_64, r-release-windows-ix86+x86_64, r-oldrel-windows-ix86+x86_64

Version: 0.20.5
Flags: --no-tests --no-vignettes
Check: package dependencies
Result: NOTE
    Package suggested but not available for checking: ‘RcppOctave’
Flavor: r-patched-solaris-sparc

Version: 0.20.5
Flags: --no-tests --no-vignettes
Check: R code for possible problems
Result: NOTE
    devnmf: no visible global function definition for ‘load_all’
    nmfReport: no visible global function definition for ‘knit2html’
    posICA: no visible binding for global variable ‘fastICA’
    posICA: no visible global function definition for ‘fastICA’
    runit.lsnmf: no visible global function definition for ‘checkTrue’
    setupLibPaths: no visible global function definition for ‘load_all’
    test.match_atrack : .check: no visible global function definition for
     ‘checkEquals’
Flavor: r-patched-solaris-sparc

Version: 0.20.5
Flags: --no-tests --no-vignettes
Check: Rd cross-references
Result: NOTE
    Package unavailable to check Rd xrefs: ‘RcppOctave’
Flavor: r-patched-solaris-sparc

Version: 0.20.5
Flags: --no-build-vignettes
Check: package dependencies
Result: NOTE
    Package suggested but not available for checking: ‘RcppOctave’
Flavor: r-patched-solaris-x86

Version: 0.20.5
Flags: --no-build-vignettes
Check: R code for possible problems
Result: NOTE
    devnmf: no visible global function definition for ‘load_all’
    nmfReport: no visible global function definition for ‘knit2html’
    posICA: no visible binding for global variable ‘fastICA’
    posICA: no visible global function definition for ‘fastICA’
    runit.lsnmf: no visible global function definition for ‘checkTrue’
    setupLibPaths: no visible global function definition for ‘load_all’
    test.match_atrack : .check: no visible global function definition for
     ‘checkEquals’
Flavor: r-patched-solaris-x86

Version: 0.20.5
Flags: --no-build-vignettes
Check: Rd cross-references
Result: NOTE
    Package unavailable to check Rd xrefs: ‘RcppOctave’
Flavor: r-patched-solaris-x86

Version: 0.20.5
Check: package dependencies
Result: NOTE
    Packages suggested but not available for checking: ‘RcppOctave’ ‘doMPI’
Flavor: r-release-osx-x86_64-mavericks

Version: 0.20.5
Check: re-building of vignette outputs
Result: NOTE
    Error in re-building vignettes:
     ...
    Warning: running command 'kpsewhich framed.sty' had status 1
    Warning in test_latex_pkg("framed", system.file("misc", "framed.sty", package = "knitr")) :
     unable to find LaTeX package 'framed'; will use a copy from knitr
    Error in texi2dvi(file = file, pdf = TRUE, clean = clean, quiet = quiet, :
     Running 'texi2dvi' on 'NMF-unitTests.tex' failed.
    LaTeX errors:
    ! LaTeX Error: File `vmargin.sty' not found.
    
    Type X to quit or <RETURN> to proceed,
    or enter new name. (Default extension: sty)
    
    t/NMF/vignettes/NMF-unitTests.tex:57: ==> Fatal error occurred, no output PDF
    file produced!
    Calls: buildVignettes -> texi2pdf -> texi2dvi
    Execution halted
Flavor: r-release-osx-x86_64-mavericks

Version: 0.20.5
Flags: --no-vignettes
Check: package dependencies
Result: NOTE
    Packages suggested but not available for checking:
     'RcppOctave' 'doMPI' 'bigmemory' 'synchronicity'
Flavors: r-release-windows-ix86+x86_64, r-oldrel-windows-ix86+x86_64