CRAN Package Check Results for Package NMF

Last updated on 2018-05-22 05:49:34 CEST.

Flavor Version Tinstall Tcheck Ttotal Status Flags
r-devel-linux-x86_64-debian-clang 0.21.0 18.88 106.90 125.78 OK --no-examples --no-tests --no-vignettes
r-devel-linux-x86_64-debian-gcc 0.21.0 19.72 92.64 112.36 OK --no-examples --no-tests --no-vignettes
r-devel-linux-x86_64-fedora-clang 0.21.0 597.87 OK
r-devel-linux-x86_64-fedora-gcc 0.21.0 605.73 OK
r-devel-windows-ix86+x86_64 0.21.0 38.00 526.00 564.00 NOTE
r-patched-linux-x86_64 0.21.0 17.81 112.84 130.65 OK --no-examples --no-tests --no-vignettes
r-patched-solaris-x86 0.21.0 235.90 ERROR --no-build-vignettes
r-release-linux-x86_64 0.21.0 18.28 110.91 129.19 OK --no-examples --no-tests --no-vignettes
r-release-windows-ix86+x86_64 0.21.0 56.00 494.00 550.00 NOTE
r-release-osx-x86_64 0.21.0 NOTE
r-oldrel-windows-ix86+x86_64 0.21.0 35.00 730.00 765.00 NOTE
r-oldrel-osx-x86_64 0.21.0 NOTE

Check Details

Version: 0.21.0
Check: package dependencies
Result: NOTE
    Package suggested but not available for checking: 'synchronicity'
Flavors: r-devel-windows-ix86+x86_64, r-release-windows-ix86+x86_64, r-oldrel-windows-ix86+x86_64

Version: 0.21.0
Flags: --no-build-vignettes
Check: examples
Result: ERROR
    Running examples in ‘NMF-Ex.R’ failed
    The error most likely occurred in:
    
    > ### Name: getRNG1
    > ### Title: Extracting RNG Data from NMF Objects
    > ### Aliases: .getRNG getRNG1 getRNG1-methods getRNG1,NMFfitX1-method
    > ### getRNG1,NMFfitX-method getRNG1,NMFfitXn-method .getRNG-methods
    > ### .getRNG,NMFfitXn-method
    > ### Keywords: methods
    >
    > ### ** Examples
    >
    > ## Don't show:
    > # roxygen generated flag
    > options(R_CHECK_RUNNING_EXAMPLES_=TRUE)
    > ## End(Don't show)
    >
    > # For multiple NMF runs, the RNG settings used for the first run is also stored
    > V <- rmatrix(20,10)
    > res <- nmf(V, 3, nrun=4)
    # NOTE - CRAN check detected: limiting maximum number of cores [2/16]
    Error in big.matrix(nrow = nrow(x), ncol = ncol(x), type = type, init = NULL, :
     Error: memory could not be allocated for instance of type big.matrix
    Calls: nmf ... gVariable -> <Anonymous> -> <Anonymous> -> big.matrix
    Timing stopped at: 0.021 0.035 0.061
    Execution halted
Flavor: r-patched-solaris-x86

Version: 0.21.0
Check: package dependencies
Result: NOTE
    Package suggested but not available for checking: ‘doMPI’
Flavors: r-release-osx-x86_64, r-oldrel-osx-x86_64