CRAN Package Check Results for Package NMF

Last updated on 2015-03-31 19:51:10.

Flavor Version Tinstall Tcheck Ttotal Status Flags
r-devel-linux-x86_64-debian-clang 0.20.5 6.64 348.61 355.25 NOTE
r-devel-linux-x86_64-debian-gcc 0.20.5 7.02 334.16 341.18 NOTE
r-devel-linux-x86_64-fedora-clang 0.20.5 810.50 NOTE
r-devel-linux-x86_64-fedora-gcc 0.20.5 762.55 NOTE
r-devel-osx-x86_64-clang 0.20.5 589.71 NOTE
r-prerel-windows-ix86+x86_64 0.20.5 26.00 635.00 661.00 NOTE
r-prerel-linux-x86_64 0.20.5 7.07 345.10 352.18 NOTE
r-prerel-solaris-sparc 0.20.5 1117.90 NOTE --no-tests --no-vignettes
r-prerel-solaris-x86 0.20.5 668.30 NOTE --no-build-vignettes
r-release-linux-x86_64 0.20.5 8.81 383.51 392.32 NOTE
r-release-osx-x86_64-mavericks 0.20.5 NOTE
r-release-osx-x86_64-snowleopard 0.20.5 NOTE
r-release-windows-ix86+x86_64 0.20.5 28.00 778.00 806.00 NOTE
r-oldrel-windows-ix86+x86_64 0.20.5 29.00 774.00 803.00 NOTE

Check Details

Version: 0.20.5
Check: dependencies in R code
Result: NOTE
    'library' or 'require' calls in package code:
     ‘Biobase’ ‘bigmemory’ ‘devtools’ ‘knitr’ ‘synchronicity’
     Please use :: or requireNamespace() instead.
     See section 'Suggested packages' in the 'Writing R Extensions' manual.
Flavors: r-devel-linux-x86_64-debian-clang, r-devel-linux-x86_64-debian-gcc, r-devel-linux-x86_64-fedora-clang, r-devel-linux-x86_64-fedora-gcc, r-devel-osx-x86_64-clang, r-prerel-windows-ix86+x86_64, r-prerel-linux-x86_64, r-release-linux-x86_64, r-release-windows-ix86+x86_64

Version: 0.20.5
Check: R code for possible problems
Result: NOTE
    devnmf: no visible global function definition for ‘load_all’
    nmfReport: no visible global function definition for ‘knit2html’
    posICA: no visible binding for global variable ‘fastICA’
    posICA: no visible global function definition for ‘fastICA’
    runit.lsnmf: no visible global function definition for ‘checkTrue’
    setupLibPaths: no visible global function definition for ‘load_all’
    test.match_atrack : .check: no visible global function definition for
     ‘checkEquals’
Flavors: r-devel-linux-x86_64-debian-clang, r-devel-linux-x86_64-debian-gcc, r-devel-linux-x86_64-fedora-clang, r-devel-linux-x86_64-fedora-gcc, r-devel-osx-x86_64-clang, r-prerel-windows-ix86+x86_64, r-prerel-linux-x86_64, r-release-linux-x86_64, r-release-osx-x86_64-mavericks, r-release-windows-ix86+x86_64

Version: 0.20.5
Check: package dependencies
Result: NOTE
    Package suggested but not available for checking: ‘RcppOctave’
Flavors: r-devel-linux-x86_64-fedora-clang, r-devel-osx-x86_64-clang, r-release-osx-x86_64-snowleopard

Version: 0.20.5
Check: Rd cross-references
Result: NOTE
    Package unavailable to check Rd xrefs: ‘RcppOctave’
Flavors: r-devel-linux-x86_64-fedora-clang, r-devel-osx-x86_64-clang, r-release-osx-x86_64-mavericks, r-release-osx-x86_64-snowleopard

Version: 0.20.5
Check: package dependencies
Result: NOTE
    Packages suggested but not available for checking:
     'RcppOctave' 'synchronicity'
Flavor: r-prerel-windows-ix86+x86_64

Version: 0.20.5
Check: Rd cross-references
Result: NOTE
    Packages unavailable to check Rd xrefs: 'RcppOctave', 'synchronicity'
Flavors: r-prerel-windows-ix86+x86_64, r-release-windows-ix86+x86_64, r-oldrel-windows-ix86+x86_64

Version: 0.20.5
Flags: --no-tests --no-vignettes
Check: package dependencies
Result: NOTE
    Packages suggested but not available for checking: ‘RcppOctave’ ‘bigmemory’
Flavor: r-prerel-solaris-sparc

Version: 0.20.5
Flags: --no-tests --no-vignettes
Check: dependencies in R code
Result: NOTE
    'library' or 'require' calls in package code:
     ‘Biobase’ ‘bigmemory’ ‘devtools’ ‘knitr’ ‘synchronicity’
     Please use :: or requireNamespace() instead.
     See section 'Suggested packages' in the 'Writing R Extensions' manual.
Flavor: r-prerel-solaris-sparc

Version: 0.20.5
Flags: --no-tests --no-vignettes
Check: R code for possible problems
Result: NOTE
    devnmf: no visible global function definition for ‘load_all’
    nmfReport: no visible global function definition for ‘knit2html’
    posICA: no visible binding for global variable ‘fastICA’
    posICA: no visible global function definition for ‘fastICA’
    runit.lsnmf: no visible global function definition for ‘checkTrue’
    setupLibPaths: no visible global function definition for ‘load_all’
    test.match_atrack : .check: no visible global function definition for
     ‘checkEquals’
Flavor: r-prerel-solaris-sparc

Version: 0.20.5
Flags: --no-tests --no-vignettes
Check: Rd cross-references
Result: NOTE
    Package unavailable to check Rd xrefs: ‘RcppOctave’
Flavor: r-prerel-solaris-sparc

Version: 0.20.5
Flags: --no-build-vignettes
Check: package dependencies
Result: NOTE
    Package suggested but not available for checking: ‘RcppOctave’
Flavor: r-prerel-solaris-x86

Version: 0.20.5
Flags: --no-build-vignettes
Check: dependencies in R code
Result: NOTE
    'library' or 'require' calls in package code:
     ‘Biobase’ ‘bigmemory’ ‘devtools’ ‘knitr’ ‘synchronicity’
     Please use :: or requireNamespace() instead.
     See section 'Suggested packages' in the 'Writing R Extensions' manual.
Flavor: r-prerel-solaris-x86

Version: 0.20.5
Flags: --no-build-vignettes
Check: R code for possible problems
Result: NOTE
    devnmf: no visible global function definition for ‘load_all’
    nmfReport: no visible global function definition for ‘knit2html’
    posICA: no visible binding for global variable ‘fastICA’
    posICA: no visible global function definition for ‘fastICA’
    runit.lsnmf: no visible global function definition for ‘checkTrue’
    setupLibPaths: no visible global function definition for ‘load_all’
    test.match_atrack : .check: no visible global function definition for
     ‘checkEquals’
Flavor: r-prerel-solaris-x86

Version: 0.20.5
Flags: --no-build-vignettes
Check: Rd cross-references
Result: NOTE
    Package unavailable to check Rd xrefs: ‘RcppOctave’
Flavor: r-prerel-solaris-x86

Version: 0.20.5
Check: package dependencies
Result: NOTE
    Packages suggested but not available for checking: ‘RcppOctave’ ‘doMPI’
Flavor: r-release-osx-x86_64-mavericks

Version: 0.20.5
Check: package dependencies
Result: NOTE
    Packages suggested but not available for checking:
     'RcppOctave' 'doMPI' 'bigmemory' 'synchronicity'
Flavors: r-release-windows-ix86+x86_64, r-oldrel-windows-ix86+x86_64