CRAN Package Check Results for Package NMF

Last updated on 2017-01-18 10:48:43.

Flavor Version Tinstall Tcheck Ttotal Status Flags
r-devel-linux-x86_64-debian-clang 0.20.6 8.71 310.97 319.68 NOTE
r-devel-linux-x86_64-debian-gcc 0.20.6 8.02 315.93 323.95 NOTE
r-devel-linux-x86_64-fedora-clang 0.20.6 674.04 NOTE --no-stop-on-test-error
r-devel-linux-x86_64-fedora-gcc 0.20.6 685.16 NOTE --no-stop-on-test-error
r-devel-macos-x86_64-clang 0.20.6 560.67 NOTE --no-stop-on-test-error
r-devel-windows-ix86+x86_64 0.20.6 32.00 534.00 566.00 NOTE
r-patched-linux-x86_64 0.20.6 6.83 301.62 308.45 NOTE
r-patched-solaris-sparc 0.20.6 1078.20 NOTE --no-tests --no-vignettes
r-patched-solaris-x86 0.20.6 220.00 NOTE --no-build-vignettes
r-release-linux-x86_64 0.20.6 6.89 298.52 305.41 NOTE
r-release-osx-x86_64-mavericks 0.20.6 NOTE
r-release-windows-ix86+x86_64 0.20.6 20.00 476.00 496.00 NOTE
r-oldrel-windows-ix86+x86_64 0.20.6 26.00 514.00 540.00 NOTE

Check Details

Version: 0.20.6
Check: R code for possible problems
Result: NOTE
    algorithm,NMFStrategyOctave: no visible global function definition for
     ‘fstop’
    evar,ANY: no visible binding for global variable ‘Biobase’
    nmf,matrix-numeric-NMFStrategy : run.all: no visible binding for global
     variable ‘n’
    nmf,matrix-numeric-NMFStrategy : run.all: no visible binding for global
     variable ‘RNGobj’
    rss,matrix: no visible binding for global variable ‘Biobase’
    Undefined global functions or variables:
     Biobase RNGobj fstop n
Flavors: r-devel-linux-x86_64-debian-clang, r-devel-linux-x86_64-debian-gcc, r-devel-windows-ix86+x86_64, r-patched-linux-x86_64, r-release-linux-x86_64, r-release-osx-x86_64-mavericks, r-release-windows-ix86+x86_64

Version: 0.20.6
Flags: --no-stop-on-test-error
Check: package dependencies
Result: NOTE
    Package suggested but not available for checking: ‘RcppOctave’
Flavors: r-devel-linux-x86_64-fedora-clang, r-devel-macos-x86_64-clang

Version: 0.20.6
Flags: --no-stop-on-test-error
Check: R code for possible problems
Result: NOTE
    algorithm,NMFStrategyOctave: no visible global function definition for
     ‘fstop’
    evar,ANY: no visible binding for global variable ‘Biobase’
    nmf,matrix-numeric-NMFStrategy : run.all: no visible binding for global
     variable ‘n’
    nmf,matrix-numeric-NMFStrategy : run.all: no visible binding for global
     variable ‘RNGobj’
    rss,matrix: no visible binding for global variable ‘Biobase’
    Undefined global functions or variables:
     Biobase RNGobj fstop n
Flavors: r-devel-linux-x86_64-fedora-clang, r-devel-linux-x86_64-fedora-gcc, r-devel-macos-x86_64-clang

Version: 0.20.6
Flags: --no-stop-on-test-error
Check: Rd cross-references
Result: NOTE
    Package unavailable to check Rd xrefs: ‘RcppOctave’
Flavors: r-devel-linux-x86_64-fedora-clang, r-devel-macos-x86_64-clang

Version: 0.20.6
Check: package dependencies
Result: NOTE
    Package suggested but not available for checking: 'synchronicity'
Flavors: r-devel-windows-ix86+x86_64, r-release-windows-ix86+x86_64, r-oldrel-windows-ix86+x86_64

Version: 0.20.6
Check: Rd cross-references
Result: NOTE
    Package unavailable to check Rd xrefs: 'synchronicity'
Flavors: r-devel-windows-ix86+x86_64, r-release-windows-ix86+x86_64, r-oldrel-windows-ix86+x86_64

Version: 0.20.6
Flags: --no-tests --no-vignettes
Check: package dependencies
Result: NOTE
    Package suggested but not available for checking: ‘RcppOctave’
Flavor: r-patched-solaris-sparc

Version: 0.20.6
Flags: --no-tests --no-vignettes
Check: R code for possible problems
Result: NOTE
    algorithm,NMFStrategyOctave: no visible global function definition for
     ‘fstop’
    evar,ANY: no visible binding for global variable ‘Biobase’
    nmf,matrix-numeric-NMFStrategy : run.all: no visible binding for global
     variable ‘n’
    nmf,matrix-numeric-NMFStrategy : run.all: no visible binding for global
     variable ‘RNGobj’
    rss,matrix: no visible binding for global variable ‘Biobase’
    Undefined global functions or variables:
     Biobase RNGobj fstop n
Flavor: r-patched-solaris-sparc

Version: 0.20.6
Flags: --no-tests --no-vignettes
Check: Rd cross-references
Result: NOTE
    Package unavailable to check Rd xrefs: ‘RcppOctave’
Flavor: r-patched-solaris-sparc

Version: 0.20.6
Flags: --no-build-vignettes
Check: package dependencies
Result: NOTE
    Package suggested but not available for checking: ‘RcppOctave’
Flavor: r-patched-solaris-x86

Version: 0.20.6
Flags: --no-build-vignettes
Check: R code for possible problems
Result: NOTE
    algorithm,NMFStrategyOctave: no visible global function definition for
     ‘fstop’
    evar,ANY: no visible binding for global variable ‘Biobase’
    nmf,matrix-numeric-NMFStrategy : run.all: no visible binding for global
     variable ‘n’
    nmf,matrix-numeric-NMFStrategy : run.all: no visible binding for global
     variable ‘RNGobj’
    rss,matrix: no visible binding for global variable ‘Biobase’
    Undefined global functions or variables:
     Biobase RNGobj fstop n
Flavor: r-patched-solaris-x86

Version: 0.20.6
Flags: --no-build-vignettes
Check: Rd cross-references
Result: NOTE
    Package unavailable to check Rd xrefs: ‘RcppOctave’
Flavor: r-patched-solaris-x86

Version: 0.20.6
Check: package dependencies
Result: NOTE
    Packages suggested but not available for checking: ‘RcppOctave’ ‘doMPI’
Flavor: r-release-osx-x86_64-mavericks

Version: 0.20.6
Check: Rd cross-references
Result: NOTE
    Package unavailable to check Rd xrefs: ‘RcppOctave’
Flavor: r-release-osx-x86_64-mavericks

Version: 0.20.6
Check: R code for possible problems
Result: NOTE
    algorithm,NMFStrategyOctave : .local: no visible global function
     definition for 'fstop'
    evar,ANY : .local: no visible binding for global variable 'Biobase'
    nmf,matrix-numeric-NMFStrategy : .local : run.all: no visible binding
     for global variable 'n'
    nmf,matrix-numeric-NMFStrategy : .local : run.all: no visible binding
     for global variable 'RNGobj'
    rss,matrix : .local: no visible binding for global variable 'Biobase'
Flavor: r-oldrel-windows-ix86+x86_64