CRAN Package Check Results for Package NMF

Last updated on 2015-01-30 03:49:08.

Flavor Version Tinstall Tcheck Ttotal Status Flags
r-devel-linux-x86_64-debian-clang 0.20.5 6.65 357.48 364.14 NOTE
r-devel-linux-x86_64-debian-gcc 0.20.5 6.66 349.37 356.03 NOTE
r-devel-linux-x86_64-fedora-clang 0.20.5 884.96 NOTE
r-devel-linux-x86_64-fedora-gcc 0.20.5 797.44 NOTE
r-devel-osx-x86_64-clang 0.20.5 614.67 NOTE
r-devel-windows-ix86+x86_64 0.20.5 38.00 647.00 685.00 NOTE
r-patched-linux-x86_64 0.20.5 8.03 383.68 391.71 NOTE
r-patched-solaris-sparc 0.20.5 1209.70 NOTE --no-tests --no-vignettes
r-patched-solaris-x86 0.20.5 752.30 NOTE --no-build-vignettes
r-release-linux-ix86 0.20.5 9.58 3.24 12.81 OK
r-release-linux-x86_64 0.20.5 7.83 412.84 420.67 NOTE
r-release-osx-x86_64-mavericks 0.20.5 NOTE
r-release-osx-x86_64-snowleopard 0.20.5 NOTE
r-release-windows-ix86+x86_64 0.20.5 30.00 788.00 818.00 NOTE
r-oldrel-windows-ix86+x86_64 0.20.5 29.00 766.00 795.00 NOTE

Check Details

Version: 0.20.5
Check: dependencies in R code
Result: NOTE
    'library' or 'require' calls in package code:
     ‘Biobase’ ‘bigmemory’ ‘devtools’ ‘knitr’ ‘synchronicity’
     Please use :: or requireNamespace() instead.
     See section 'Suggested packages' in the 'Writing R Extensions' manual.
Flavors: r-devel-linux-x86_64-debian-clang, r-devel-linux-x86_64-debian-gcc, r-devel-linux-x86_64-fedora-clang, r-devel-linux-x86_64-fedora-gcc, r-devel-osx-x86_64-clang, r-devel-windows-ix86+x86_64

Version: 0.20.5
Check: R code for possible problems
Result: NOTE
    devnmf: no visible global function definition for ‘load_all’
    nmfReport: no visible global function definition for ‘knit2html’
    posICA: no visible binding for global variable ‘fastICA’
    posICA: no visible global function definition for ‘fastICA’
    runit.lsnmf: no visible global function definition for ‘checkTrue’
    setupLibPaths: no visible global function definition for ‘load_all’
    test.match_atrack : .check: no visible global function definition for
     ‘checkEquals’
Flavors: r-devel-linux-x86_64-debian-clang, r-devel-linux-x86_64-debian-gcc, r-devel-linux-x86_64-fedora-clang, r-devel-linux-x86_64-fedora-gcc, r-devel-osx-x86_64-clang, r-devel-windows-ix86+x86_64, r-patched-linux-x86_64, r-release-linux-x86_64, r-release-osx-x86_64-mavericks, r-release-windows-ix86+x86_64

Version: 0.20.5
Check: package dependencies
Result: NOTE
    Package suggested but not available for checking: ‘RcppOctave’
Flavors: r-devel-linux-x86_64-fedora-clang, r-devel-osx-x86_64-clang, r-release-osx-x86_64-snowleopard

Version: 0.20.5
Check: Rd cross-references
Result: NOTE
    Package unavailable to check Rd xrefs: ‘RcppOctave’
Flavors: r-devel-linux-x86_64-fedora-clang, r-devel-osx-x86_64-clang, r-release-osx-x86_64-mavericks, r-release-osx-x86_64-snowleopard

Version: 0.20.5
Check: package dependencies
Result: NOTE
    Packages suggested but not available for checking:
     'RcppOctave' 'doMPI' 'synchronicity'
Flavor: r-devel-windows-ix86+x86_64

Version: 0.20.5
Check: Rd cross-references
Result: NOTE
    Packages unavailable to check Rd xrefs: 'RcppOctave', 'synchronicity'
Flavors: r-devel-windows-ix86+x86_64, r-release-windows-ix86+x86_64, r-oldrel-windows-ix86+x86_64

Version: 0.20.5
Flags: --no-tests --no-vignettes
Check: package dependencies
Result: NOTE
    Packages suggested but not available for checking: ‘RcppOctave’ ‘bigmemory’
Flavor: r-patched-solaris-sparc

Version: 0.20.5
Flags: --no-tests --no-vignettes
Check: R code for possible problems
Result: NOTE
    devnmf: no visible global function definition for ‘load_all’
    nmfReport: no visible global function definition for ‘knit2html’
    posICA: no visible binding for global variable ‘fastICA’
    posICA: no visible global function definition for ‘fastICA’
    runit.lsnmf: no visible global function definition for ‘checkTrue’
    setupLibPaths: no visible global function definition for ‘load_all’
    test.match_atrack : .check: no visible global function definition for
     ‘checkEquals’
Flavor: r-patched-solaris-sparc

Version: 0.20.5
Flags: --no-tests --no-vignettes
Check: Rd cross-references
Result: NOTE
    Package unavailable to check Rd xrefs: ‘RcppOctave’
Flavor: r-patched-solaris-sparc

Version: 0.20.5
Flags: --no-build-vignettes
Check: package dependencies
Result: NOTE
    Package suggested but not available for checking: ‘RcppOctave’
Flavor: r-patched-solaris-x86

Version: 0.20.5
Flags: --no-build-vignettes
Check: R code for possible problems
Result: NOTE
    devnmf: no visible global function definition for ‘load_all’
    nmfReport: no visible global function definition for ‘knit2html’
    posICA: no visible binding for global variable ‘fastICA’
    posICA: no visible global function definition for ‘fastICA’
    runit.lsnmf: no visible global function definition for ‘checkTrue’
    setupLibPaths: no visible global function definition for ‘load_all’
    test.match_atrack : .check: no visible global function definition for
     ‘checkEquals’
Flavor: r-patched-solaris-x86

Version: 0.20.5
Flags: --no-build-vignettes
Check: Rd cross-references
Result: NOTE
    Package unavailable to check Rd xrefs: ‘RcppOctave’
Flavor: r-patched-solaris-x86

Version: 0.20.5
Check: package dependencies
Result: NOTE
    Packages suggested but not available for checking: ‘RcppOctave’ ‘doMPI’
Flavor: r-release-osx-x86_64-mavericks

Version: 0.20.5
Check: package dependencies
Result: NOTE
    Packages suggested but not available for checking:
     'RcppOctave' 'doMPI' 'bigmemory' 'synchronicity'
Flavors: r-release-windows-ix86+x86_64, r-oldrel-windows-ix86+x86_64