CRAN Package Check Results for Package NMFN

Last updated on 2019-03-23 17:48:07 CET.

Flavor Version Tinstall Tcheck Ttotal Status Flags
r-devel-linux-x86_64-debian-clang 2.0 1.76 18.41 20.17 NOTE
r-devel-linux-x86_64-debian-gcc 2.0 1.32 15.06 16.38 NOTE
r-devel-linux-x86_64-fedora-clang 2.0 24.36 NOTE
r-devel-linux-x86_64-fedora-gcc 2.0 22.79 NOTE
r-devel-windows-ix86+x86_64 2.0 7.00 41.00 48.00 NOTE
r-patched-linux-x86_64 2.0 0.86 17.16 18.02 NOTE
r-patched-solaris-x86 2.0 33.70 NOTE
r-release-linux-x86_64 2.0 0.21 1.71 1.92 ERROR
r-release-windows-ix86+x86_64 2.0 3.00 25.00 28.00 NOTE
r-release-osx-x86_64 2.0 NOTE
r-oldrel-windows-ix86+x86_64 2.0 2.00 29.00 31.00 NOTE
r-oldrel-osx-x86_64 2.0 NOTE

Check Details

Version: 2.0
Check: DESCRIPTION meta-information
Result: NOTE
    Malformed Description field: should contain one or more complete sentences.
Flavors: r-devel-linux-x86_64-debian-clang, r-devel-linux-x86_64-debian-gcc, r-devel-linux-x86_64-fedora-clang, r-devel-linux-x86_64-fedora-gcc, r-devel-windows-ix86+x86_64, r-patched-linux-x86_64, r-patched-solaris-x86, r-release-windows-ix86+x86_64, r-release-osx-x86_64, r-oldrel-windows-ix86+x86_64, r-oldrel-osx-x86_64

Version: 2.0
Check: R code for possible problems
Result: NOTE
    nnmf_als: no visible global function definition for 'rnorm'
    nnmf_mm: no visible global function definition for 'rnorm'
    nnmf_prob: no visible global function definition for 'rnorm'
    Undefined global functions or variables:
     rnorm
    Consider adding
     importFrom("stats", "rnorm")
    to your NAMESPACE file.
Flavors: r-devel-linux-x86_64-debian-clang, r-devel-linux-x86_64-debian-gcc, r-devel-linux-x86_64-fedora-clang, r-devel-linux-x86_64-fedora-gcc, r-devel-windows-ix86+x86_64, r-patched-linux-x86_64, r-patched-solaris-x86, r-release-windows-ix86+x86_64, r-release-osx-x86_64, r-oldrel-windows-ix86+x86_64, r-oldrel-osx-x86_64

Version: 2.0
Check: whether package can be installed
Result: ERROR
    Installation failed.
Flavor: r-release-linux-x86_64