CRAN Package Check Results for Package NMFN

Last updated on 2019-05-26 16:48:32 CEST.

Flavor Version Tinstall Tcheck Ttotal Status Flags
r-devel-linux-x86_64-debian-clang 2.0 1.48 18.59 20.07 NOTE
r-devel-linux-x86_64-debian-gcc 2.0 1.42 15.00 16.42 NOTE
r-devel-linux-x86_64-fedora-clang 2.0 24.48 NOTE
r-devel-linux-x86_64-fedora-gcc 2.0 22.91 NOTE
r-devel-windows-ix86+x86_64 2.0 10.00 40.00 50.00 NOTE
r-patched-linux-x86_64 2.0 NOTE
r-patched-solaris-x86 2.0 39.00 NOTE
r-release-linux-x86_64 2.0 1.49 18.57 20.06 NOTE
r-release-windows-ix86+x86_64 2.0 5.00 37.00 42.00 NOTE
r-release-osx-x86_64 2.0 NOTE
r-oldrel-windows-ix86+x86_64 2.0 3.00 25.00 28.00 NOTE
r-oldrel-osx-x86_64 2.0 NOTE

Check Details

Version: 2.0
Check: DESCRIPTION meta-information
Result: NOTE
    Malformed Description field: should contain one or more complete sentences.
Flavors: r-devel-linux-x86_64-debian-clang, r-devel-linux-x86_64-debian-gcc, r-devel-linux-x86_64-fedora-clang, r-devel-linux-x86_64-fedora-gcc, r-devel-windows-ix86+x86_64, r-patched-linux-x86_64, r-patched-solaris-x86, r-release-linux-x86_64, r-release-windows-ix86+x86_64, r-release-osx-x86_64, r-oldrel-windows-ix86+x86_64, r-oldrel-osx-x86_64

Version: 2.0
Check: R code for possible problems
Result: NOTE
    nnmf_als: no visible global function definition for 'rnorm'
    nnmf_mm: no visible global function definition for 'rnorm'
    nnmf_prob: no visible global function definition for 'rnorm'
    Undefined global functions or variables:
     rnorm
    Consider adding
     importFrom("stats", "rnorm")
    to your NAMESPACE file.
Flavors: r-devel-linux-x86_64-debian-clang, r-devel-linux-x86_64-debian-gcc, r-devel-linux-x86_64-fedora-clang, r-devel-linux-x86_64-fedora-gcc, r-devel-windows-ix86+x86_64, r-patched-linux-x86_64, r-patched-solaris-x86, r-release-linux-x86_64, r-release-windows-ix86+x86_64, r-release-osx-x86_64, r-oldrel-windows-ix86+x86_64, r-oldrel-osx-x86_64