CRAN Package Check Results for Package NMOF

Last updated on 2017-05-23 08:49:09.

Flavor Version Tinstall Tcheck Ttotal Status Flags
r-devel-linux-x86_64-debian-clang 0.40-0 1.32 72.83 74.15 OK
r-devel-linux-x86_64-debian-gcc 0.40-0 1.36 69.70 71.06 OK
r-devel-linux-x86_64-fedora-clang 0.40-0 132.86 OK --no-stop-on-test-error
r-devel-linux-x86_64-fedora-gcc 0.40-0 136.36 OK --no-stop-on-test-error
r-devel-windows-ix86+x86_64 0.40-0 8.00 165.00 173.00 OK
r-patched-linux-x86_64 0.40-0 1.36 68.66 70.01 OK
r-patched-solaris-sparc 0.40-0 941.50 OK
r-patched-solaris-x86 0.40-0 164.80 OK
r-release-linux-x86_64 0.40-0 1.34 68.55 69.89 OK
r-release-windows-ix86+x86_64 0.40-0 4.00 201.00 205.00 OK
r-release-osx-x86_64 0.40-0 NOTE
r-oldrel-windows-ix86+x86_64 0.40-0 6.00 194.00 200.00 OK
r-oldrel-osx-x86_64 0.40-0 OK

Check Details

Version: 0.40-0
Check: re-building of vignette outputs
Result: NOTE
    Error in re-building vignettes:
     ...
    Loading required package: NMOF
    found several files...
    Error in texi2dvi(file = file, pdf = TRUE, clean = clean, quiet = quiet, :
     Running 'texi2dvi' on 'DEnss.tex' failed.
    LaTeX errors:
    ! LaTeX Error: File `framed.sty' not found.
    
    Type X to quit or <RETURN> to proceed,
    or enter new name. (Default extension: sty)
    
    ! Emergency stop.
    <read *>
    
    l.15 \usepackage
     {url}^^M
    ! ==> Fatal error occurred, no output PDF file produced!
    Calls: buildVignettes -> texi2pdf -> texi2dvi
    Execution halted
Flavor: r-release-osx-x86_64