CRAN Package Check Results for Package NMOF

Last updated on 2015-09-01 05:48:25.

Flavor Version Tinstall Tcheck Ttotal Status Flags
r-devel-linux-x86_64-debian-clang 0.34-2 1.18 83.19 84.37 NOTE
r-devel-linux-x86_64-debian-gcc 0.34-2 1.35 83.75 85.10 NOTE
r-devel-linux-x86_64-fedora-clang 0.34-2 166.24 NOTE
r-devel-linux-x86_64-fedora-gcc 0.34-2 165.59 NOTE
r-devel-osx-x86_64-clang 0.34-2 149.10 OK
r-devel-windows-ix86+x86_64 0.34-2 8.00 197.00 205.00 NOTE
r-patched-linux-x86_64 0.34-2 1.21 86.57 87.78 OK
r-patched-solaris-sparc 0.34-2 1226.80 OK
r-patched-solaris-x86 0.34-2 209.20 OK
r-release-linux-x86_64 0.34-2 1.23 87.72 88.96 OK
r-release-osx-x86_64-mavericks 0.34-2 OK
r-release-windows-ix86+x86_64 0.34-2 9.00 142.00 151.00 OK
r-oldrel-windows-ix86+x86_64 0.34-2 9.00 150.00 159.00 OK

Check Details

Version: 0.34-2
Check: R code for possible problems
Result: NOTE
    DEopt: no visible global function definition for ‘txtProgressBar’
    DEopt: no visible global function definition for ‘setTxtProgressBar’
    DEopt: no visible global function definition for ‘runif’
    DEopt: no visible global function definition for ‘flush.console’
    DEopt: no visible global function definition for ‘sd’
    GAopt : crossOver: no visible global function definition for ‘runif’
    GAopt: no visible global function definition for ‘txtProgressBar’
    GAopt: no visible global function definition for ‘setTxtProgressBar’
    GAopt: no visible global function definition for ‘runif’
    GAopt: no visible global function definition for ‘flush.console’
    GAopt: no visible global function definition for ‘sd’
    LSopt: no visible global function definition for ‘txtProgressBar’
    LSopt: no visible global function definition for ‘flush.console’
    LSopt: no visible global function definition for ‘setTxtProgressBar’
    PSopt: no visible global function definition for ‘txtProgressBar’
    PSopt: no visible global function definition for ‘setTxtProgressBar’
    PSopt: no visible global function definition for ‘runif’
    PSopt: no visible global function definition for ‘flush.console’
    PSopt: no visible global function definition for ‘sd’
    TAopt: no visible global function definition for ‘flush.console’
    TAopt: no visible global function definition for ‘txtProgressBar’
    TAopt: no visible global function definition for ‘setTxtProgressBar’
    TAopt: no visible global function definition for ‘quantile’
    callCF: no visible global function definition for ‘integrate’
    callCF : diffPrice: no visible global function definition for ‘pnorm’
    callCF: no visible global function definition for ‘uniroot’
    callHestoncf: no visible global function definition for ‘integrate’
    callHestoncf : diffPrice: no visible global function definition for
     ‘pnorm’
    callHestoncf: no visible global function definition for ‘uniroot’
    callMerton : callBSM: no visible global function definition for ‘pnorm’
    callMerton : diffPrice: no visible global function definition for
     ‘pnorm’
    callMerton: no visible global function definition for ‘uniroot’
    gbm: no visible global function definition for ‘rnorm’
    long.only: no visible global function definition for ‘runif’
    long.only.k: no visible global function definition for ‘runif’
    long.short: no visible global function definition for ‘runif’
    mRN: no visible global function definition for ‘rnorm’
    mRU: no visible global function definition for ‘runif’
    plot.TAopt: no visible global function definition for ‘plot’
    plot.TAopt: no visible global function definition for ‘dev.new’
    qTable: no visible binding for global variable ‘median’
    qTable: no visible binding for global variable ‘quantile’
    resampleC: no visible global function definition for ‘rnorm’
    resampleC: no visible global function definition for ‘pnorm’
    vanillaOptionEuropean: no visible global function definition for
     ‘pnorm’
    vanillaOptionEuropean: no visible global function definition for
     ‘dnorm’
    vanillaOptionEuropean: no visible global function definition for
     ‘integrate’
    vanillaOptionImpliedVol: no visible global function definition for
     ‘uniroot’
    Undefined global functions or variables:
     dev.new dnorm flush.console integrate median plot pnorm quantile
     rnorm runif sd setTxtProgressBar txtProgressBar uniroot
    Consider adding
     importFrom("grDevices", "dev.new")
     importFrom("graphics", "plot")
     importFrom("stats", "dnorm", "integrate", "median", "pnorm",
     "quantile", "rnorm", "runif", "sd", "uniroot")
     importFrom("utils", "flush.console", "setTxtProgressBar",
     "txtProgressBar")
    to your NAMESPACE.
Flavors: r-devel-linux-x86_64-debian-clang, r-devel-linux-x86_64-debian-gcc, r-devel-linux-x86_64-fedora-clang, r-devel-linux-x86_64-fedora-gcc, r-devel-windows-ix86+x86_64