CRAN Package Check Results for Package NMOF

Last updated on 2014-09-03 05:47:47.

Flavor Version Tinstall Tcheck Ttotal Status Flags
r-devel-linux-x86_64-debian-clang 0.28-2 1.25 88.22 89.47 NOTE
r-devel-linux-x86_64-debian-gcc 0.28-2 1.20 85.80 87.00 NOTE
r-devel-linux-x86_64-fedora-clang 0.28-2 187.22 NOTE
r-devel-linux-x86_64-fedora-gcc 0.28-2 181.13 NOTE
r-devel-osx-x86_64-clang 0.28-2 163.03 NOTE
r-devel-windows-ix86+x86_64 0.28-2 5.00 137.00 142.00 NOTE
r-patched-linux-x86_64 0.28-2 1.26 90.73 91.98 OK
r-patched-solaris-sparc 0.28-2 1254.50 OK
r-patched-solaris-x86 0.28-2 216.90 OK
r-release-linux-ix86 0.28-2 1.85 127.60 129.46 OK
r-release-linux-x86_64 0.28-2 1.27 90.34 91.61 OK
r-release-osx-x86_64-mavericks 0.28-2 NOTE
r-release-windows-ix86+x86_64 0.28-2 5.00 144.00 149.00 OK
r-oldrel-windows-ix86+x86_64 0.28-2 6.00 149.00 155.00 OK

Check Details

Version: 0.28-2
Check: R code for possible problems
Result: NOTE
    GAopt: no visible global function definition for ‘makeCluster’
    GAopt: no visible global function definition for ‘stopCluster’
    GAopt: no visible global function definition for ‘clusterApply’
    GAopt: no visible global function definition for ‘mclapply’
    bracketing: no visible global function definition for ‘mclapply’
    bracketing: no visible global function definition for ‘makeCluster’
    bracketing: no visible global function definition for ‘stopCluster’
    bracketing: no visible global function definition for ‘clusterApply’
    gridSearch: no visible global function definition for ‘mclapply’
    gridSearch: no visible global function definition for ‘makeCluster’
    gridSearch: no visible global function definition for ‘stopCluster’
    gridSearch: no visible global function definition for ‘clusterApply’
    restartOpt: no visible global function definition for ‘mclapply’
    restartOpt: no visible global function definition for ‘makeCluster’
    restartOpt: no visible global function definition for ‘stopCluster’
    restartOpt: no visible global function definition for ‘clusterApply’
Flavors: r-devel-linux-x86_64-debian-clang, r-devel-linux-x86_64-debian-gcc, r-devel-linux-x86_64-fedora-clang, r-devel-linux-x86_64-fedora-gcc, r-devel-osx-x86_64-clang, r-devel-windows-ix86+x86_64

Version: 0.28-2
Check: re-building of vignette outputs
Result: NOTE
    Error in re-building vignettes:
     ...
    Loading required package: NMOF
    Error in texi2dvi(file = file, pdf = TRUE, clean = clean, quiet = quiet, :
     Running 'texi2dvi' on 'DEnss.tex' failed.
    LaTeX errors:
    ! LaTeX Error: File `framed.sty' not found.
    
    Type X to quit or <RETURN> to proceed,
    or enter new name. (Default extension: sty)
    
    st/NMOF/vignettes/DEnss.tex:12: ==> Fatal error occurred, no output PDF file p
    roduced!
    Calls: buildVignettes -> texi2pdf -> texi2dvi
    Execution halted
Flavor: r-release-osx-x86_64-mavericks