CRAN Package Check Results for Package NMOF

Last updated on 2014-11-23 19:47:51.

Flavor Version Tinstall Tcheck Ttotal Status Flags
r-devel-linux-x86_64-debian-clang 0.34-0 1.33 88.68 90.00 OK
r-devel-linux-x86_64-debian-gcc 0.34-0 1.30 89.16 90.46 OK
r-devel-linux-x86_64-fedora-clang 0.34-0 182.14 OK
r-devel-linux-x86_64-fedora-gcc 0.34-0 174.69 OK
r-devel-osx-x86_64-clang 0.34-0 174.80 OK
r-devel-windows-ix86+x86_64 0.34-0 6.00 137.00 143.00 OK
r-patched-linux-x86_64 0.34-0 1.44 90.76 92.20 OK
r-patched-solaris-sparc 0.34-0 1117.40 OK
r-patched-solaris-x86 0.34-0 209.00 OK
r-release-linux-ix86 0.34-0 2.06 119.42 121.48 OK
r-release-linux-x86_64 0.34-0 1.30 88.63 89.93 OK
r-release-osx-x86_64-mavericks 0.34-0 NOTE
r-release-osx-x86_64-snowleopard 0.34-0 OK
r-release-windows-ix86+x86_64 0.34-0 4.00 147.00 151.00 OK
r-oldrel-windows-ix86+x86_64 0.34-0 4.00 141.00 145.00 OK

Check Details

Version: 0.34-0
Check: re-building of vignette outputs
Result: NOTE
    Error in re-building vignettes:
     ...
    Loading required package: NMOF
    found several files...
    Error in texi2dvi(file = file, pdf = TRUE, clean = clean, quiet = quiet, :
     Running 'texi2dvi' on 'DEnss.tex' failed.
    LaTeX errors:
    ! LaTeX Error: File `framed.sty' not found.
    
    Type X to quit or <RETURN> to proceed,
    or enter new name. (Default extension: sty)
    
    st/NMOF/vignettes/DEnss.tex:12: ==> Fatal error occurred, no output PDF file p
    roduced!
    Calls: buildVignettes -> texi2pdf -> texi2dvi
    Execution halted
Flavor: r-release-osx-x86_64-mavericks