CRAN Package Check Results for Package NMOF

Last updated on 2014-12-18 21:47:14.

Flavor Version Tinstall Tcheck Ttotal Status Flags
r-devel-linux-x86_64-debian-clang 0.34-0 1.63 90.49 92.12 OK
r-devel-linux-x86_64-debian-gcc 0.34-0 1.33 88.65 89.98 OK
r-devel-linux-x86_64-fedora-clang 0.34-0 179.87 OK
r-devel-linux-x86_64-fedora-gcc 0.34-0 171.74 OK
r-devel-osx-x86_64-clang 0.34-0 174.66 OK
r-devel-windows-ix86+x86_64 0.34-0 9.00 140.00 149.00 OK
r-patched-linux-x86_64 0.34-0 2.08 89.41 91.49 OK
r-patched-solaris-sparc 0.34-0 1117.40 OK
r-patched-solaris-x86 0.34-0 208.60 OK
r-release-linux-ix86 0.34-0 1.95 118.41 120.36 OK
r-release-linux-x86_64 0.34-0 1.33 90.81 92.14 OK
r-release-osx-x86_64-mavericks 0.34-0 NOTE
r-release-osx-x86_64-snowleopard 0.34-0 OK
r-release-windows-ix86+x86_64 0.34-0 6.00 144.00 150.00 OK
r-oldrel-windows-ix86+x86_64 0.34-0 5.00 145.00 150.00 OK

Check Details

Version: 0.34-0
Check: re-building of vignette outputs
Result: NOTE
    Error in re-building vignettes:
     ...
    Loading required package: NMOF
    found several files...
    Error in texi2dvi(file = file, pdf = TRUE, clean = clean, quiet = quiet, :
     Running 'texi2dvi' on 'DEnss.tex' failed.
    LaTeX errors:
    ! LaTeX Error: File `framed.sty' not found.
    
    Type X to quit or <RETURN> to proceed,
    or enter new name. (Default extension: sty)
    
    st/NMOF/vignettes/DEnss.tex:12: ==> Fatal error occurred, no output PDF file p
    roduced!
    Calls: buildVignettes -> texi2pdf -> texi2dvi
    Execution halted
Flavor: r-release-osx-x86_64-mavericks