CRAN Package Check Results for Package NMOF

Last updated on 2014-07-24 11:53:26.

Flavor Version Tinstall Tcheck Ttotal Status Flags
r-devel-linux-x86_64-debian-clang 0.28-2 1.32 90.29 91.62 OK
r-devel-linux-x86_64-debian-gcc 0.28-2 1.24 88.50 89.74 OK
r-devel-linux-x86_64-fedora-clang 0.28-2 189.33 OK
r-devel-linux-x86_64-fedora-gcc 0.28-2 181.08 OK
r-devel-osx-x86_64-clang 0.28-2 165.68 OK
r-devel-windows-ix86+x86_64 0.28-2 4.00 135.00 139.00 OK
r-patched-linux-x86_64 0.28-2 1.92 89.34 91.27 OK
r-patched-solaris-sparc 0.28-2 1244.70 OK
r-patched-solaris-x86 0.28-2 219.00 OK
r-release-linux-ix86 0.28-2 1.80 133.31 135.11 OK
r-release-linux-x86_64 0.28-2 1.37 88.51 89.88 OK
r-release-osx-x86_64-mavericks 0.28-2 NOTE
r-release-windows-ix86+x86_64 0.28-2 4.00 140.00 144.00 OK
r-oldrel-windows-ix86+x86_64 0.28-2 5.00 140.00 145.00 OK

Check Details

Version: 0.28-2
Check: re-building of vignette outputs
Result: NOTE
    Error in re-building vignettes:
     ...
    Loading required package: NMOF
    Error in texi2dvi(file = file, pdf = TRUE, clean = clean, quiet = quiet, :
     Running 'texi2dvi' on 'DEnss.tex' failed.
    LaTeX errors:
    ! LaTeX Error: File `framed.sty' not found.
    
    Type X to quit or <RETURN> to proceed,
    or enter new name. (Default extension: sty)
    
    st/NMOF/vignettes/DEnss.tex:12: ==> Fatal error occurred, no output PDF file p
    roduced!
    Calls: buildVignettes -> texi2pdf -> texi2dvi
    Execution halted
Flavor: r-release-osx-x86_64-mavericks