CRAN Package Check Results for Package NMOF

Last updated on 2017-10-23 11:48:34.

Flavor Version Tinstall Tcheck Ttotal Status Flags
r-devel-linux-x86_64-debian-clang 1.2-2 1.45 75.57 77.02 OK
r-devel-linux-x86_64-debian-gcc 1.2-2 1.58 74.80 76.38 OK
r-devel-linux-x86_64-fedora-clang 1.2-2 141.84 OK
r-devel-linux-x86_64-fedora-gcc 1.2-2 87.87 OK
r-devel-windows-ix86+x86_64 1.2-2 11.00 164.00 175.00 OK
r-patched-linux-x86_64 1.2-2 1.59 73.59 75.18 OK
r-patched-solaris-x86 1.2-2 162.60 OK
r-release-linux-x86_64 1.2-2 1.57 73.40 74.97 OK
r-release-windows-ix86+x86_64 1.2-2 6.00 212.00 218.00 OK
r-release-osx-x86_64 1.2-2 NOTE
r-oldrel-windows-ix86+x86_64 1.2-2 5.00 145.00 150.00 OK
r-oldrel-osx-x86_64 1.2-2 OK

Check Details

Version: 1.2-2
Check: re-building of vignette outputs
Result: NOTE
    Error in re-building vignettes:
     ...
    Loading required package: NMOF
    found several files...
    Error in texi2dvi(file = file, pdf = TRUE, clean = clean, quiet = quiet, :
     Running 'texi2dvi' on 'DEnss.tex' failed.
    LaTeX errors:
    ! LaTeX Error: File `framed.sty' not found.
    
    Type X to quit or <RETURN> to proceed,
    or enter new name. (Default extension: sty)
    
    ! Emergency stop.
    <read *>
    
    l.15 \usepackage
     {url}^^M
    ! ==> Fatal error occurred, no output PDF file produced!
    Calls: buildVignettes -> texi2pdf -> texi2dvi
    Execution halted
Flavor: r-release-osx-x86_64