CRAN Package Check Results for Package NMOF

Last updated on 2017-08-21 13:49:59.

Flavor Version Tinstall Tcheck Ttotal Status Flags
r-devel-linux-x86_64-debian-clang 0.40-0 1.28 72.89 74.17 OK
r-devel-linux-x86_64-debian-gcc 0.40-0 1.30 70.44 71.74 OK
r-devel-linux-x86_64-fedora-clang 0.40-0 133.14 OK
r-devel-linux-x86_64-fedora-gcc 0.40-0 139.33 OK
r-devel-windows-ix86+x86_64 0.40-0 5.00 157.00 162.00 OK
r-patched-linux-x86_64 0.40-0 1.42 70.17 71.59 OK
r-patched-solaris-x86 0.40-0 174.10 OK
r-release-linux-x86_64 0.40-0 1.38 70.45 71.83 OK
r-release-windows-ix86+x86_64 0.40-0 6.00 183.00 189.00 OK
r-release-osx-x86_64 0.40-0 NOTE
r-oldrel-windows-ix86+x86_64 0.40-0 4.00 143.00 147.00 OK
r-oldrel-osx-x86_64 0.40-0 OK

Check Details

Version: 0.40-0
Check: re-building of vignette outputs
Result: NOTE
    Error in re-building vignettes:
     ...
    Loading required package: NMOF
    found several files...
    Error in texi2dvi(file = file, pdf = TRUE, clean = clean, quiet = quiet, :
     Running 'texi2dvi' on 'DEnss.tex' failed.
    LaTeX errors:
    ! LaTeX Error: File `framed.sty' not found.
    
    Type X to quit or <RETURN> to proceed,
    or enter new name. (Default extension: sty)
    
    ! Emergency stop.
    <read *>
    
    l.15 \usepackage
     {url}^^M
    ! ==> Fatal error occurred, no output PDF file produced!
    Calls: buildVignettes -> texi2pdf -> texi2dvi
    Execution halted
Flavor: r-release-osx-x86_64