CRAN Package Check Results for Package NMOF

Last updated on 2014-10-30 23:47:22.

Flavor Version Tinstall Tcheck Ttotal Status Flags
r-devel-linux-x86_64-debian-clang 0.28-2 1.52 92.92 94.43 NOTE
r-devel-linux-x86_64-debian-gcc 0.28-2 1.37 93.87 95.24 NOTE
r-devel-linux-x86_64-fedora-clang 0.28-2 188.68 NOTE
r-devel-linux-x86_64-fedora-gcc 0.28-2 183.27 NOTE
r-devel-osx-x86_64-clang 0.28-2 173.25 NOTE
r-devel-windows-ix86+x86_64 0.28-2 4.00 135.00 139.00 NOTE
r-patched-linux-x86_64 0.28-2 1.32 93.29 94.61 NOTE
r-patched-solaris-sparc 0.28-2 1280.30 NOTE
r-patched-solaris-x86 0.28-2 214.30 NOTE
r-release-linux-ix86 0.28-2 1.83 126.43 128.26 OK
r-release-linux-x86_64 0.28-2 1.29 95.95 97.24 OK
r-release-osx-x86_64-mavericks 0.28-2 NOTE
r-release-windows-ix86+x86_64 0.28-2 5.00 141.00 146.00 OK
r-oldrel-windows-ix86+x86_64 0.28-2 4.00 145.00 149.00 OK

Check Details

Version: 0.28-2
Check: R code for possible problems
Result: NOTE
    GAopt: no visible global function definition for ‘makeCluster’
    GAopt: no visible global function definition for ‘stopCluster’
    GAopt: no visible global function definition for ‘clusterApply’
    GAopt: no visible global function definition for ‘mclapply’
    bracketing: no visible global function definition for ‘mclapply’
    bracketing: no visible global function definition for ‘makeCluster’
    bracketing: no visible global function definition for ‘stopCluster’
    bracketing: no visible global function definition for ‘clusterApply’
    gridSearch: no visible global function definition for ‘mclapply’
    gridSearch: no visible global function definition for ‘makeCluster’
    gridSearch: no visible global function definition for ‘stopCluster’
    gridSearch: no visible global function definition for ‘clusterApply’
    restartOpt: no visible global function definition for ‘mclapply’
    restartOpt: no visible global function definition for ‘makeCluster’
    restartOpt: no visible global function definition for ‘stopCluster’
    restartOpt: no visible global function definition for ‘clusterApply’
Flavors: r-devel-linux-x86_64-debian-clang, r-devel-linux-x86_64-debian-gcc, r-devel-linux-x86_64-fedora-clang, r-devel-linux-x86_64-fedora-gcc, r-devel-osx-x86_64-clang, r-devel-windows-ix86+x86_64, r-patched-linux-x86_64, r-patched-solaris-sparc, r-patched-solaris-x86

Version: 0.28-2
Check: re-building of vignette outputs
Result: NOTE
    Error in re-building vignettes:
     ...
    Loading required package: NMOF
    Error in texi2dvi(file = file, pdf = TRUE, clean = clean, quiet = quiet, :
     Running 'texi2dvi' on 'DEnss.tex' failed.
    LaTeX errors:
    ! LaTeX Error: File `framed.sty' not found.
    
    Type X to quit or <RETURN> to proceed,
    or enter new name. (Default extension: sty)
    
    st/NMOF/vignettes/DEnss.tex:12: ==> Fatal error occurred, no output PDF file p
    roduced!
    Calls: buildVignettes -> texi2pdf -> texi2dvi
    Execution halted
Flavor: r-release-osx-x86_64-mavericks