CRAN Package Check Results for Package NMOF

Last updated on 2014-04-24 23:48:07.

Flavor Version Tinstall Tcheck Ttotal Status Flags
r-devel-linux-x86_64-debian-clang 0.28-2 1.36 92.22 93.59 OK
r-devel-linux-x86_64-debian-gcc 0.28-2 1.34 91.68 93.02 OK
r-devel-linux-x86_64-fedora-clang 0.28-2 189.52 OK
r-devel-linux-x86_64-fedora-gcc 0.28-2 188.89 OK
r-devel-osx-x86_64-clang 0.28-2 165.94 OK
r-devel-osx-x86_64-gcc 0.28-2 OK
r-devel-windows-ix86+x86_64 0.28-2 4.00 142.00 146.00 OK
r-patched-linux-x86_64 0.28-2 1.34 91.47 92.80 OK
r-patched-solaris-sparc 0.28-2 1244.70 OK
r-patched-solaris-x86 0.28-2 215.60 OK
r-release-linux-ix86 0.28-2 3.00 151.00 154.00 OK
r-release-linux-x86_64 0.28-2 1.49 93.21 94.70 OK
r-release-osx-x86_64-mavericks 0.28-2 WARN
r-release-windows-ix86+x86_64 0.28-2 4.00 141.00 145.00 OK
r-oldrel-windows-ix86+x86_64 0.28-2 5.00 143.00 148.00 OK

Check Details

Version: 0.28-2
Check: re-building of vignette outputs
Result: NOTE
    Error in re-building vignettes:
     ...
    Loading required package: NMOF
    Error in texi2dvi(file = file, pdf = TRUE, clean = clean, quiet = quiet, :
     Running 'texi2dvi' on 'DEnss.tex' failed.
    LaTeX errors:
    ! LaTeX Error: File `framed.sty' not found.
    
    Type X to quit or <RETURN> to proceed,
    or enter new name. (Default extension: sty)
    
    st/NMOF/vignettes/DEnss.tex:12: ==> Fatal error occurred, no output PDF file p
    roduced!
    Calls: buildVignettes -> texi2pdf -> texi2dvi
    Execution halted
Flavor: r-release-osx-x86_64-mavericks

Version: 0.28-2
Check: PDF version of manual
Result: WARNING
    LaTeX errors when creating PDF version.
    This typically indicates Rd problems.
    LaTeX errors found:
    ! LaTeX Error: File `upquote.sty' not found.
    
    Type X to quit or <RETURN> to proceed,
    or enter new name. (Default extension: sty)
    
    5cc22a/Rd2.tex:8: ==> Fatal error occurred, no output PDF file produced!
Flavor: r-release-osx-x86_64-mavericks