CRAN Package Check Results for Package NMOF

Last updated on 2017-06-28 20:48:41.

Flavor Version Tinstall Tcheck Ttotal Status Flags
r-devel-linux-x86_64-debian-clang 0.40-0 1.38 72.81 74.18 OK
r-devel-linux-x86_64-debian-gcc 0.40-0 1.28 68.45 69.73 OK
r-devel-linux-x86_64-fedora-clang 0.40-0 133.46 OK
r-devel-linux-x86_64-fedora-gcc 0.40-0 130.25 OK
r-devel-windows-ix86+x86_64 0.40-0 5.00 210.00 215.00 OK
r-patched-linux-x86_64 0.40-0 1.41 69.94 71.35 OK
r-patched-solaris-sparc 0.40-0 941.50 OK
r-patched-solaris-x86 0.40-0 163.70 OK
r-release-linux-x86_64 0.40-0 1.47 69.32 70.79 OK
r-release-windows-ix86+x86_64 0.40-0 6.00 205.00 211.00 OK
r-release-osx-x86_64 0.40-0 NOTE
r-oldrel-windows-ix86+x86_64 0.40-0 8.00 202.00 210.00 OK
r-oldrel-osx-x86_64 0.40-0 OK

Check Details

Version: 0.40-0
Check: re-building of vignette outputs
Result: NOTE
    Error in re-building vignettes:
     ...
    Loading required package: NMOF
    found several files...
    Error in texi2dvi(file = file, pdf = TRUE, clean = clean, quiet = quiet, :
     Running 'texi2dvi' on 'DEnss.tex' failed.
    LaTeX errors:
    ! LaTeX Error: File `framed.sty' not found.
    
    Type X to quit or <RETURN> to proceed,
    or enter new name. (Default extension: sty)
    
    ! Emergency stop.
    <read *>
    
    l.15 \usepackage
     {url}^^M
    ! ==> Fatal error occurred, no output PDF file produced!
    Calls: buildVignettes -> texi2pdf -> texi2dvi
    Execution halted
Flavor: r-release-osx-x86_64