CRAN Package Check Results for Package NMRS

Last updated on 2014-04-24 03:47:49.

Flavor Version Tinstall Tcheck Ttotal Status Flags
r-devel-linux-x86_64-debian-clang 1.0 3.74 42.08 45.82 NOTE
r-devel-linux-x86_64-debian-gcc 1.0 3.64 41.58 45.22 NOTE
r-devel-linux-x86_64-fedora-clang 1.0 103.22 NOTE
r-devel-linux-x86_64-fedora-gcc 1.0 99.68 NOTE
r-devel-osx-x86_64-clang 1.0 84.58 NOTE
r-devel-osx-x86_64-gcc 1.0 NOTE
r-devel-windows-ix86+x86_64 1.0 10.00 59.00 69.00 NOTE
r-patched-linux-x86_64 1.0 3.67 41.56 45.23 NOTE
r-patched-solaris-sparc 1.0 553.30 NOTE
r-patched-solaris-x86 1.0 143.60 NOTE
r-release-linux-ix86 1.0 6.00 71.00 77.00 NOTE
r-release-linux-x86_64 1.0 4.02 41.40 45.42 NOTE
r-release-osx-x86_64-mavericks 1.0 WARN
r-release-osx-x86_64-snowleopard 1.0 NOTE
r-release-windows-ix86+x86_64 1.0 10.00 57.00 67.00 NOTE
r-oldrel-windows-ix86+x86_64 1.0 9.00 57.00 66.00 NOTE

Check Details

Version: 1.0
Check: dependencies in R code
Result: NOTE
    'library' or 'require' calls to packages already attached by Depends:
     ‘FTICRMS’ ‘Rwave’ ‘tcltk’ ‘tkrplot’
     Please remove these calls from your code.
    See the information on DESCRIPTION files in the chapter ‘Creating R
    packages’ of the ‘Writing R Extensions’ manual.
Flavors: r-devel-linux-x86_64-debian-clang, r-devel-linux-x86_64-debian-gcc, r-devel-linux-x86_64-fedora-clang, r-devel-linux-x86_64-fedora-gcc, r-devel-osx-x86_64-clang, r-devel-osx-x86_64-gcc, r-devel-windows-ix86+x86_64, r-patched-linux-x86_64, r-patched-solaris-sparc, r-patched-solaris-x86, r-release-linux-ix86, r-release-linux-x86_64, r-release-osx-x86_64-mavericks, r-release-osx-x86_64-snowleopard, r-release-windows-ix86+x86_64, r-oldrel-windows-ix86+x86_64

Version: 1.0
Check: R code for possible problems
Result: NOTE
    Found an obsolete/platform-specific call in the following functions:
     ‘Baseline.Correction’ ‘Met.FID’ ‘Met.spectrum’
    Found the platform-specific device:
     ‘windows’
    dev.new() is the preferred way to open a new device, in the unlikely
    event one is needed.
    Baseline.Correction : plotFunction: possible error in baseline(a2,
     sm.par = sm, neg.pen = neg.p, max.iter = max.it, frac.changed = frac,
     k.biweight = binsiz, xvals = sp[, 1]): unused arguments (neg.pen =
     neg.p, frac.changed = frac, k.biweight = binsiz, xvals = sp[, 1])
    Baseline.Correction : plotFunction: no visible binding for '<<-'
     assignment to ‘a3’
    Baseline.Correction : plotFunction: no visible binding for global
     variable ‘a3’
    Baseline.Correction : change.color.bakground : onCancel: no visible
     binding for '<<-' assignment to ‘ReturnVal’
    Baseline.Correction : modalDialog4 : onOK: no visible binding for '<<-'
     assignment to ‘main’
    Baseline.Correction : Zoom : onCancel: no visible binding for '<<-'
     assignment to ‘ReturnVal’
    Baseline.Correction : Text.size : onCancel: no visible binding for
     '<<-' assignment to ‘ReturnVal’
    Baseline.Correction : Text.size: no visible binding for global variable
     ‘ReturnVal’
    Baseline.Correction : onok: no visible binding for global variable ‘a3’
    Baseline.Correction : onok: no visible binding for '<<-' assignment to
     ‘datos’
    Baseline.Correction : onok: no visible binding for global variable
     ‘datos’
    Baseline.Correction : <anonymous>: no visible binding for global
     variable ‘main’
    Fid : Met.text.radio : onOK: no visible binding for '<<-' assignment to
     ‘ReturnVal’
    Fid : Met.text.radio : onCancel: no visible binding for '<<-'
     assignment to ‘ReturnVal’
    Fid : Met.text.radio: no visible binding for global variable
     ‘ReturnVal’
    Fid: no visible binding for global variable ‘ReturnVal’
    Manual.cut : cut : onOK: no visible binding for '<<-' assignment to
     ‘ReturnVal’
    Manual.cut : cut : onOK: no visible binding for '<<-' assignment to
     ‘xlim’
    Manual.cut : cut : onOK: no visible binding for '<<-' assignment to
     ‘xlim2’
    Manual.cut : cut : onCancel: no visible binding for '<<-' assignment to
     ‘ReturnVal’
    Manual.cut: no visible binding for global variable ‘ReturnVal’
    Manual.cut: no visible binding for global variable ‘xlim’
    Manual.cut: no visible binding for global variable ‘xlim2’
    Met.FID : Zoom : onCancel: no visible binding for '<<-' assignment to
     ‘ReturnVal’
    Met.FID : Met.reference: no visible binding for global variable
     ‘xPlotCoord’
    Met.FID : OnLeftClick: no visible binding for '<<-' assignment to
     ‘xPlotCoord’
    Met.FID : Pivot : onCancel: no visible binding for '<<-' assignment to
     ‘ReturnVal’
    Met.FID : onok: no visible binding for '<<-' assignment to ‘spect.fid’
    Met.FID : onok: no visible binding for '<<-' assignment to ‘nexfid’
    Met.FID : onCancel: no visible binding for '<<-' assignment to ‘nexfid’
    Met.spectrum : change.color.bakground : onCancel: no visible binding
     for '<<-' assignment to ‘ReturnVal’
    Met.spectrum : change.espectrum : onCancel: no visible binding for
     '<<-' assignment to ‘ReturnVal’
    Met.spectrum : Zoom : onCancel: no visible binding for '<<-' assignment
     to ‘ReturnVal’
    Met.spectrum : Text.size : onCancel: no visible binding for '<<-'
     assignment to ‘ReturnVal’
    Met.spectrum : Text.size: no visible binding for global variable
     ‘ReturnVal’
    NMRS: no visible binding for global variable ‘spect.fid’
    NMRS: no visible binding for global variable ‘nexfid’
    NMRS: no visible binding for '<<-' assignment to ‘Spectra’
    NMRS: no visible binding for global variable ‘Spectra’
Flavors: r-devel-linux-x86_64-debian-clang, r-devel-linux-x86_64-debian-gcc, r-devel-linux-x86_64-fedora-clang, r-devel-linux-x86_64-fedora-gcc, r-devel-osx-x86_64-clang, r-patched-linux-x86_64, r-patched-solaris-sparc, r-patched-solaris-x86, r-release-linux-ix86, r-release-linux-x86_64

Version: 1.0
Check: R code for possible problems
Result: NOTE
    Baseline.Correction : plotFunction: possible error in baseline(a2,
     sm.par = sm, neg.pen = neg.p, max.iter = max.it, frac.changed = frac,
     k.biweight = binsiz, xvals = sp[, 1]): unused arguments (neg.pen =
     neg.p, frac.changed = frac, k.biweight = binsiz, xvals = sp[, 1])
    Baseline.Correction : plotFunction: no visible binding for '<<-'
     assignment to ‘a3’
    Baseline.Correction : plotFunction: no visible binding for global
     variable ‘a3’
    Baseline.Correction : change.color.bakground : onCancel: no visible
     binding for '<<-' assignment to ‘ReturnVal’
    Baseline.Correction : modalDialog4 : onOK: no visible binding for '<<-'
     assignment to ‘main’
    Baseline.Correction : Zoom : onCancel: no visible binding for '<<-'
     assignment to ‘ReturnVal’
    Baseline.Correction : Text.size : onCancel: no visible binding for
     '<<-' assignment to ‘ReturnVal’
    Baseline.Correction : Text.size: no visible binding for global variable
     ‘ReturnVal’
    Baseline.Correction : onok: no visible binding for global variable ‘a3’
    Baseline.Correction : onok: no visible binding for '<<-' assignment to
     ‘datos’
    Baseline.Correction : onok: no visible binding for global variable
     ‘datos’
    Baseline.Correction : <anonymous>: no visible binding for global
     variable ‘main’
    Fid : Met.text.radio : onOK: no visible binding for '<<-' assignment to
     ‘ReturnVal’
    Fid : Met.text.radio : onCancel: no visible binding for '<<-'
     assignment to ‘ReturnVal’
    Fid : Met.text.radio: no visible binding for global variable
     ‘ReturnVal’
    Fid: no visible binding for global variable ‘ReturnVal’
    Manual.cut : cut : onOK: no visible binding for '<<-' assignment to
     ‘ReturnVal’
    Manual.cut : cut : onOK: no visible binding for '<<-' assignment to
     ‘xlim’
    Manual.cut : cut : onOK: no visible binding for '<<-' assignment to
     ‘xlim2’
    Manual.cut : cut : onCancel: no visible binding for '<<-' assignment to
     ‘ReturnVal’
    Manual.cut: no visible binding for global variable ‘ReturnVal’
    Manual.cut: no visible binding for global variable ‘xlim’
    Manual.cut: no visible binding for global variable ‘xlim2’
    Met.FID : Zoom : onCancel: no visible binding for '<<-' assignment to
     ‘ReturnVal’
    Met.FID : Met.reference: no visible binding for global variable
     ‘xPlotCoord’
    Met.FID : OnLeftClick: no visible binding for '<<-' assignment to
     ‘xPlotCoord’
    Met.FID : Pivot : onCancel: no visible binding for '<<-' assignment to
     ‘ReturnVal’
    Met.FID : onok: no visible binding for '<<-' assignment to ‘spect.fid’
    Met.FID : onok: no visible binding for '<<-' assignment to ‘nexfid’
    Met.FID : onCancel: no visible binding for '<<-' assignment to ‘nexfid’
    Met.spectrum : change.color.bakground : onCancel: no visible binding
     for '<<-' assignment to ‘ReturnVal’
    Met.spectrum : change.espectrum : onCancel: no visible binding for
     '<<-' assignment to ‘ReturnVal’
    Met.spectrum : Zoom : onCancel: no visible binding for '<<-' assignment
     to ‘ReturnVal’
    Met.spectrum : Text.size : onCancel: no visible binding for '<<-'
     assignment to ‘ReturnVal’
    Met.spectrum : Text.size: no visible binding for global variable
     ‘ReturnVal’
    NMRS: no visible binding for global variable ‘spect.fid’
    NMRS: no visible binding for global variable ‘nexfid’
    NMRS: no visible binding for '<<-' assignment to ‘Spectra’
    NMRS: no visible binding for global variable ‘Spectra’
Flavors: r-devel-osx-x86_64-gcc, r-devel-windows-ix86+x86_64, r-release-osx-x86_64-mavericks, r-release-osx-x86_64-snowleopard, r-release-windows-ix86+x86_64, r-oldrel-windows-ix86+x86_64

Version: 1.0
Check: whether package can be installed
Result: WARNING
    Found the following significant warnings:
     Warning: loading Rplot failed
     Warning: loading Rplot failed
    See ‘/Builds/CRAN-QA-Simon/packages/mavericks-x86_64/results/3.1/NMRS.Rcheck/00install.out’ for details.
Flavor: r-release-osx-x86_64-mavericks

Version: 1.0
Check: PDF version of manual
Result: WARNING
    LaTeX errors when creating PDF version.
    This typically indicates Rd problems.
    LaTeX errors found:
    ! LaTeX Error: File `upquote.sty' not found.
    
    Type X to quit or <RETURN> to proceed,
    or enter new name. (Default extension: sty)
    
    3108d72/Rd2.tex:8: ==> Fatal error occurred, no output PDF file produced!
Flavor: r-release-osx-x86_64-mavericks