CRAN Package Check Results for Package NMRS

Last updated on 2014-07-29 13:47:01.

Flavor Version Tinstall Tcheck Ttotal Status Flags
r-devel-linux-x86_64-debian-clang 1.0 3.52 40.50 44.02 NOTE
r-devel-windows-ix86+x86_64 1.0 10.00 56.00 66.00 NOTE
r-patched-solaris-sparc 1.0 553.30 NOTE
r-release-linux-ix86 1.0 4.23 63.00 67.23 NOTE
r-release-linux-x86_64 1.0 3.50 40.34 43.83 NOTE
r-release-osx-x86_64-mavericks 1.0 NOTE
r-release-osx-x86_64-snowleopard 1.0 NOTE

Check Details

Version: 1.0
Check: dependencies in R code
Result: NOTE
    'library' or 'require' calls to packages already attached by Depends:
     FTICRMS Rwave tcltk tkrplot
     Please remove these calls from your code.
    See the information on DESCRIPTION files in the chapter Creating R
    packages of the Writing R Extensions manual.
Flavors: r-devel-linux-x86_64-debian-clang, r-devel-windows-ix86+x86_64, r-patched-solaris-sparc, r-release-linux-ix86, r-release-linux-x86_64, r-release-osx-x86_64-mavericks, r-release-osx-x86_64-snowleopard

Version: 1.0
Check: R code for possible problems
Result: NOTE
    Found an obsolete/platform-specific call in the following functions:
     Baseline.Correction Met.FID Met.spectrum
    Found the platform-specific device:
     windows
    dev.new() is the preferred way to open a new device, in the unlikely
    event one is needed.
    Baseline.Correction : plotFunction: possible error in baseline(a2,
     sm.par = sm, neg.pen = neg.p, max.iter = max.it, frac.changed = frac,
     k.biweight = binsiz, xvals = sp[, 1]): unused arguments (neg.pen =
     neg.p, frac.changed = frac, k.biweight = binsiz, xvals = sp[, 1])
    Baseline.Correction : plotFunction: no visible binding for '<<-'
     assignment to a3
    Baseline.Correction : plotFunction: no visible binding for global
     variable a3
    Baseline.Correction : change.color.bakground : onCancel: no visible
     binding for '<<-' assignment to ReturnVal
    Baseline.Correction : modalDialog4 : onOK: no visible binding for '<<-'
     assignment to main
    Baseline.Correction : Zoom : onCancel: no visible binding for '<<-'
     assignment to ReturnVal
    Baseline.Correction : Text.size : onCancel: no visible binding for
     '<<-' assignment to ReturnVal
    Baseline.Correction : Text.size: no visible binding for global variable
     ReturnVal
    Baseline.Correction : onok: no visible binding for global variable a3
    Baseline.Correction : onok: no visible binding for '<<-' assignment to
     datos
    Baseline.Correction : onok: no visible binding for global variable
     datos
    Baseline.Correction : <anonymous>: no visible binding for global
     variable main
    Fid : Met.text.radio : onOK: no visible binding for '<<-' assignment to
     ReturnVal
    Fid : Met.text.radio : onCancel: no visible binding for '<<-'
     assignment to ReturnVal
    Fid : Met.text.radio: no visible binding for global variable
     ReturnVal
    Fid: no visible binding for global variable ReturnVal
    Manual.cut : cut : onOK: no visible binding for '<<-' assignment to
     ReturnVal
    Manual.cut : cut : onOK: no visible binding for '<<-' assignment to
     xlim
    Manual.cut : cut : onOK: no visible binding for '<<-' assignment to
     xlim2
    Manual.cut : cut : onCancel: no visible binding for '<<-' assignment to
     ReturnVal
    Manual.cut: no visible binding for global variable ReturnVal
    Manual.cut: no visible binding for global variable xlim
    Manual.cut: no visible binding for global variable xlim2
    Met.FID : Zoom : onCancel: no visible binding for '<<-' assignment to
     ReturnVal
    Met.FID : Met.reference: no visible binding for global variable
     xPlotCoord
    Met.FID : OnLeftClick: no visible binding for '<<-' assignment to
     xPlotCoord
    Met.FID : Pivot : onCancel: no visible binding for '<<-' assignment to
     ReturnVal
    Met.FID : onok: no visible binding for '<<-' assignment to spect.fid
    Met.FID : onok: no visible binding for '<<-' assignment to nexfid
    Met.FID : onCancel: no visible binding for '<<-' assignment to nexfid
    Met.spectrum : change.color.bakground : onCancel: no visible binding
     for '<<-' assignment to ReturnVal
    Met.spectrum : change.espectrum : onCancel: no visible binding for
     '<<-' assignment to ReturnVal
    Met.spectrum : Zoom : onCancel: no visible binding for '<<-' assignment
     to ReturnVal
    Met.spectrum : Text.size : onCancel: no visible binding for '<<-'
     assignment to ReturnVal
    Met.spectrum : Text.size: no visible binding for global variable
     ReturnVal
    NMRS: no visible binding for global variable spect.fid
    NMRS: no visible binding for global variable nexfid
    NMRS: no visible binding for '<<-' assignment to Spectra
    NMRS: no visible binding for global variable Spectra
Flavors: r-devel-linux-x86_64-debian-clang, r-patched-solaris-sparc, r-release-linux-ix86, r-release-linux-x86_64

Version: 1.0
Check: R code for possible problems
Result: NOTE
    Baseline.Correction : plotFunction: possible error in baseline(a2,
     sm.par = sm, neg.pen = neg.p, max.iter = max.it, frac.changed = frac,
     k.biweight = binsiz, xvals = sp[, 1]): unused arguments (neg.pen =
     neg.p, frac.changed = frac, k.biweight = binsiz, xvals = sp[, 1])
    Baseline.Correction : plotFunction: no visible binding for '<<-'
     assignment to 'a3'
    Baseline.Correction : plotFunction: no visible binding for global
     variable 'a3'
    Baseline.Correction : change.color.bakground : onCancel: no visible
     binding for '<<-' assignment to 'ReturnVal'
    Baseline.Correction : modalDialog4 : onOK: no visible binding for '<<-'
     assignment to 'main'
    Baseline.Correction : Zoom : onCancel: no visible binding for '<<-'
     assignment to 'ReturnVal'
    Baseline.Correction : Text.size : onCancel: no visible binding for
     '<<-' assignment to 'ReturnVal'
    Baseline.Correction : Text.size: no visible binding for global variable
     'ReturnVal'
    Baseline.Correction : onok: no visible binding for global variable 'a3'
    Baseline.Correction : onok: no visible binding for '<<-' assignment to
     'datos'
    Baseline.Correction : onok: no visible binding for global variable
     'datos'
    Baseline.Correction : <anonymous>: no visible binding for global
     variable 'main'
    Fid : Met.text.radio : onOK: no visible binding for '<<-' assignment to
     'ReturnVal'
    Fid : Met.text.radio : onCancel: no visible binding for '<<-'
     assignment to 'ReturnVal'
    Fid : Met.text.radio: no visible binding for global variable
     'ReturnVal'
    Fid: no visible binding for global variable 'ReturnVal'
    Manual.cut : cut : onOK: no visible binding for '<<-' assignment to
     'ReturnVal'
    Manual.cut : cut : onOK: no visible binding for '<<-' assignment to
     'xlim'
    Manual.cut : cut : onOK: no visible binding for '<<-' assignment to
     'xlim2'
    Manual.cut : cut : onCancel: no visible binding for '<<-' assignment to
     'ReturnVal'
    Manual.cut: no visible binding for global variable 'ReturnVal'
    Manual.cut: no visible binding for global variable 'xlim'
    Manual.cut: no visible binding for global variable 'xlim2'
    Met.FID : Zoom : onCancel: no visible binding for '<<-' assignment to
     'ReturnVal'
    Met.FID : Met.reference: no visible binding for global variable
     'xPlotCoord'
    Met.FID : OnLeftClick: no visible binding for '<<-' assignment to
     'xPlotCoord'
    Met.FID : Pivot : onCancel: no visible binding for '<<-' assignment to
     'ReturnVal'
    Met.FID : onok: no visible binding for '<<-' assignment to 'spect.fid'
    Met.FID : onok: no visible binding for '<<-' assignment to 'nexfid'
    Met.FID : onCancel: no visible binding for '<<-' assignment to 'nexfid'
    Met.spectrum : change.color.bakground : onCancel: no visible binding
     for '<<-' assignment to 'ReturnVal'
    Met.spectrum : change.espectrum : onCancel: no visible binding for
     '<<-' assignment to 'ReturnVal'
    Met.spectrum : Zoom : onCancel: no visible binding for '<<-' assignment
     to 'ReturnVal'
    Met.spectrum : Text.size : onCancel: no visible binding for '<<-'
     assignment to 'ReturnVal'
    Met.spectrum : Text.size: no visible binding for global variable
     'ReturnVal'
    NMRS: no visible binding for global variable 'spect.fid'
    NMRS: no visible binding for global variable 'nexfid'
    NMRS: no visible binding for '<<-' assignment to 'Spectra'
    NMRS: no visible binding for global variable 'Spectra'
Flavors: r-devel-windows-ix86+x86_64, r-release-osx-x86_64-mavericks, r-release-osx-x86_64-snowleopard