CRAN Package Check Results for Package NPBayesImputeCat

Last updated on 2019-08-26 11:48:50 CEST.

Flavor Version Tinstall Tcheck Ttotal Status Flags
r-devel-linux-x86_64-debian-clang 0.1 33.40 32.91 66.31 WARN
r-devel-linux-x86_64-debian-gcc 0.1 27.18 26.63 53.81 OK
r-devel-linux-x86_64-fedora-clang 0.1 106.59 WARN
r-devel-linux-x86_64-fedora-gcc 0.1 91.06 OK
r-devel-windows-ix86+x86_64 0.1 101.00 66.00 167.00 OK
r-patched-linux-x86_64 0.1 31.75 32.75 64.50 OK
r-patched-solaris-x86 0.1 120.20 OK
r-release-linux-x86_64 0.1 32.31 32.71 65.02 OK
r-release-windows-ix86+x86_64 0.1 92.00 100.00 192.00 OK
r-release-osx-x86_64 0.1 WARN
r-oldrel-windows-ix86+x86_64 0.1 94.00 91.00 185.00 OK
r-oldrel-osx-x86_64 0.1 WARN

Check Details

Version: 0.1
Check: whether package can be installed
Result: WARN
    Found the following significant warnings:
     ./SpecialFunctions.h:122:3: warning: 'register' storage class specifier is deprecated and incompatible with C++17 [-Wdeprecated-register]
     ./SpecialFunctions.h:153:3: warning: 'register' storage class specifier is deprecated and incompatible with C++17 [-Wdeprecated-register]
     ./SpecialFunctions.h:154:3: warning: 'register' storage class specifier is deprecated and incompatible with C++17 [-Wdeprecated-register]
     ./SpecialFunctions.h:155:3: warning: 'register' storage class specifier is deprecated and incompatible with C++17 [-Wdeprecated-register]
     ./SpecialFunctions.h:197:3: warning: 'register' storage class specifier is deprecated and incompatible with C++17 [-Wdeprecated-register]
     ./SpecialFunctions.h:198:3: warning: 'register' storage class specifier is deprecated and incompatible with C++17 [-Wdeprecated-register]
Flavors: r-devel-linux-x86_64-debian-clang, r-devel-linux-x86_64-fedora-clang, r-release-osx-x86_64, r-oldrel-osx-x86_64