CRAN Package Check Results for Package NPBayesImputeCat

Last updated on 2019-06-17 10:48:21 CEST.

Flavor Version Tinstall Tcheck Ttotal Status Flags
r-devel-linux-x86_64-debian-clang 0.1 33.52 32.64 66.16 WARN
r-devel-linux-x86_64-debian-gcc 0.1 27.74 26.84 54.58 OK
r-devel-linux-x86_64-fedora-clang 0.1 102.29 WARN
r-devel-linux-x86_64-fedora-gcc 0.1 86.35 OK
r-devel-windows-ix86+x86_64 0.1 105.00 68.00 173.00 OK
r-patched-linux-x86_64 0.1 33.70 33.03 66.73 OK
r-patched-solaris-x86 0.1 114.60 OK
r-release-linux-x86_64 0.1 31.46 33.16 64.62 OK
r-release-windows-ix86+x86_64 0.1 78.00 96.00 174.00 OK
r-release-osx-x86_64 0.1 WARN
r-oldrel-windows-ix86+x86_64 0.1 65.00 92.00 157.00 OK
r-oldrel-osx-x86_64 0.1 WARN

Check Details

Version: 0.1
Check: whether package can be installed
Result: WARN
    Found the following significant warnings:
     ./SpecialFunctions.h:122:3: warning: 'register' storage class specifier is deprecated and incompatible with C++17 [-Wdeprecated-register]
     ./SpecialFunctions.h:153:3: warning: 'register' storage class specifier is deprecated and incompatible with C++17 [-Wdeprecated-register]
     ./SpecialFunctions.h:154:3: warning: 'register' storage class specifier is deprecated and incompatible with C++17 [-Wdeprecated-register]
     ./SpecialFunctions.h:155:3: warning: 'register' storage class specifier is deprecated and incompatible with C++17 [-Wdeprecated-register]
     ./SpecialFunctions.h:197:3: warning: 'register' storage class specifier is deprecated and incompatible with C++17 [-Wdeprecated-register]
     ./SpecialFunctions.h:198:3: warning: 'register' storage class specifier is deprecated and incompatible with C++17 [-Wdeprecated-register]
Flavors: r-devel-linux-x86_64-debian-clang, r-devel-linux-x86_64-fedora-clang, r-release-osx-x86_64, r-oldrel-osx-x86_64