CRAN Package Check Results for Package NPCD

Last updated on 2015-07-08 06:48:04.

Flavor Version Tinstall Tcheck Ttotal Status Flags
r-devel-linux-x86_64-debian-clang 1.0-8 0.74 15.95 16.69 NOTE
r-devel-linux-x86_64-debian-gcc 1.0-8 0.73 14.96 15.69 NOTE
r-devel-linux-x86_64-fedora-clang 1.0-8 30.11 NOTE
r-devel-linux-x86_64-fedora-gcc 1.0-8 28.58 NOTE
r-devel-osx-x86_64-clang 1.0-8 29.63 OK
r-devel-windows-ix86+x86_64 1.0-8 6.00 25.00 31.00 NOTE
r-patched-linux-x86_64 1.0-8 0.77 15.30 16.07 OK
r-patched-solaris-sparc 1.0-8 205.50 OK
r-patched-solaris-x86 1.0-8 41.40 OK
r-release-linux-x86_64 1.0-8 0.75 15.20 15.95 OK
r-release-osx-x86_64-mavericks 1.0-8 OK
r-release-windows-ix86+x86_64 1.0-8 6.00 25.00 31.00 OK
r-oldrel-windows-ix86+x86_64 1.0-8 5.00 33.00 38.00 OK

Check Details

Version: 1.0-8
Check: R code for possible problems
Result: NOTE
    plot.AlphaMLE: no visible global function definition for ‘par’
    plot.AlphaMLE: no visible global function definition for ‘barplot’
    plot.AlphaNP: no visible global function definition for ‘par’
    plot.AlphaNP: no visible global function definition for ‘barplot’
    plot.AlphaNP: no visible global function definition for ‘legend’
    plot.JMLE: no visible global function definition for ‘par’
    plot.JMLE: no visible global function definition for ‘barplot’
    plot.Qrefine: no visible global function definition for ‘par’
    plot.Qrefine: no visible global function definition for ‘barplot’
    plot.Qrefine: no visible global function definition for ‘plot’
    plot.Qrefine: no visible global function definition for ‘legend’
    Undefined global functions or variables:
     barplot legend par plot
Flavors: r-devel-linux-x86_64-debian-clang, r-devel-linux-x86_64-debian-gcc, r-devel-linux-x86_64-fedora-clang, r-devel-linux-x86_64-fedora-gcc, r-devel-windows-ix86+x86_64