CRAN Package Check Results for Package NPCD

Last updated on 2015-08-04 08:47:55.

Flavor Version Tinstall Tcheck Ttotal Status Flags
r-devel-linux-x86_64-debian-clang 1.0-8 0.72 15.72 16.44 NOTE
r-devel-linux-x86_64-debian-gcc 1.0-8 0.80 14.22 15.01 NOTE
r-devel-linux-x86_64-fedora-clang 1.0-8 32.52 NOTE
r-devel-linux-x86_64-fedora-gcc 1.0-8 27.65 NOTE
r-devel-osx-x86_64-clang 1.0-8 29.74 OK
r-devel-windows-ix86+x86_64 1.0-8 6.00 27.00 33.00 NOTE
r-patched-linux-x86_64 1.0-8 0.76 15.03 15.79 OK
r-patched-solaris-sparc 1.0-8 197.40 OK
r-patched-solaris-x86 1.0-8 41.90 OK
r-release-linux-x86_64 1.0-8 0.75 15.29 16.04 OK
r-release-osx-x86_64-mavericks 1.0-8 OK
r-release-windows-ix86+x86_64 1.0-8 5.00 27.00 32.00 OK
r-oldrel-windows-ix86+x86_64 1.0-8 7.00 32.00 39.00 OK

Check Details

Version: 1.0-8
Check: R code for possible problems
Result: NOTE
    plot.AlphaMLE: no visible global function definition for ‘par’
    plot.AlphaMLE: no visible global function definition for ‘barplot’
    plot.AlphaNP: no visible global function definition for ‘par’
    plot.AlphaNP: no visible global function definition for ‘barplot’
    plot.AlphaNP: no visible global function definition for ‘legend’
    plot.JMLE: no visible global function definition for ‘par’
    plot.JMLE: no visible global function definition for ‘barplot’
    plot.Qrefine: no visible global function definition for ‘par’
    plot.Qrefine: no visible global function definition for ‘barplot’
    plot.Qrefine: no visible global function definition for ‘plot’
    plot.Qrefine: no visible global function definition for ‘legend’
    Undefined global functions or variables:
     barplot legend par plot
    Consider adding
     importFrom("graphics", "barplot", "legend", "par", "plot")
    to your NAMESPACE.
Flavors: r-devel-linux-x86_64-debian-clang, r-devel-linux-x86_64-debian-gcc, r-devel-linux-x86_64-fedora-clang, r-devel-linux-x86_64-fedora-gcc, r-devel-windows-ix86+x86_64