CRAN Package Check Results for Package NPCD

Last updated on 2015-09-04 22:46:56.

Flavor Version Tinstall Tcheck Ttotal Status Flags
r-devel-linux-x86_64-debian-clang 1.0-8 0.72 14.51 15.23 NOTE
r-devel-linux-x86_64-debian-gcc 1.0-8 0.70 14.79 15.50 NOTE
r-devel-linux-x86_64-fedora-clang 1.0-8 28.81 NOTE
r-devel-linux-x86_64-fedora-gcc 1.0-8 27.40 NOTE
r-devel-osx-x86_64-clang 1.0-8 28.08 OK
r-devel-windows-ix86+x86_64 1.0-8 3.00 28.00 31.00 NOTE
r-patched-linux-x86_64 1.0-8 0.81 15.04 15.85 OK
r-patched-solaris-sparc 1.0-8 197.40 OK
r-patched-solaris-x86 1.0-8 42.30 OK
r-release-linux-x86_64 1.0-8 0.97 15.96 16.93 OK
r-release-osx-x86_64-mavericks 1.0-8 OK
r-release-windows-ix86+x86_64 1.0-8 5.00 37.00 42.00 OK
r-oldrel-windows-ix86+x86_64 1.0-8 6.00 35.00 41.00 OK

Check Details

Version: 1.0-8
Check: R code for possible problems
Result: NOTE
    plot.AlphaMLE: no visible global function definition for ‘par’
    plot.AlphaMLE: no visible global function definition for ‘barplot’
    plot.AlphaNP: no visible global function definition for ‘par’
    plot.AlphaNP: no visible global function definition for ‘barplot’
    plot.AlphaNP: no visible global function definition for ‘legend’
    plot.JMLE: no visible global function definition for ‘par’
    plot.JMLE: no visible global function definition for ‘barplot’
    plot.Qrefine: no visible global function definition for ‘par’
    plot.Qrefine: no visible global function definition for ‘barplot’
    plot.Qrefine: no visible global function definition for ‘plot’
    plot.Qrefine: no visible global function definition for ‘legend’
    Undefined global functions or variables:
     barplot legend par plot
    Consider adding
     importFrom("graphics", "barplot", "legend", "par", "plot")
    to your NAMESPACE.
Flavors: r-devel-linux-x86_64-debian-clang, r-devel-linux-x86_64-debian-gcc, r-devel-linux-x86_64-fedora-clang, r-devel-linux-x86_64-fedora-gcc, r-devel-windows-ix86+x86_64