CRAN Package Check Results for Package NPHMC

Last updated on 2015-07-29 21:46:56.

Flavor Version Tinstall Tcheck Ttotal Status Flags
r-devel-linux-x86_64-debian-clang 2.2 0.61 12.26 12.87 NOTE
r-devel-linux-x86_64-debian-gcc 2.2 0.66 11.78 12.44 NOTE
r-devel-linux-x86_64-fedora-clang 2.2 24.69 NOTE
r-devel-linux-x86_64-fedora-gcc 2.2 22.45 NOTE
r-devel-osx-x86_64-clang 2.2 24.81 NOTE
r-devel-windows-ix86+x86_64 2.2 3.00 21.00 24.00 NOTE
r-patched-linux-x86_64 2.2 0.66 12.00 12.66 NOTE
r-patched-solaris-sparc 2.2 154.00 NOTE
r-patched-solaris-x86 2.2 34.70 NOTE
r-release-linux-x86_64 2.2 0.62 11.68 12.29 NOTE
r-release-osx-x86_64-mavericks 2.2 NOTE
r-release-windows-ix86+x86_64 2.2 4.00 22.00 26.00 NOTE
r-oldrel-windows-ix86+x86_64 2.2 3.00 25.00 28.00 NOTE

Check Details

Version: 2.2
Check: DESCRIPTION meta-information
Result: NOTE
    Malformed Description field: should contain one or more complete sentences.
Flavors: r-devel-linux-x86_64-debian-clang, r-devel-linux-x86_64-debian-gcc, r-devel-linux-x86_64-fedora-clang, r-devel-linux-x86_64-fedora-gcc, r-devel-osx-x86_64-clang, r-devel-windows-ix86+x86_64, r-patched-linux-x86_64, r-patched-solaris-sparc, r-patched-solaris-x86, r-release-linux-x86_64, r-release-osx-x86_64-mavericks, r-release-windows-ix86+x86_64

Version: 2.2
Check: dependencies in R code
Result: NOTE
    Packages in Depends field not imported from:
     ‘smcure’ ‘survival’
     These packages need to be imported from (in the NAMESPACE file)
     for when this namespace is loaded but not attached.
Flavors: r-devel-linux-x86_64-debian-clang, r-devel-linux-x86_64-debian-gcc, r-devel-linux-x86_64-fedora-clang, r-devel-linux-x86_64-fedora-gcc, r-devel-osx-x86_64-clang, r-devel-windows-ix86+x86_64, r-patched-linux-x86_64, r-patched-solaris-sparc, r-patched-solaris-x86, r-release-linux-x86_64, r-release-osx-x86_64-mavericks, r-release-windows-ix86+x86_64, r-oldrel-windows-ix86+x86_64

Version: 2.2
Check: R code for possible problems
Result: NOTE
    NPHMC: no visible global function definition for ‘integrate’
    NPHMC: no visible global function definition for ‘qnorm’
    NPHMC: no visible global function definition for ‘pnorm’
    NPHMC: no visible global function definition for ‘plot’
    NPHMC: no visible global function definition for ‘lines’
    NPHMC: no visible global function definition for ‘smcure’
    NPHMC: no visible global function definition for ‘coxph’
    Undefined global functions or variables:
     coxph integrate lines plot pnorm qnorm smcure
    Consider adding
     importFrom("graphics", "lines", "plot")
     importFrom("stats", "integrate", "pnorm", "qnorm")
    to your NAMESPACE.
Flavors: r-devel-linux-x86_64-debian-clang, r-devel-linux-x86_64-debian-gcc, r-devel-linux-x86_64-fedora-clang, r-devel-linux-x86_64-fedora-gcc, r-devel-windows-ix86+x86_64

Version: 2.2
Check: R code for possible problems
Result: NOTE
    NPHMC: no visible global function definition for ‘smcure’
    NPHMC: no visible global function definition for ‘coxph’
    Undefined global functions or variables:
     coxph smcure
Flavor: r-devel-osx-x86_64-clang

Version: 2.2
Check: R code for possible problems
Result: NOTE
    NPHMC: no visible global function definition for ‘smcure’
    NPHMC: no visible global function definition for ‘coxph’
Flavors: r-patched-linux-x86_64, r-patched-solaris-sparc, r-patched-solaris-x86, r-release-linux-x86_64, r-release-osx-x86_64-mavericks, r-release-windows-ix86+x86_64, r-oldrel-windows-ix86+x86_64