CRAN Package Check Results for Package NPHMC

Last updated on 2014-04-23 12:48:23.

Flavor Version Tinstall Tcheck Ttotal Status Flags
r-devel-linux-x86_64-debian-clang 2.2 0.85 12.73 13.58 NOTE
r-devel-linux-x86_64-debian-gcc 2.2 0.76 12.66 13.43 NOTE
r-devel-linux-x86_64-fedora-clang 2.2 26.32 NOTE
r-devel-linux-x86_64-fedora-gcc 2.2 25.66 NOTE
r-devel-osx-x86_64-clang 2.2 28.45 NOTE
r-devel-osx-x86_64-gcc 2.2 NOTE
r-devel-windows-ix86+x86_64 2.2 3.00 21.00 24.00 NOTE
r-patched-linux-x86_64 2.2 0.76 12.44 13.20 NOTE
r-patched-solaris-sparc 2.2 148.60 NOTE
r-patched-solaris-x86 2.2 37.70 NOTE
r-release-linux-ix86 2.2 1.00 35.00 36.00 NOTE
r-release-linux-x86_64 2.2 0.78 12.88 13.66 NOTE
r-release-osx-x86_64-mavericks 2.2 WARN
r-release-osx-x86_64-snowleopard 2.2 OK
r-release-windows-ix86+x86_64 2.2 5.00 28.00 33.00 NOTE
r-oldrel-windows-ix86+x86_64 2.2 3.00 23.00 26.00 NOTE

Check Details

Version: 2.2
Check: dependencies in R code
Result: NOTE
    Packages in Depends field not imported from:
     ‘smcure’ ‘survival’
     These packages need to be imported from (in the NAMESPACE file)
     for when this namespace is loaded but not attached.
    See the information on DESCRIPTION files in the chapter ‘Creating R
    packages’ of the ‘Writing R Extensions’ manual.
Flavors: r-devel-linux-x86_64-debian-clang, r-devel-linux-x86_64-debian-gcc, r-devel-linux-x86_64-fedora-clang, r-devel-linux-x86_64-fedora-gcc, r-devel-osx-x86_64-clang, r-devel-osx-x86_64-gcc, r-devel-windows-ix86+x86_64, r-patched-linux-x86_64, r-patched-solaris-sparc, r-patched-solaris-x86, r-release-linux-ix86, r-release-linux-x86_64, r-release-osx-x86_64-mavericks, r-release-windows-ix86+x86_64, r-oldrel-windows-ix86+x86_64

Version: 2.2
Check: PDF version of manual
Result: WARNING
    LaTeX errors when creating PDF version.
    This typically indicates Rd problems.
    LaTeX errors found:
    ! LaTeX Error: File `upquote.sty' not found.
    
    Type X to quit or <RETURN> to proceed,
    or enter new name. (Default extension: sty)
    
    030fe9d/Rd2.tex:8: ==> Fatal error occurred, no output PDF file produced!
Flavor: r-release-osx-x86_64-mavericks