CRAN Package Check Results for Package NPHMC

Last updated on 2014-09-01 23:46:47.

Flavor Version Tinstall Tcheck Ttotal Status Flags
r-devel-linux-x86_64-debian-clang 2.2 0.73 11.89 12.62 NOTE
r-devel-linux-x86_64-debian-gcc 2.2 0.70 11.54 12.24 NOTE
r-devel-linux-x86_64-fedora-clang 2.2 25.59 NOTE
r-devel-linux-x86_64-fedora-gcc 2.2 24.03 NOTE
r-devel-osx-x86_64-clang 2.2 25.87 NOTE
r-devel-windows-ix86+x86_64 2.2 3.00 21.00 24.00 NOTE
r-patched-linux-x86_64 2.2 0.74 11.94 12.68 NOTE
r-patched-solaris-sparc 2.2 145.50 NOTE
r-patched-solaris-x86 2.2 36.90 NOTE
r-release-linux-ix86 2.2 1.11 25.65 26.76 NOTE
r-release-linux-x86_64 2.2 0.75 12.56 13.31 NOTE
r-release-osx-x86_64-mavericks 2.2 NOTE
r-release-osx-x86_64-snowleopard 2.2 OK
r-release-windows-ix86+x86_64 2.2 4.00 21.00 25.00 NOTE
r-oldrel-windows-ix86+x86_64 2.2 3.00 23.00 26.00 NOTE

Check Details

Version: 2.2
Check: dependencies in R code
Result: NOTE
    Packages in Depends field not imported from:
     ‘smcure’ ‘survival’
     These packages need to be imported from (in the NAMESPACE file)
     for when this namespace is loaded but not attached.
    See the information on DESCRIPTION files in the chapter ‘Creating R
    packages’ of the ‘Writing R Extensions’ manual.
Flavors: r-devel-linux-x86_64-debian-clang, r-devel-linux-x86_64-debian-gcc, r-devel-linux-x86_64-fedora-clang, r-devel-linux-x86_64-fedora-gcc, r-devel-osx-x86_64-clang, r-devel-windows-ix86+x86_64, r-patched-linux-x86_64, r-patched-solaris-sparc, r-patched-solaris-x86, r-release-linux-ix86, r-release-linux-x86_64, r-release-osx-x86_64-mavericks, r-release-windows-ix86+x86_64, r-oldrel-windows-ix86+x86_64

Version: 2.2
Check: R code for possible problems
Result: NOTE
    NPHMC: no visible global function definition for ‘smcure’
    NPHMC: no visible global function definition for ‘coxph’
Flavors: r-devel-linux-x86_64-debian-clang, r-devel-linux-x86_64-debian-gcc, r-devel-linux-x86_64-fedora-clang, r-devel-linux-x86_64-fedora-gcc, r-devel-osx-x86_64-clang, r-devel-windows-ix86+x86_64