CRAN Package Check Results for Package NPHMC

Last updated on 2014-11-28 19:51:24.

Flavor Version Tinstall Tcheck Ttotal Status Flags
r-devel-linux-x86_64-debian-clang 2.2 0.78 12.65 13.43 NOTE
r-devel-linux-x86_64-debian-gcc 2.2 0.72 12.67 13.40 NOTE
r-devel-linux-x86_64-fedora-clang 2.2 28.50 NOTE
r-devel-linux-x86_64-fedora-gcc 2.2 25.72 NOTE
r-devel-osx-x86_64-clang 2.2 28.36 NOTE
r-devel-windows-ix86+x86_64 2.2 3.00 21.00 24.00 NOTE
r-patched-linux-x86_64 2.2 0.76 12.18 12.93 NOTE
r-patched-solaris-sparc 2.2 149.10 NOTE
r-patched-solaris-x86 2.2 38.00 NOTE
r-release-linux-ix86 2.2 1.04 18.50 19.54 NOTE
r-release-linux-x86_64 2.2 0.79 12.30 13.09 NOTE
r-release-osx-x86_64-mavericks 2.2 NOTE
r-release-osx-x86_64-snowleopard 2.2 OK
r-release-windows-ix86+x86_64 2.2 3.00 20.00 23.00 NOTE
r-oldrel-windows-ix86+x86_64 2.2 3.00 23.00 26.00 NOTE

Check Details

Version: 2.2
Check: dependencies in R code
Result: NOTE
    Packages in Depends field not imported from:
     ‘smcure’ ‘survival’
     These packages need to be imported from (in the NAMESPACE file)
     for when this namespace is loaded but not attached.
    See the information on DESCRIPTION files in the chapter ‘Creating R
    packages’ of the ‘Writing R Extensions’ manual.
Flavors: r-devel-linux-x86_64-debian-clang, r-devel-linux-x86_64-debian-gcc, r-devel-linux-x86_64-fedora-clang, r-devel-linux-x86_64-fedora-gcc, r-devel-osx-x86_64-clang, r-devel-windows-ix86+x86_64, r-patched-linux-x86_64, r-patched-solaris-sparc, r-patched-solaris-x86, r-release-linux-ix86, r-release-linux-x86_64, r-release-osx-x86_64-mavericks, r-release-windows-ix86+x86_64, r-oldrel-windows-ix86+x86_64

Version: 2.2
Check: R code for possible problems
Result: NOTE
    NPHMC: no visible global function definition for ‘smcure’
    NPHMC: no visible global function definition for ‘coxph’
Flavors: r-devel-linux-x86_64-debian-clang, r-devel-linux-x86_64-debian-gcc, r-devel-linux-x86_64-fedora-clang, r-devel-linux-x86_64-fedora-gcc, r-devel-osx-x86_64-clang, r-devel-windows-ix86+x86_64, r-patched-linux-x86_64, r-patched-solaris-sparc, r-patched-solaris-x86, r-release-linux-ix86, r-release-linux-x86_64, r-release-windows-ix86+x86_64