CRAN Package Check Results for Package NPHMC

Last updated on 2015-04-18 23:50:16.

Flavor Version Tinstall Tcheck Ttotal Status Flags
r-devel-linux-x86_64-debian-clang 2.2 0.64 11.37 12.01 NOTE
r-devel-linux-x86_64-debian-gcc 2.2 0.77 11.58 12.34 NOTE
r-devel-linux-x86_64-fedora-clang 2.2 23.40 NOTE
r-devel-linux-x86_64-fedora-gcc 2.2 22.47 NOTE
r-devel-osx-x86_64-clang 2.2 25.44 NOTE
r-patched-linux-x86_64 2.2 0.63 11.31 11.94 NOTE
r-patched-solaris-sparc 2.2 150.80 NOTE
r-patched-solaris-x86 2.2 32.20 NOTE
r-release-linux-x86_64 2.2 0.61 11.22 11.84 NOTE
r-release-osx-x86_64-mavericks 2.2 NOTE
r-release-osx-x86_64-snowleopard 2.2 NOTE
r-release-windows-ix86+x86_64 2.2 2.00 23.00 25.00 NOTE
r-oldrel-windows-ix86+x86_64 2.2 3.00 22.00 25.00 NOTE

Check Details

Version: 2.2
Check: DESCRIPTION meta-information
Result: NOTE
    Malformed Description field: should contain one or more complete sentences.
Flavors: r-devel-linux-x86_64-debian-clang, r-devel-linux-x86_64-debian-gcc, r-devel-linux-x86_64-fedora-clang, r-devel-linux-x86_64-fedora-gcc, r-devel-osx-x86_64-clang, r-patched-linux-x86_64, r-patched-solaris-sparc, r-patched-solaris-x86, r-release-linux-x86_64, r-release-osx-x86_64-mavericks, r-release-osx-x86_64-snowleopard, r-release-windows-ix86+x86_64

Version: 2.2
Check: dependencies in R code
Result: NOTE
    Packages in Depends field not imported from:
     ‘smcure’ ‘survival’
     These packages need to be imported from (in the NAMESPACE file)
     for when this namespace is loaded but not attached.
Flavors: r-devel-linux-x86_64-debian-clang, r-devel-linux-x86_64-debian-gcc, r-devel-linux-x86_64-fedora-clang, r-devel-linux-x86_64-fedora-gcc, r-devel-osx-x86_64-clang, r-patched-linux-x86_64, r-patched-solaris-sparc, r-patched-solaris-x86, r-release-linux-x86_64, r-release-osx-x86_64-mavericks, r-release-osx-x86_64-snowleopard, r-release-windows-ix86+x86_64

Version: 2.2
Check: R code for possible problems
Result: NOTE
    NPHMC: no visible global function definition for ‘smcure’
    NPHMC: no visible global function definition for ‘coxph’
Flavors: r-devel-linux-x86_64-debian-clang, r-devel-linux-x86_64-debian-gcc, r-devel-linux-x86_64-fedora-clang, r-devel-linux-x86_64-fedora-gcc, r-devel-osx-x86_64-clang, r-patched-linux-x86_64, r-patched-solaris-sparc, r-patched-solaris-x86, r-release-linux-x86_64, r-release-osx-x86_64-mavericks, r-release-osx-x86_64-snowleopard, r-release-windows-ix86+x86_64

Version: 2.2
Check: dependencies in R code
Result: NOTE
    Packages in Depends field not imported from:
     'smcure' 'survival'
     These packages need to be imported from (in the NAMESPACE file)
     for when this namespace is loaded but not attached.
    See the information on DESCRIPTION files in the chapter 'Creating R
    packages' of the 'Writing R Extensions' manual.
Flavor: r-oldrel-windows-ix86+x86_64