CRAN Package Check Results for Package NPHMC

Last updated on 2016-06-01 06:49:07.

Flavor Version Tinstall Tcheck Ttotal Status Flags
r-devel-linux-x86_64-debian-gcc 2.2 2.84 28.05 30.89 NOTE
r-devel-linux-x86_64-fedora-clang 2.2 56.03 NOTE
r-devel-linux-x86_64-fedora-gcc 2.2 52.19 NOTE
r-devel-osx-x86_64-clang 2.2 61.12 NOTE
r-devel-windows-ix86+x86_64 2.2 9.00 64.00 73.00 NOTE
r-patched-linux-x86_64 2.2 2.73 27.38 30.11 NOTE
r-patched-solaris-sparc 2.2 339.80 NOTE
r-patched-solaris-x86 2.2 75.20 NOTE
r-release-linux-x86_64 2.2 2.94 25.68 28.62 NOTE
r-release-osx-x86_64-mavericks 2.2 NOTE
r-release-windows-ix86+x86_64 2.2 10.00 65.00 75.00 NOTE
r-oldrel-windows-ix86+x86_64 2.2 7.00 70.00 77.00 NOTE

Check Details

Version: 2.2
Check: DESCRIPTION meta-information
Result: NOTE
    Malformed Description field: should contain one or more complete sentences.
Flavors: r-devel-linux-x86_64-debian-gcc, r-devel-linux-x86_64-fedora-clang, r-devel-linux-x86_64-fedora-gcc, r-devel-osx-x86_64-clang, r-devel-windows-ix86+x86_64, r-patched-linux-x86_64, r-patched-solaris-sparc, r-patched-solaris-x86, r-release-linux-x86_64, r-release-osx-x86_64-mavericks, r-release-windows-ix86+x86_64, r-oldrel-windows-ix86+x86_64

Version: 2.2
Check: dependencies in R code
Result: NOTE
    Packages in Depends field not imported from:
     ‘smcure’ ‘survival’
     These packages need to be imported from (in the NAMESPACE file)
     for when this namespace is loaded but not attached.
Flavors: r-devel-linux-x86_64-debian-gcc, r-devel-linux-x86_64-fedora-clang, r-devel-linux-x86_64-fedora-gcc, r-devel-osx-x86_64-clang, r-devel-windows-ix86+x86_64, r-patched-linux-x86_64, r-patched-solaris-sparc, r-patched-solaris-x86, r-release-linux-x86_64, r-release-osx-x86_64-mavericks, r-release-windows-ix86+x86_64, r-oldrel-windows-ix86+x86_64

Version: 2.2
Check: R code for possible problems
Result: NOTE
    NPHMC: no visible global function definition for ‘integrate’
    NPHMC: no visible global function definition for ‘qnorm’
    NPHMC: no visible global function definition for ‘pnorm’
    NPHMC: no visible global function definition for ‘plot’
    NPHMC: no visible global function definition for ‘lines’
    NPHMC: no visible global function definition for ‘smcure’
    NPHMC: no visible global function definition for ‘coxph’
    Undefined global functions or variables:
     coxph integrate lines plot pnorm qnorm smcure
    Consider adding
     importFrom("graphics", "lines", "plot")
     importFrom("stats", "integrate", "pnorm", "qnorm")
    to your NAMESPACE file.
Flavors: r-devel-linux-x86_64-debian-gcc, r-devel-linux-x86_64-fedora-clang, r-devel-linux-x86_64-fedora-gcc, r-devel-osx-x86_64-clang, r-devel-windows-ix86+x86_64, r-patched-linux-x86_64, r-patched-solaris-sparc, r-patched-solaris-x86, r-release-linux-x86_64, r-release-osx-x86_64-mavericks, r-release-windows-ix86+x86_64

Version: 2.2
Check: R code for possible problems
Result: NOTE
    NPHMC: no visible global function definition for 'smcure'
    NPHMC: no visible global function definition for 'coxph'
Flavor: r-oldrel-windows-ix86+x86_64