CRAN Package Check Results for Package NPHMC

Last updated on 2014-07-24 03:48:52.

Flavor Version Tinstall Tcheck Ttotal Status Flags
r-devel-linux-x86_64-debian-clang 2.2 0.71 11.88 12.59 NOTE
r-devel-linux-x86_64-debian-gcc 2.2 0.72 11.80 12.52 NOTE
r-devel-linux-x86_64-fedora-clang 2.2 27.23 NOTE
r-devel-linux-x86_64-fedora-gcc 2.2 25.42 NOTE
r-devel-osx-x86_64-clang 2.2 26.81 NOTE
r-devel-windows-ix86+x86_64 2.2 3.00 21.00 24.00 NOTE
r-patched-linux-x86_64 2.2 0.70 11.85 12.55 NOTE
r-patched-solaris-sparc 2.2 148.60 NOTE
r-patched-solaris-x86 2.2 36.30 NOTE
r-release-linux-ix86 2.2 1.08 19.17 20.25 NOTE
r-release-linux-x86_64 2.2 0.75 12.66 13.41 NOTE
r-release-osx-x86_64-mavericks 2.2 NOTE
r-release-osx-x86_64-snowleopard 2.2 OK
r-release-windows-ix86+x86_64 2.2 4.00 21.00 25.00 NOTE
r-oldrel-windows-ix86+x86_64 2.2 3.00 23.00 26.00 NOTE

Check Details

Version: 2.2
Check: dependencies in R code
Result: NOTE
    Packages in Depends field not imported from:
     ‘smcure’ ‘survival’
     These packages need to be imported from (in the NAMESPACE file)
     for when this namespace is loaded but not attached.
    See the information on DESCRIPTION files in the chapter ‘Creating R
    packages’ of the ‘Writing R Extensions’ manual.
Flavors: r-devel-linux-x86_64-debian-clang, r-devel-linux-x86_64-debian-gcc, r-devel-linux-x86_64-fedora-clang, r-devel-linux-x86_64-fedora-gcc, r-devel-osx-x86_64-clang, r-devel-windows-ix86+x86_64, r-patched-linux-x86_64, r-patched-solaris-sparc, r-patched-solaris-x86, r-release-linux-ix86, r-release-linux-x86_64, r-release-osx-x86_64-mavericks, r-release-windows-ix86+x86_64, r-oldrel-windows-ix86+x86_64