CRAN Package Check Results for Package NPHMC

Last updated on 2018-01-21 08:48:32 CET.

Flavor Version Tinstall Tcheck Ttotal Status Flags
r-devel-linux-x86_64-debian-clang 2.2 2.21 42.81 45.02 NOTE
r-devel-linux-x86_64-debian-gcc 2.2 2.28 33.31 35.59 NOTE
r-devel-linux-x86_64-fedora-clang 2.2 58.82 NOTE
r-devel-linux-x86_64-fedora-gcc 2.2 60.78 NOTE
r-devel-windows-ix86+x86_64 2.2 7.00 53.00 60.00 NOTE
r-patched-linux-x86_64 2.2 2.69 44.08 46.77 NOTE
r-patched-solaris-x86 2.2 103.60 NOTE
r-release-linux-x86_64 2.2 3.08 43.89 46.97 NOTE
r-release-windows-ix86+x86_64 2.2 10.00 71.00 81.00 NOTE
r-release-osx-x86_64 2.2 NOTE
r-oldrel-windows-ix86+x86_64 2.2 9.00 70.00 79.00 NOTE
r-oldrel-osx-x86_64 2.2 NOTE

Check Details

Version: 2.2
Check: DESCRIPTION meta-information
Result: NOTE
    Malformed Description field: should contain one or more complete sentences.
Flavors: r-devel-linux-x86_64-debian-clang, r-devel-linux-x86_64-debian-gcc, r-devel-linux-x86_64-fedora-clang, r-devel-linux-x86_64-fedora-gcc, r-devel-windows-ix86+x86_64, r-patched-linux-x86_64, r-patched-solaris-x86, r-release-linux-x86_64, r-release-windows-ix86+x86_64, r-release-osx-x86_64, r-oldrel-windows-ix86+x86_64, r-oldrel-osx-x86_64

Version: 2.2
Check: dependencies in R code
Result: NOTE
    Packages in Depends field not imported from:
     ‘smcure’ ‘survival’
     These packages need to be imported from (in the NAMESPACE file)
     for when this namespace is loaded but not attached.
Flavors: r-devel-linux-x86_64-debian-clang, r-devel-linux-x86_64-debian-gcc, r-devel-linux-x86_64-fedora-clang, r-devel-linux-x86_64-fedora-gcc, r-devel-windows-ix86+x86_64, r-patched-linux-x86_64, r-patched-solaris-x86, r-release-linux-x86_64, r-release-windows-ix86+x86_64, r-release-osx-x86_64, r-oldrel-windows-ix86+x86_64, r-oldrel-osx-x86_64

Version: 2.2
Check: R code for possible problems
Result: NOTE
    NPHMC: no visible global function definition for ‘integrate’
    NPHMC: no visible global function definition for ‘qnorm’
    NPHMC: no visible global function definition for ‘pnorm’
    NPHMC: no visible global function definition for ‘plot’
    NPHMC: no visible global function definition for ‘lines’
    NPHMC: no visible global function definition for ‘smcure’
    NPHMC: no visible global function definition for ‘coxph’
    Undefined global functions or variables:
     coxph integrate lines plot pnorm qnorm smcure
    Consider adding
     importFrom("graphics", "lines", "plot")
     importFrom("stats", "integrate", "pnorm", "qnorm")
    to your NAMESPACE file.
Flavors: r-devel-linux-x86_64-debian-clang, r-devel-linux-x86_64-debian-gcc, r-devel-linux-x86_64-fedora-clang, r-devel-linux-x86_64-fedora-gcc, r-devel-windows-ix86+x86_64, r-patched-linux-x86_64, r-patched-solaris-x86, r-release-linux-x86_64, r-release-windows-ix86+x86_64, r-release-osx-x86_64, r-oldrel-windows-ix86+x86_64, r-oldrel-osx-x86_64