CRAN Package Check Results for Package NPMPM

Last updated on 2014-04-16 06:47:58.

Flavor Version Tinstall Tcheck Ttotal Status Flags
r-devel-linux-x86_64-debian-clang 1.0 0.56 9.05 9.61 NOTE
r-devel-linux-x86_64-debian-gcc 1.0 0.58 9.36 9.94 NOTE
r-devel-linux-x86_64-fedora-clang 1.0 19.20 NOTE
r-devel-linux-x86_64-fedora-gcc 1.0 17.73 NOTE
r-devel-macosx-x86_64-clang 1.0 22.41 NOTE
r-devel-macosx-x86_64-gcc 1.0 NOTE
r-devel-windows-ix86+x86_64 1.0 2.00 14.00 16.00 NOTE
r-patched-linux-x86_64 1.0 0.59 9.04 9.62 NOTE
r-patched-solaris-sparc 1.0 107.40 NOTE
r-patched-solaris-x86 1.0 28.10 NOTE
r-release-linux-ix86 1.0 1.00 21.00 22.00 NOTE
r-release-linux-x86_64 1.0 0.59 9.44 10.03 NOTE
r-release-windows-ix86+x86_64 1.0 2.00 15.00 17.00 NOTE
r-oldrel-windows-ix86+x86_64 1.0 2.00 16.00 18.00 NOTE

Check Details

Version: 1.0
Check: R code for possible problems
Result: NOTE
    allsomv: no visible binding for global variable ‘raw_data’
    apsomv: no visible binding for global variable ‘raw_data’
    apsomv: no visible binding for '<<-' assignment to ‘NAwarning’
    cfuinterpolation: no visible binding for global variable
     ‘measured_values’
    disconestep: no visible binding for global variable ‘measured_values’
    disconestep: no visible binding for global variable ‘psteps’
    makepdfoutput: no visible binding for '<<-' assignment to ‘textt’
    npmpm: no visible binding for '<<-' assignment to ‘inputsettings’
    npmpm: no visible binding for global variable ‘psteps’
    npmpm: no visible binding for '<<-' assignment to ‘cfu’
    npmpm: no visible binding for '<<-' assignment to ‘countwarnings’
    npmpm: no visible binding for global variable ‘cfu’
    onestep: no visible binding for global variable ‘measured_values’
    onestep: no visible binding for global variable ‘psteps’
    simpleinterpolation: no visible binding for global variable
     ‘measured_values’
Flavors: r-devel-linux-x86_64-debian-clang, r-devel-linux-x86_64-debian-gcc, r-devel-linux-x86_64-fedora-clang, r-devel-linux-x86_64-fedora-gcc, r-devel-macosx-x86_64-clang, r-devel-macosx-x86_64-gcc, r-devel-windows-ix86+x86_64, r-patched-linux-x86_64, r-patched-solaris-sparc, r-patched-solaris-x86, r-release-linux-ix86, r-release-linux-x86_64, r-release-windows-ix86+x86_64, r-oldrel-windows-ix86+x86_64

Version: 1.0
Check: Rd line widths
Result: NOTE
    Rd file 'npmpm.Rd':
     \usage lines wider than 90 characters:
     npmpm(inoculum, errorb = 0.01, intexmethod = cfuinterpolation, apsomvmethod = apsomv, pdistpsteps = psteppar, lastiteration = numberite ... [TRUNCATED]
    
    These lines will be truncated in the PDF manual.
Flavors: r-devel-linux-x86_64-fedora-clang, r-devel-linux-x86_64-fedora-gcc