CRAN Package Check Results for Package NPMPM

Last updated on 2014-10-02 11:48:12.

Flavor Version Tinstall Tcheck Ttotal Status Flags
r-devel-linux-x86_64-debian-clang 1.0 0.60 9.12 9.71 NOTE
r-devel-linux-x86_64-debian-gcc 1.0 0.59 8.98 9.57 NOTE
r-devel-linux-x86_64-fedora-clang 1.0 19.82 NOTE
r-devel-linux-x86_64-fedora-gcc 1.0 19.08 NOTE
r-devel-osx-x86_64-clang 1.0 21.30 NOTE
r-devel-windows-ix86+x86_64 1.0 2.00 15.00 17.00 NOTE
r-patched-linux-x86_64 1.0 0.64 9.52 10.16 NOTE
r-patched-solaris-sparc 1.0 104.30 NOTE
r-patched-solaris-x86 1.0 29.60 NOTE
r-release-linux-ix86 1.0 0.83 14.82 15.65 NOTE
r-release-linux-x86_64 1.0 0.56 9.23 9.79 NOTE
r-release-osx-x86_64-mavericks 1.0 NOTE
r-release-windows-ix86+x86_64 1.0 2.00 16.00 18.00 NOTE
r-oldrel-windows-ix86+x86_64 1.0 3.00 17.00 20.00 NOTE

Check Details

Version: 1.0
Check: R code for possible problems
Result: NOTE
    allsomv: no visible binding for global variable ‘raw_data’
    apsomv: no visible binding for global variable ‘raw_data’
    apsomv: no visible binding for '<<-' assignment to ‘NAwarning’
    cfuinterpolation: no visible binding for global variable
     ‘measured_values’
    disconestep: no visible binding for global variable ‘measured_values’
    disconestep: no visible binding for global variable ‘psteps’
    makepdfoutput: no visible binding for '<<-' assignment to ‘textt’
    npmpm: no visible binding for '<<-' assignment to ‘inputsettings’
    npmpm: no visible binding for global variable ‘psteps’
    npmpm: no visible binding for '<<-' assignment to ‘cfu’
    npmpm: no visible binding for '<<-' assignment to ‘countwarnings’
    npmpm: no visible binding for global variable ‘cfu’
    onestep: no visible binding for global variable ‘measured_values’
    onestep: no visible binding for global variable ‘psteps’
    simpleinterpolation: no visible binding for global variable
     ‘measured_values’
Flavors: r-devel-linux-x86_64-debian-clang, r-devel-linux-x86_64-debian-gcc, r-devel-linux-x86_64-fedora-clang, r-devel-linux-x86_64-fedora-gcc, r-devel-osx-x86_64-clang, r-devel-windows-ix86+x86_64, r-patched-linux-x86_64, r-patched-solaris-sparc, r-patched-solaris-x86, r-release-linux-ix86, r-release-linux-x86_64, r-release-osx-x86_64-mavericks, r-release-windows-ix86+x86_64, r-oldrel-windows-ix86+x86_64

Version: 1.0
Check: Rd line widths
Result: NOTE
    Rd file 'npmpm.Rd':
     \usage lines wider than 90 characters:
     npmpm(inoculum, errorb = 0.01, intexmethod = cfuinterpolation, apsomvmethod = apsomv, pdistpsteps = psteppar, lastiteration = numberite ... [TRUNCATED]
    
    These lines will be truncated in the PDF manual.
Flavors: r-devel-linux-x86_64-debian-clang, r-devel-linux-x86_64-debian-gcc, r-devel-linux-x86_64-fedora-clang, r-devel-linux-x86_64-fedora-gcc, r-patched-linux-x86_64, r-release-linux-x86_64