CRAN Package Check Results for Package NPMPM

Last updated on 2015-03-31 03:48:36.

Flavor Version Tinstall Tcheck Ttotal Status Flags
r-devel-linux-x86_64-debian-clang 1.0 0.64 8.76 9.39 NOTE
r-devel-linux-x86_64-debian-gcc 1.0 0.54 8.54 9.08 NOTE
r-devel-linux-x86_64-fedora-clang 1.0 17.48 NOTE
r-devel-linux-x86_64-fedora-gcc 1.0 16.60 NOTE
r-devel-osx-x86_64-clang 1.0 24.19 NOTE
r-prerel-windows-ix86+x86_64 1.0 3.00 15.00 18.00 NOTE
r-prerel-linux-x86_64 1.0 0.54 8.73 9.28 NOTE
r-prerel-solaris-sparc 1.0 100.30 NOTE
r-prerel-solaris-x86 1.0 25.80 NOTE
r-release-linux-x86_64 1.0 0.64 9.67 10.31 NOTE
r-release-osx-x86_64-mavericks 1.0 NOTE
r-release-windows-ix86+x86_64 1.0 2.00 18.00 20.00 NOTE
r-oldrel-windows-ix86+x86_64 1.0 2.00 17.00 19.00 NOTE

Check Details

Version: 1.0
Check: dependencies in R code
Result: NOTE
    'library' or 'require' calls in package code:
     ‘SweaveListingUtils’ ‘graphics’
     Please use :: or requireNamespace() instead.
     See section 'Suggested packages' in the 'Writing R Extensions' manual.
Flavors: r-devel-linux-x86_64-debian-clang, r-devel-linux-x86_64-debian-gcc, r-devel-linux-x86_64-fedora-clang, r-devel-linux-x86_64-fedora-gcc, r-devel-osx-x86_64-clang, r-prerel-windows-ix86+x86_64, r-prerel-linux-x86_64, r-prerel-solaris-sparc, r-prerel-solaris-x86, r-release-linux-x86_64, r-release-windows-ix86+x86_64

Version: 1.0
Check: R code for possible problems
Result: NOTE
    allsomv: no visible binding for global variable ‘raw_data’
    apsomv: no visible binding for global variable ‘raw_data’
    apsomv: no visible binding for '<<-' assignment to ‘NAwarning’
    cfuinterpolation: no visible binding for global variable
     ‘measured_values’
    disconestep: no visible binding for global variable ‘measured_values’
    disconestep: no visible binding for global variable ‘psteps’
    makepdfoutput: no visible binding for '<<-' assignment to ‘textt’
    npmpm: no visible binding for '<<-' assignment to ‘inputsettings’
    npmpm: no visible binding for global variable ‘psteps’
    npmpm: no visible binding for '<<-' assignment to ‘cfu’
    npmpm: no visible binding for '<<-' assignment to ‘countwarnings’
    npmpm: no visible binding for global variable ‘cfu’
    onestep: no visible binding for global variable ‘measured_values’
    onestep: no visible binding for global variable ‘psteps’
    simpleinterpolation: no visible binding for global variable
     ‘measured_values’
Flavors: r-devel-linux-x86_64-debian-clang, r-devel-linux-x86_64-debian-gcc, r-devel-linux-x86_64-fedora-clang, r-devel-linux-x86_64-fedora-gcc, r-devel-osx-x86_64-clang, r-prerel-windows-ix86+x86_64, r-prerel-linux-x86_64, r-prerel-solaris-sparc, r-prerel-solaris-x86, r-release-linux-x86_64, r-release-osx-x86_64-mavericks, r-release-windows-ix86+x86_64, r-oldrel-windows-ix86+x86_64

Version: 1.0
Check: Rd line widths
Result: NOTE
    Rd file 'npmpm.Rd':
     \usage lines wider than 90 characters:
     npmpm(inoculum, errorb = 0.01, intexmethod = cfuinterpolation, apsomvmethod = apsomv, pdistpsteps = psteppar, lastiteration = numberite ... [TRUNCATED]
    
    These lines will be truncated in the PDF manual.
Flavors: r-devel-linux-x86_64-debian-clang, r-devel-linux-x86_64-debian-gcc, r-devel-linux-x86_64-fedora-clang, r-devel-linux-x86_64-fedora-gcc, r-prerel-linux-x86_64, r-release-linux-x86_64