CRAN Package Check Results for Package NPMPM

Last updated on 2015-09-01 12:48:22.

Flavor Version Tinstall Tcheck Ttotal Status Flags
r-devel-linux-x86_64-debian-clang 1.0 0.51 8.48 8.98 NOTE
r-devel-linux-x86_64-debian-gcc 1.0 0.57 8.18 8.75 NOTE
r-devel-linux-x86_64-fedora-clang 1.0 16.95 NOTE
r-devel-linux-x86_64-fedora-gcc 1.0 15.76 NOTE
r-devel-osx-x86_64-clang 1.0 17.47 NOTE
r-devel-windows-ix86+x86_64 1.0 5.00 20.00 25.00 NOTE
r-patched-linux-x86_64 1.0 0.56 8.67 9.22 NOTE
r-patched-solaris-sparc 1.0 110.20 NOTE
r-patched-solaris-x86 1.0 26.70 NOTE
r-release-linux-x86_64 1.0 0.59 8.71 9.30 NOTE
r-release-osx-x86_64-mavericks 1.0 NOTE
r-release-windows-ix86+x86_64 1.0 3.00 16.00 19.00 NOTE
r-oldrel-windows-ix86+x86_64 1.0 4.00 18.00 22.00 NOTE

Check Details

Version: 1.0
Check: dependencies in R code
Result: NOTE
    'library' or 'require' calls in package code:
     ‘SweaveListingUtils’ ‘graphics’
     Please use :: or requireNamespace() instead.
     See section 'Suggested packages' in the 'Writing R Extensions' manual.
Flavors: r-devel-linux-x86_64-debian-clang, r-devel-linux-x86_64-debian-gcc, r-devel-linux-x86_64-fedora-clang, r-devel-linux-x86_64-fedora-gcc, r-devel-osx-x86_64-clang, r-devel-windows-ix86+x86_64, r-patched-linux-x86_64, r-patched-solaris-sparc, r-patched-solaris-x86, r-release-linux-x86_64, r-release-osx-x86_64-mavericks, r-release-windows-ix86+x86_64, r-oldrel-windows-ix86+x86_64

Version: 1.0
Check: R code for possible problems
Result: NOTE
    allsomv: no visible binding for global variable ‘raw_data’
    apsomv: no visible binding for global variable ‘raw_data’
    apsomv: no visible binding for '<<-' assignment to ‘NAwarning’
    cfuinterpolation: no visible binding for global variable
     ‘measured_values’
    cfuinterpolation: no visible global function definition for ‘lm’
    cfuinterpolation: no visible global function definition for ‘coef’
    disconestep: no visible global function definition for ‘runif’
    disconestep: no visible binding for global variable ‘measured_values’
    disconestep: no visible binding for global variable ‘psteps’
    makepdfoutput: no visible binding for '<<-' assignment to ‘textt’
    makepdfoutput: no visible global function definition for ‘Sweave’
    npmpm: no visible binding for '<<-' assignment to ‘inputsettings’
    npmpm: no visible binding for global variable ‘psteps’
    npmpm: no visible binding for '<<-' assignment to ‘cfu’
    npmpm: no visible binding for '<<-' assignment to ‘countwarnings’
    npmpm: no visible binding for global variable ‘cfu’
    onestep: no visible binding for global variable ‘measured_values’
    onestep: no visible global function definition for ‘var’
    onestep: no visible binding for global variable ‘psteps’
    onestep: no visible global function definition for ‘rnorm’
    psteppar: no visible global function definition for ‘runif’
    simpleinterpolation: no visible binding for global variable
     ‘measured_values’
    Undefined global functions or variables:
     Sweave cfu coef lm measured_values psteps raw_data rnorm runif var
    Consider adding
     importFrom("stats", "coef", "lm", "rnorm", "runif", "var")
     importFrom("utils", "Sweave")
    to your NAMESPACE.
Flavors: r-devel-linux-x86_64-debian-clang, r-devel-linux-x86_64-debian-gcc, r-devel-linux-x86_64-fedora-clang, r-devel-linux-x86_64-fedora-gcc, r-devel-windows-ix86+x86_64

Version: 1.0
Check: Rd line widths
Result: NOTE
    Rd file 'npmpm.Rd':
     \usage lines wider than 90 characters:
     npmpm(inoculum, errorb = 0.01, intexmethod = cfuinterpolation, apsomvmethod = apsomv, pdistpsteps = psteppar, lastiteration = numberite ... [TRUNCATED]
    
    These lines will be truncated in the PDF manual.
Flavors: r-devel-linux-x86_64-debian-clang, r-devel-linux-x86_64-debian-gcc, r-devel-linux-x86_64-fedora-clang, r-devel-linux-x86_64-fedora-gcc, r-patched-linux-x86_64, r-release-linux-x86_64

Version: 1.0
Check: R code for possible problems
Result: NOTE
    allsomv: no visible binding for global variable ‘raw_data’
    apsomv: no visible binding for global variable ‘raw_data’
    apsomv: no visible binding for '<<-' assignment to ‘NAwarning’
    cfuinterpolation: no visible binding for global variable
     ‘measured_values’
    disconestep: no visible binding for global variable ‘measured_values’
    disconestep: no visible binding for global variable ‘psteps’
    makepdfoutput: no visible binding for '<<-' assignment to ‘textt’
    npmpm: no visible binding for '<<-' assignment to ‘inputsettings’
    npmpm: no visible binding for global variable ‘psteps’
    npmpm: no visible binding for '<<-' assignment to ‘cfu’
    npmpm: no visible binding for '<<-' assignment to ‘countwarnings’
    npmpm: no visible binding for global variable ‘cfu’
    onestep: no visible binding for global variable ‘measured_values’
    onestep: no visible binding for global variable ‘psteps’
    simpleinterpolation: no visible binding for global variable
     ‘measured_values’
    Undefined global functions or variables:
     cfu measured_values psteps raw_data
Flavor: r-devel-osx-x86_64-clang

Version: 1.0
Check: R code for possible problems
Result: NOTE
    allsomv: no visible binding for global variable ‘raw_data’
    apsomv: no visible binding for global variable ‘raw_data’
    apsomv: no visible binding for '<<-' assignment to ‘NAwarning’
    cfuinterpolation: no visible binding for global variable
     ‘measured_values’
    disconestep: no visible binding for global variable ‘measured_values’
    disconestep: no visible binding for global variable ‘psteps’
    makepdfoutput: no visible binding for '<<-' assignment to ‘textt’
    npmpm: no visible binding for '<<-' assignment to ‘inputsettings’
    npmpm: no visible binding for global variable ‘psteps’
    npmpm: no visible binding for '<<-' assignment to ‘cfu’
    npmpm: no visible binding for '<<-' assignment to ‘countwarnings’
    npmpm: no visible binding for global variable ‘cfu’
    onestep: no visible binding for global variable ‘measured_values’
    onestep: no visible binding for global variable ‘psteps’
    simpleinterpolation: no visible binding for global variable
     ‘measured_values’
Flavors: r-patched-linux-x86_64, r-patched-solaris-sparc, r-patched-solaris-x86, r-release-linux-x86_64, r-release-osx-x86_64-mavericks, r-release-windows-ix86+x86_64, r-oldrel-windows-ix86+x86_64