CRAN Package Check Results for Package NPS

Last updated on 2022-01-19 23:49:05 CET.

Flavor Version Tinstall Tcheck Ttotal Status Flags
r-devel-linux-x86_64-debian-clang 1.1 NOTE
r-devel-linux-x86_64-debian-gcc 1.1 1.69 24.67 26.36 NOTE
r-devel-linux-x86_64-fedora-clang 1.1 39.29 NOTE
r-devel-linux-x86_64-fedora-gcc 1.1 29.33 NOTE
r-devel-windows-x86_64-new-UL 1.1 21.00 50.00 71.00 NOTE
r-devel-windows-x86_64-new-TK 1.1 NOTE
r-patched-linux-x86_64 1.1 1.59 28.85 30.44 NOTE
r-release-linux-x86_64 1.1 NOTE
r-release-macos-arm64 1.1 NOTE
r-release-macos-x86_64 1.1 NOTE
r-release-windows-ix86+x86_64 1.1 5.00 37.00 42.00 NOTE
r-oldrel-macos-x86_64 1.1 NOTE
r-oldrel-windows-ix86+x86_64 1.1 5.00 35.00 40.00 NOTE

Check Details

Version: 1.1
Check: R code for possible problems
Result: NOTE
    nps.test: no visible global function definition for 'qnorm'
    nps.test: no visible global function definition for 'pnorm'
    Undefined global functions or variables:
     pnorm qnorm
    Consider adding
     importFrom("stats", "pnorm", "qnorm")
    to your NAMESPACE file.
Flavors: r-devel-linux-x86_64-debian-clang, r-devel-linux-x86_64-debian-gcc, r-devel-linux-x86_64-fedora-clang, r-devel-linux-x86_64-fedora-gcc, r-devel-windows-x86_64-new-UL, r-devel-windows-x86_64-new-TK, r-patched-linux-x86_64, r-release-linux-x86_64, r-release-macos-arm64, r-release-macos-x86_64, r-release-windows-ix86+x86_64, r-oldrel-macos-x86_64, r-oldrel-windows-ix86+x86_64