Last updated on 2023-03-23 12:52:12 CET.
Flavor | Version | Tinstall | Tcheck | Ttotal | Status | Flags |
---|---|---|---|---|---|---|
r-devel-linux-x86_64-debian-clang | 0.13.3 | 277.31 | 136.10 | 413.41 | NOTE | |
r-devel-linux-x86_64-debian-gcc | 0.13.3 | 222.09 | 98.60 | 320.69 | NOTE | |
r-devel-linux-x86_64-fedora-clang | 0.13.3 | 699.26 | NOTE | |||
r-devel-linux-x86_64-fedora-gcc | 0.13.3 | 581.14 | NOTE | |||
r-devel-windows-x86_64 | 0.13.3 | 442.00 | 194.00 | 636.00 | NOTE | |
r-patched-linux-x86_64 | 0.13.3 | 226.12 | 121.27 | 347.39 | OK | |
r-release-linux-x86_64 | 0.13.3 | 236.68 | 124.86 | 361.54 | OK | |
r-release-macos-arm64 | 0.13.3 | 118.00 | NOTE | |||
r-release-macos-x86_64 | 0.13.3 | 221.00 | NOTE | |||
r-release-windows-x86_64 | 0.13.3 | 232.00 | 178.00 | 410.00 | OK | |
r-oldrel-macos-arm64 | 0.13.3 | 127.00 | NOTE | |||
r-oldrel-macos-x86_64 | 0.13.3 | 210.00 | NOTE | |||
r-oldrel-windows-ix86+x86_64 | 0.13.3 | 690.00 | 243.00 | 933.00 | OK |
Version: 0.13.3
Check: C++ specification
Result: NOTE
Specified C++11: please drop specification unless essential
Flavors: r-devel-linux-x86_64-debian-clang, r-devel-linux-x86_64-debian-gcc, r-devel-linux-x86_64-fedora-clang, r-devel-linux-x86_64-fedora-gcc, r-devel-windows-x86_64
Version: 0.13.3
Check: installed package size
Result: NOTE
installed size is 7.7Mb
sub-directories of 1Mb or more:
libs 7.0Mb
Flavors: r-release-macos-arm64, r-release-macos-x86_64, r-oldrel-macos-arm64, r-oldrel-macos-x86_64