CRAN Package Check Results for Package NRAIA

Last updated on 2014-09-02 15:49:02.

Flavor Version Tinstall Tcheck Ttotal Status Flags
r-devel-linux-x86_64-debian-clang 0.9-8 0.96 17.90 18.86 NOTE
r-devel-linux-x86_64-debian-gcc 0.9-8 0.85 18.03 18.88 NOTE
r-devel-linux-x86_64-fedora-clang 0.9-8 41.49 NOTE
r-devel-linux-x86_64-fedora-gcc 0.9-8 37.73 NOTE
r-devel-osx-x86_64-clang 0.9-8 36.19 NOTE
r-devel-windows-ix86+x86_64 0.9-8 4.00 33.00 37.00 NOTE
r-patched-linux-x86_64 0.9-8 0.90 20.08 20.98 NOTE
r-patched-solaris-sparc 0.9-8 232.50 NOTE
r-patched-solaris-x86 0.9-8 54.70 NOTE
r-release-linux-ix86 0.9-8 1.27 33.37 34.64 NOTE
r-release-linux-x86_64 0.9-8 0.93 19.93 20.86 NOTE
r-release-osx-x86_64-mavericks 0.9-8 NOTE
r-release-osx-x86_64-snowleopard 0.9-8 NOTE
r-release-windows-ix86+x86_64 0.9-8 4.00 35.00 39.00 NOTE
r-oldrel-windows-ix86+x86_64 0.9-8 4.00 32.00 36.00 NOTE

Check Details

Version: 0.9-8
Check: dependencies in R code
Result: NOTE
    Unexported object imported by a ':::' call: ‘lattice:::chooseFace’
     See the note in ?`:::` about the use of this operator.
    See the information on DESCRIPTION files in the chapter ‘Creating R
    packages’ of the ‘Writing R Extensions’ manual.
Flavors: r-devel-linux-x86_64-debian-clang, r-devel-linux-x86_64-debian-gcc, r-devel-linux-x86_64-fedora-clang, r-devel-linux-x86_64-fedora-gcc, r-devel-osx-x86_64-clang, r-devel-windows-ix86+x86_64, r-patched-linux-x86_64, r-patched-solaris-sparc, r-patched-solaris-x86, r-release-linux-ix86, r-release-linux-x86_64, r-release-osx-x86_64-mavericks, r-release-osx-x86_64-snowleopard, r-release-windows-ix86+x86_64, r-oldrel-windows-ix86+x86_64

Version: 0.9-8
Check: R code for possible problems
Result: NOTE
    splom.profile.nls : dp: warning in panel.axis(side = side, at = at,
     labels = format(at, trim = TRUE), tick = TRUE, check.overlap = TRUE,
     half = side == "top" && j > 1, tck = 1, rot = 0, text.col =
     axis.text.col, text.alpha = axis.text.alpha, text.cex =
     axis.text.cex, text.font = axis.text.font, text.fontfamily =
     axis.text.fontfamily, text.fontface = axis.text.fontface, line.col =
     axis.line.col, line.alpha = axis.line.alpha, line.lty =
     axis.line.lty, line.lwd = axis.line.lwd): partial argument match of
     'tick' to 'ticks'
    splom.profile.nls : dp: warning in panel.axis(side = side, at = at,
     labels = format(at, trim = TRUE), tick = TRUE, half = TRUE,
     which.half = which.half, tck = 1, rot = 0, text.col = axis.text.col,
     text.alpha = axis.text.alpha, text.cex = axis.text.cex, text.font =
     axis.text.font, text.fontfamily = axis.text.fontfamily, text.fontface
     = axis.text.fontface, line.col = axis.line.col, line.alpha =
     axis.line.alpha, line.lty = axis.line.lty, line.lwd = axis.line.lwd):
     partial argument match of 'tick' to 'ticks'
    splom.profile.nls: no visible binding for global variable ‘.pnm’
Flavors: r-devel-linux-x86_64-debian-clang, r-devel-linux-x86_64-debian-gcc, r-devel-linux-x86_64-fedora-clang, r-devel-linux-x86_64-fedora-gcc, r-devel-osx-x86_64-clang, r-devel-windows-ix86+x86_64, r-patched-linux-x86_64, r-patched-solaris-sparc, r-patched-solaris-x86, r-release-linux-ix86, r-release-linux-x86_64, r-release-osx-x86_64-mavericks, r-release-osx-x86_64-snowleopard, r-release-windows-ix86+x86_64, r-oldrel-windows-ix86+x86_64