CRAN Package Check Results for Package NRejections

Last updated on 2021-11-30 03:57:02 CET.

Flavor Version Tinstall Tcheck Ttotal Status Flags
r-devel-linux-x86_64-debian-clang 1.2.0 3.12 29.06 32.18 NOTE
r-devel-linux-x86_64-debian-gcc 1.2.0 2.11 23.06 25.17 NOTE
r-devel-linux-x86_64-fedora-clang 1.2.0 50.30 NOTE
r-devel-linux-x86_64-fedora-gcc 1.2.0 38.74 NOTE
r-devel-windows-x86_64-new-UL 1.2.0 8.00 70.00 78.00 NOTE
r-devel-windows-x86_64-new-TK 1.2.0 NOTE
r-devel-windows-x86_64-old 1.2.0 7.00 40.00 47.00 NOTE
r-patched-linux-x86_64 1.2.0 2.86 27.88 30.74 NOTE
r-patched-solaris-x86 1.2.0 61.10 NOTE
r-release-linux-x86_64 1.2.0 2.80 28.02 30.82 NOTE
r-release-macos-arm64 1.2.0 NOTE
r-release-macos-x86_64 1.2.0 NOTE
r-release-windows-ix86+x86_64 1.2.0 7.00 38.00 45.00 NOTE
r-oldrel-macos-x86_64 1.2.0 OK
r-oldrel-windows-ix86+x86_64 1.2.0 7.00 44.00 51.00 OK

Check Details

Version: 1.2.0
Check: LazyData
Result: NOTE
     'LazyData' is specified without a 'data' directory
Flavors: r-devel-linux-x86_64-debian-clang, r-devel-linux-x86_64-debian-gcc, r-devel-linux-x86_64-fedora-clang, r-devel-linux-x86_64-fedora-gcc, r-devel-windows-x86_64-new-UL, r-devel-windows-x86_64-new-TK, r-devel-windows-x86_64-old, r-patched-linux-x86_64, r-patched-solaris-x86, r-release-linux-x86_64, r-release-macos-arm64, r-release-macos-x86_64, r-release-windows-ix86+x86_64