CRAN Package Check Results for Package NSM3

Last updated on 2015-05-05 06:46:44.

Flavor Version Tinstall Tcheck Ttotal Status Flags
r-devel-linux-x86_64-debian-clang 1.3 6.03 147.71 153.74 OK
r-devel-linux-x86_64-debian-gcc 1.3 6.23 148.01 154.24 OK
r-devel-linux-x86_64-fedora-clang 1.3 331.90 OK
r-devel-linux-x86_64-fedora-gcc 1.3 309.65 OK
r-devel-osx-x86_64-clang 1.3 257.94 OK
r-devel-windows-ix86+x86_64 1.3 22.00 370.00 392.00 OK
r-patched-linux-x86_64 1.3 6.13 148.39 154.52 OK
r-patched-solaris-sparc 1.3 1764.40 OK
r-patched-solaris-x86 1.3 373.90 OK
r-release-linux-x86_64 1.3 6.28 146.73 153.02 OK
r-release-osx-x86_64-mavericks 1.3 OK
r-release-osx-x86_64-snowleopard 1.3 ERROR
r-release-windows-ix86+x86_64 1.3 24.00 356.00 380.00 OK
r-oldrel-windows-ix86+x86_64 1.3 38.00 461.00 499.00 OK

Check Details

Version: 1.3
Check: package dependencies
Result: ERROR
    Packages required but not available: ‘binom’ ‘Hmisc’ ‘quantreg’ ‘Rfit’
    
    See section ‘The DESCRIPTION file’ in the ‘Writing R Extensions’
    manual.
Flavor: r-release-osx-x86_64-snowleopard