CRAN Package Check Results for Package NSM3

Last updated on 2017-06-23 14:47:12.

Flavor Version Tinstall Tcheck Ttotal Status Flags
r-devel-linux-x86_64-debian-clang 1.9 6.62 148.73 155.35 NOTE
r-devel-linux-x86_64-debian-gcc 1.9 6.55 141.67 148.22 NOTE
r-devel-linux-x86_64-fedora-clang 1.9 321.54 NOTE
r-devel-linux-x86_64-fedora-gcc 1.9 341.00 NOTE
r-devel-windows-ix86+x86_64 1.9 42.00 515.00 557.00 OK
r-patched-linux-x86_64 1.9 7.93 146.77 154.70 NOTE
r-patched-solaris-sparc 1.9 1924.20 OK
r-patched-solaris-x86 1.9 384.70 OK
r-release-linux-x86_64 1.9 6.45 144.61 151.05 NOTE
r-release-windows-ix86+x86_64 1.9 26.00 510.00 536.00 OK
r-release-osx-x86_64 1.9 ERROR
r-oldrel-windows-ix86+x86_64 1.9 44.00 476.00 520.00 OK
r-oldrel-osx-x86_64 1.9 OK

Check Details

Version: 1.9
Check: compiled code
Result: NOTE
    File ‘NSM3/libs/NSM3.so’:
     Found no calls to: ‘R_registerRoutines’, ‘R_useDynamicSymbols’
    
    It is good practice to register native routines and to disable symbol
    search.
    
    See ‘Writing portable packages’ in the ‘Writing R Extensions’ manual.
Flavors: r-devel-linux-x86_64-debian-clang, r-devel-linux-x86_64-debian-gcc, r-devel-linux-x86_64-fedora-clang, r-devel-linux-x86_64-fedora-gcc, r-patched-linux-x86_64, r-release-linux-x86_64

Version: 1.9
Check: package dependencies
Result: ERROR
    Package required but not available: ‘partitions’
    
    See section ‘The DESCRIPTION file’ in the ‘Writing R Extensions’
    manual.
Flavor: r-release-osx-x86_64