CRAN Package Check Results for Package NSM3

Last updated on 2014-04-25 05:47:20.

Flavor Version Tinstall Tcheck Ttotal Status Flags
r-devel-linux-x86_64-debian-clang 1.1 5.42 144.93 150.35 OK
r-devel-linux-x86_64-debian-gcc 1.1 5.38 152.43 157.80 OK
r-devel-linux-x86_64-fedora-clang 1.1 308.30 OK
r-devel-linux-x86_64-fedora-gcc 1.1 294.65 OK
r-devel-osx-x86_64-clang 1.1 242.77 OK
r-devel-osx-x86_64-gcc 1.1 ERROR
r-devel-windows-ix86+x86_64 1.1 20.00 321.00 341.00 OK
r-patched-linux-x86_64 1.1 5.50 146.97 152.47 OK
r-patched-solaris-sparc 1.1 1729.20 OK
r-patched-solaris-x86 1.1 335.50 OK
r-release-linux-ix86 1.1 10.00 214.00 224.00 OK
r-release-linux-x86_64 1.1 5.34 146.18 151.52 OK
r-release-osx-x86_64-mavericks 1.1 OK
r-release-osx-x86_64-snowleopard 1.1 ERROR
r-release-windows-ix86+x86_64 1.1 19.00 337.00 356.00 OK
r-oldrel-windows-ix86+x86_64 1.1 21.00 358.00 379.00 OK

Check Details

Version: 1.1
Check: package dependencies
Result: ERROR
    Packages required but not available:
     ‘agricolae’ ‘binom’ ‘Hmisc’ ‘quantreg’ ‘Rfit’
    
    See the information on DESCRIPTION files in the chapter ‘Creating R
    packages’ of the ‘Writing R Extensions’ manual.
Flavor: r-devel-osx-x86_64-gcc

Version: 1.1
Check: whether package can be installed
Result: ERROR
    Installation failed.
    See ‘/Volumes/XT3/Builds/R-dev-web/QA/Simon/packages/snowleopard-x86_64/results/3.1/NSM3.Rcheck/00install.out’ for details.
Flavor: r-release-osx-x86_64-snowleopard