CRAN Package Check Results for Package NSM3

Last updated on 2017-04-23 23:51:14.

Flavor Version Tinstall Tcheck Ttotal Status Flags
r-devel-linux-x86_64-debian-clang 1.9 6.51 150.04 156.55 NOTE
r-devel-linux-x86_64-debian-gcc 1.9 6.82 144.39 151.21 NOTE
r-devel-linux-x86_64-fedora-clang 1.9 322.61 NOTE --no-stop-on-test-error
r-devel-linux-x86_64-fedora-gcc 1.9 309.91 NOTE --no-stop-on-test-error
r-devel-windows-ix86+x86_64 1.9 39.00 492.00 531.00 OK
r-patched-linux-x86_64 1.9 6.59 143.79 150.38 NOTE
r-patched-solaris-sparc 1.9 1924.20 OK
r-patched-solaris-x86 1.9 379.80 OK
r-release-linux-x86_64 1.9 6.77 142.67 149.44 NOTE
r-release-windows-ix86+x86_64 1.9 24.00 372.00 396.00 OK
r-release-osx-x86_64 1.9 ERROR
r-oldrel-windows-ix86+x86_64 1.9 24.00 375.00 399.00 OK
r-oldrel-osx-x86_64 1.9 OK

Check Details

Version: 1.9
Check: compiled code
Result: NOTE
    File ‘NSM3/libs/NSM3.so’:
     Found no calls to: ‘R_registerRoutines’, ‘R_useDynamicSymbols’
    
    It is good practice to register native routines and to disable symbol
    search.
    
    See ‘Writing portable packages’ in the ‘Writing R Extensions’ manual.
Flavors: r-devel-linux-x86_64-debian-clang, r-devel-linux-x86_64-debian-gcc, r-patched-linux-x86_64, r-release-linux-x86_64

Version: 1.9
Flags: --no-stop-on-test-error
Check: compiled code
Result: NOTE
    File ‘NSM3/libs/NSM3.so’:
     Found no calls to: ‘R_registerRoutines’, ‘R_useDynamicSymbols’
    
    It is good practice to register native routines and to disable symbol
    search.
    
    See ‘Writing portable packages’ in the ‘Writing R Extensions’ manual.
Flavors: r-devel-linux-x86_64-fedora-clang, r-devel-linux-x86_64-fedora-gcc

Version: 1.9
Check: package dependencies
Result: ERROR
    Package required but not available: ‘partitions’
    
    See section ‘The DESCRIPTION file’ in the ‘Writing R Extensions’
    manual.
Flavor: r-release-osx-x86_64