CRAN Package Check Results for Package NSM3

Last updated on 2014-10-02 09:53:07.

Flavor Version Tinstall Tcheck Ttotal Status Flags
r-devel-linux-x86_64-debian-clang 1.1 8.22 176.52 184.73 OK
r-devel-linux-x86_64-debian-gcc 1.1 8.91 171.19 180.10 OK
r-devel-linux-x86_64-fedora-clang 1.1 408.21 OK
r-devel-linux-x86_64-fedora-gcc 1.1 400.12 OK
r-devel-osx-x86_64-clang 1.1 284.37 OK
r-devel-windows-ix86+x86_64 1.1 27.00 387.00 414.00 OK
r-patched-linux-x86_64 1.1 9.78 176.58 186.36 OK
r-patched-solaris-sparc 1.1 2149.80 OK
r-patched-solaris-x86 1.1 461.30 OK
r-release-linux-ix86 1.1 10.62 215.79 226.42 OK
r-release-linux-x86_64 1.1 8.62 179.53 188.15 OK
r-release-osx-x86_64-mavericks 1.1 OK
r-release-osx-x86_64-snowleopard 1.1 ERROR
r-release-windows-ix86+x86_64 1.1 30.00 423.00 453.00 OK
r-oldrel-windows-ix86+x86_64 1.1 32.00 459.00 491.00 OK

Check Details

Version: 1.1
Check: whether package can be installed
Result: ERROR
    Installation failed.
Flavor: r-release-osx-x86_64-snowleopard