CRAN Package Check Results for Package NSM3

Last updated on 2017-02-22 17:48:54.

Flavor Version Tinstall Tcheck Ttotal Status Flags
r-devel-linux-x86_64-debian-clang 1.9 6.32 152.19 158.51 NOTE
r-devel-linux-x86_64-debian-gcc 1.9 6.34 144.42 150.76 NOTE
r-devel-linux-x86_64-fedora-clang 1.9 312.68 NOTE --no-stop-on-test-error
r-devel-linux-x86_64-fedora-gcc 1.9 303.63 NOTE --no-stop-on-test-error
r-devel-macos-x86_64-clang 1.9 228.05 NOTE --no-stop-on-test-error
r-devel-windows-ix86+x86_64 1.9 38.00 486.00 524.00 OK
r-patched-linux-x86_64 1.9 6.38 144.40 150.78 OK
r-patched-solaris-sparc 1.9 1868.30 OK
r-patched-solaris-x86 1.9 358.10 OK
r-release-linux-x86_64 1.9 6.63 147.41 154.03 OK
r-release-osx-x86_64-mavericks 1.9 OK
r-release-windows-ix86+x86_64 1.9 66.00 483.00 549.00 OK
r-oldrel-windows-ix86+x86_64 1.9 27.00 397.00 424.00 OK

Check Details

Version: 1.9
Check: compiled code
Result: NOTE
    File ‘NSM3/libs/NSM3.so’:
     Found no calls to: ‘R_registerRoutines’, ‘R_useDynamicSymbols’
    
    It is good practice to register native routines and to disable symbol
    search.
    
    See ‘Writing portable packages’ in the ‘Writing R Extensions’ manual.
Flavors: r-devel-linux-x86_64-debian-clang, r-devel-linux-x86_64-debian-gcc

Version: 1.9
Flags: --no-stop-on-test-error
Check: compiled code
Result: NOTE
    File ‘NSM3/libs/NSM3.so’:
     Found no calls to: ‘R_registerRoutines’, ‘R_useDynamicSymbols’
    
    It is good practice to register native routines and to disable symbol
    search.
    
    See ‘Writing portable packages’ in the ‘Writing R Extensions’ manual.
Flavors: r-devel-linux-x86_64-fedora-clang, r-devel-linux-x86_64-fedora-gcc, r-devel-macos-x86_64-clang