CRAN Package Check Results for Package NSM3

Last updated on 2014-08-21 13:48:14.

Flavor Version Tinstall Tcheck Ttotal Status Flags
r-devel-linux-x86_64-debian-clang 1.1 8.15 162.71 170.86 OK
r-devel-linux-x86_64-debian-gcc 1.1 7.36 162.86 170.22 OK
r-devel-linux-x86_64-fedora-clang 1.1 411.69 OK
r-devel-linux-x86_64-fedora-gcc 1.1 382.43 OK
r-devel-osx-x86_64-clang 1.1 278.55 OK
r-devel-windows-ix86+x86_64 1.1 24.00 370.00 394.00 OK
r-patched-linux-x86_64 1.1 8.41 163.68 172.10 OK
r-patched-solaris-sparc 1.1 2149.80 OK
r-patched-solaris-x86 1.1 429.20 OK
r-release-linux-ix86 1.1 9.37 202.18 211.55 OK
r-release-linux-x86_64 1.1 7.55 164.70 172.25 OK
r-release-osx-x86_64-mavericks 1.1 OK
r-release-osx-x86_64-snowleopard 1.1 ERROR
r-release-windows-ix86+x86_64 1.1 27.00 359.00 386.00 OK
r-oldrel-windows-ix86+x86_64 1.1 26.00 400.00 426.00 OK

Check Details

Version: 1.1
Check: whether package can be installed
Result: ERROR
    Installation failed.
Flavor: r-release-osx-x86_64-snowleopard