CRAN Package Check Results for Package NSM3

Last updated on 2014-12-20 03:49:36.

Flavor Version Tinstall Tcheck Ttotal Status Flags
r-devel-linux-x86_64-debian-clang 1.1 10.20 172.72 182.92 OK
r-devel-linux-x86_64-debian-gcc 1.1 8.30 166.07 174.37 OK
r-devel-linux-x86_64-fedora-clang 1.1 400.99 OK
r-devel-linux-x86_64-fedora-gcc 1.1 360.47 OK
r-devel-osx-x86_64-clang 1.1 325.46 OK
r-devel-windows-ix86+x86_64 1.1 30.00 389.00 419.00 OK
r-patched-linux-x86_64 1.1 10.24 175.00 185.24 OK
r-patched-solaris-sparc 1.1 2149.80 OK
r-patched-solaris-x86 1.1 466.40 OK
r-release-linux-ix86 1.1 10.00 205.82 215.82 OK
r-release-linux-x86_64 1.1 8.78 183.56 192.34 OK
r-release-osx-x86_64-mavericks 1.1 OK
r-release-osx-x86_64-snowleopard 1.1 ERROR
r-release-windows-ix86+x86_64 1.1 33.00 412.00 445.00 OK
r-oldrel-windows-ix86+x86_64 1.1 31.00 435.00 466.00 OK

Check Details

Version: 1.1
Check: whether package can be installed
Result: ERROR
    Installation failed.
Flavor: r-release-osx-x86_64-snowleopard