CRAN Package Check Results for Package NSM3

Last updated on 2017-08-17 04:47:11.

Flavor Version Tinstall Tcheck Ttotal Status Flags
r-devel-linux-x86_64-debian-clang 1.9 6.58 147.02 153.59 NOTE
r-devel-linux-x86_64-debian-gcc 1.9 6.20 142.63 148.83 NOTE
r-devel-linux-x86_64-fedora-clang 1.9 307.33 NOTE
r-devel-linux-x86_64-fedora-gcc 1.9 322.85 NOTE
r-devel-windows-ix86+x86_64 1.9 25.00 337.00 362.00 OK
r-patched-linux-x86_64 1.9 6.96 155.54 162.50 NOTE
r-patched-solaris-x86 1.9 389.90 OK
r-release-linux-x86_64 1.9 7.32 146.07 153.39 NOTE
r-release-windows-ix86+x86_64 1.9 24.00 381.00 405.00 OK
r-release-osx-x86_64 1.9 OK
r-oldrel-windows-ix86+x86_64 1.9 25.00 351.00 376.00 OK
r-oldrel-osx-x86_64 1.9 OK

Check Details

Version: 1.9
Check: compiled code
Result: NOTE
    File ‘NSM3/libs/NSM3.so’:
     Found no calls to: ‘R_registerRoutines’, ‘R_useDynamicSymbols’
    
    It is good practice to register native routines and to disable symbol
    search.
    
    See ‘Writing portable packages’ in the ‘Writing R Extensions’ manual.
Flavors: r-devel-linux-x86_64-debian-clang, r-devel-linux-x86_64-debian-gcc, r-devel-linux-x86_64-fedora-clang, r-devel-linux-x86_64-fedora-gcc, r-patched-linux-x86_64, r-release-linux-x86_64