CRAN Package Check Results for Package NSM3

Last updated on 2015-07-03 07:48:08.

Flavor Version Tinstall Tcheck Ttotal Status Flags
r-devel-linux-x86_64-debian-clang 1.3 6.30 150.10 156.39 NOTE
r-devel-linux-x86_64-debian-gcc 1.3 6.12 144.70 150.82 NOTE
r-devel-linux-x86_64-fedora-clang 1.3 327.27 NOTE
r-devel-linux-x86_64-fedora-gcc 1.3 305.98 NOTE
r-devel-osx-x86_64-clang 1.3 286.98 OK
r-devel-windows-ix86+x86_64 1.3 24.00 359.00 383.00 NOTE
r-patched-linux-x86_64 1.3 6.24 148.42 154.66 OK
r-patched-solaris-sparc 1.3 1945.20 OK
r-patched-solaris-x86 1.3 379.90 OK
r-release-linux-x86_64 1.3 7.24 144.17 151.42 OK
r-release-osx-x86_64-mavericks 1.3 OK
r-release-windows-ix86+x86_64 1.3 22.00 364.00 386.00 OK
r-oldrel-windows-ix86+x86_64 1.3 46.00 463.00 509.00 OK

Check Details

Version: 1.3
Check: R code for possible problems
Result: NOTE
    MillerJack: no visible global function definition for ‘var’
    RFPW: no visible global function definition for ‘pnorm’
    cAnsBrad: no visible global function definition for ‘qnorm’
    cBohnWolfe: no visible global function definition for ‘rbeta’
    cDurSkiMa: no visible global function definition for ‘qchisq’
    cFligPoli: no visible global function definition for ‘qnorm’
    cFrd: no visible global function definition for ‘qchisq’
    cHayStonLSA: no visible global function definition for ‘pnorm’
    cHayStonLSA: no visible global function definition for ‘dnorm’
    cJCK: no visible global function definition for ‘qnorm’
    cKW: no visible global function definition for ‘qchisq’
    cLepage: no visible global function definition for ‘qchisq’
    cMackSkil: no visible global function definition for ‘qchisq’
    cMaxCorrNor : r : inner.int: no visible global function definition for
     ‘pnorm’
    cMaxCorrNor : r : inner.int: no visible global function definition for
     ‘dnorm’
    cMaxCorrNor : r: no visible global function definition for ‘integrate’
    cNDWol: no visible global function definition for ‘qnorm’
    cPage: no visible global function definition for ‘qnorm’
    cRangeNor : r : inner.int: no visible global function definition for
     ‘pnorm’
    cRangeNor : r: no visible global function definition for ‘integrate’
    cSkilMack: no visible global function definition for ‘qchisq’
    cUmbrPK: no visible global function definition for ‘qnorm’
    cUmbrPU : peak.picker: no visible global function definition for
     ‘wilcox.test’
    cUmbrPU : A.star.calc : U.calc: no visible global function definition
     for ‘wilcox.test’
    dmrl.mc : p.g.mc: no visible global function definition for ‘rexp’
    dmrl.mc : p.l.mc: no visible global function definition for ‘rexp’
    dmrl.mc: no visible global function definition for ‘pnorm’
    e.mc : p.mc: no visible global function definition for ‘rexp’
    e.mc: no visible global function definition for ‘pnorm’
    ecdf.ks.CI : approx.ksD: no visible global function definition for
     ‘splinefun’
    ecdf.ks.CI: no visible global function definition for ‘ecdf’
    ecdf.ks.CI: no visible global function definition for ‘stepfun’
    ecdf.ks.CI: no visible global function definition for ‘plot’
    epstein: no visible global function definition for ‘pnorm’
    ferg.df: no visible global function definition for ‘ecdf’
    kendall.ci: no visible global function definition for ‘cor.test’
    kendall.ci: no visible global function definition for ‘var’
    kendall.ci: no visible global function definition for ‘qnorm’
    kendall.ci: no visible global function definition for ‘hist’
    klefsjo.ifr: no visible global function definition for ‘pnorm’
    klefsjo.ifr.mc : p.g.mc: no visible global function definition for
     ‘rexp’
    klefsjo.ifr.mc : p.l.mc: no visible global function definition for
     ‘rexp’
    klefsjo.ifr.mc: no visible global function definition for ‘pnorm’
    klefsjo.ifra: no visible global function definition for ‘pnorm’
    klefsjo.ifra.mc : p.g.mc: no visible global function definition for
     ‘rexp’
    klefsjo.ifra.mc : p.l.mc: no visible global function definition for
     ‘rexp’
    klefsjo.ifra.mc: no visible global function definition for ‘pnorm’
    mblm: no visible global function definition for ‘terms’
    mblm: no visible global function definition for ‘median’
    mblm: no visible global function definition for ‘lm’
    mrl: no visible global function definition for ‘var’
    mrl: no visible global function definition for ‘plot’
    mrl: no visible global function definition for ‘lines’
    nb.mc : p.g.mc: no visible global function definition for ‘rexp’
    nb.mc : p.l.mc: no visible global function definition for ‘rexp’
    nb.mc: no visible global function definition for ‘pnorm’
    newbet: no visible global function definition for ‘pnorm’
    owa: no visible global function definition for ‘median’
    pAnsBrad: no visible global function definition for ‘ansari.test’
    pBohnWolfe: no visible global function definition for ‘rbeta’
    pDurSkiMa: no visible global function definition for ‘pchisq’
    pFligPoli: no visible global function definition for ‘pnorm’
    pFrd: no visible global function definition for ‘pchisq’
    pHaySton : <anonymous>: no visible global function definition for
     ‘complete.cases’
    pHaySton: no visible global function definition for ‘complete.cases’
    pHayStonLSA: no visible global function definition for ‘pnorm’
    pHayStonLSA: no visible global function definition for ‘dnorm’
    pHoeff: no visible global function definition for ‘runif’
    pJCK : <anonymous>: no visible global function definition for
     ‘complete.cases’
    pJCK: no visible global function definition for ‘complete.cases’
    pJCK : JT.calc : U.calc: no visible global function definition for
     ‘wilcox.test’
    pJCK: no visible global function definition for ‘pnorm’
    pKW : <anonymous>: no visible global function definition for
     ‘complete.cases’
    pKW: no visible global function definition for ‘complete.cases’
    pKW: no visible global function definition for ‘kruskal.test’
    pKolSmirn: no visible global function definition for ‘ks.test’
    pLepage: no visible global function definition for ‘pchisq’
    pMackSkil: no visible global function definition for ‘pchisq’
    pMaxCorrNor : inner.int: no visible global function definition for
     ‘pnorm’
    pMaxCorrNor : inner.int: no visible global function definition for
     ‘dnorm’
    pMaxCorrNor: no visible global function definition for ‘integrate’
    pNDWol : <anonymous>: no visible global function definition for
     ‘complete.cases’
    pNDWol: no visible global function definition for ‘complete.cases’
    pNDWol: no visible global function definition for ‘pnorm’
    pPage: no visible global function definition for ‘pnorm’
    pRangeNor : r : inner.int: no visible global function definition for
     ‘pnorm’
    pRangeNor : r: no visible global function definition for ‘integrate’
    pSDCFlig : <anonymous>: no visible global function definition for
     ‘complete.cases’
    pSDCFlig: no visible global function definition for ‘complete.cases’
    pSkilMack: no visible global function definition for ‘pchisq’
    pUmbrPK : <anonymous>: no visible global function definition for
     ‘complete.cases’
    pUmbrPK: no visible global function definition for ‘complete.cases’
    pUmbrPK : A.calc : U.calc: no visible global function definition for
     ‘wilcox.test’
    pUmbrPK: no visible global function definition for ‘pnorm’
    pUmbrPU : <anonymous>: no visible global function definition for
     ‘complete.cases’
    pUmbrPU: no visible global function definition for ‘complete.cases’
    pUmbrPU : peak.picker: no visible global function definition for
     ‘wilcox.test’
    pUmbrPU : A.star.calc : U.calc: no visible global function definition
     for ‘wilcox.test’
    sen.adichie: no visible global function definition for ‘pchisq’
    svr.df: no visible global function definition for ‘pexp’
    svr.df: no visible global function definition for ‘plot’
    svr.df: no visible global function definition for ‘lines’
    svr.df: no visible global function definition for ‘legend’
    tc: no visible global function definition for ‘pnorm’
    theil: no visible global function definition for ‘median’
    theil: no visible global function definition for ‘plot’
    theil: no visible global function definition for ‘abline’
    Undefined global functions or variables:
     abline ansari.test complete.cases cor.test dnorm ecdf hist integrate
     kruskal.test ks.test legend lines lm median pchisq pexp plot pnorm
     qchisq qnorm rbeta rexp runif splinefun stepfun terms var wilcox.test
Flavors: r-devel-linux-x86_64-debian-clang, r-devel-linux-x86_64-debian-gcc, r-devel-linux-x86_64-fedora-clang, r-devel-linux-x86_64-fedora-gcc, r-devel-windows-ix86+x86_64