CRAN Package Check Results for Package NSM3

Last updated on 2017-03-23 06:48:16.

Flavor Version Tinstall Tcheck Ttotal Status Flags
r-devel-linux-x86_64-debian-clang 1.9 6.40 148.09 154.49 NOTE
r-devel-linux-x86_64-debian-gcc 1.9 6.42 154.04 160.46 NOTE
r-devel-linux-x86_64-fedora-clang 1.9 315.08 NOTE --no-stop-on-test-error
r-devel-linux-x86_64-fedora-gcc 1.9 309.66 NOTE --no-stop-on-test-error
r-devel-macos-x86_64-clang 1.9 228.34 NOTE --no-stop-on-test-error
r-devel-windows-ix86+x86_64 1.9 25.00 375.00 400.00 OK
r-patched-linux-x86_64 1.9 6.67 141.01 147.68 OK
r-patched-solaris-sparc 1.9 1924.20 OK
r-patched-solaris-x86 1.9 381.80 OK
r-release-linux-x86_64 1.9 6.15 144.49 150.63 OK
r-release-osx-x86_64-mavericks 1.9 OK
r-release-windows-ix86+x86_64 1.9 33.00 476.00 509.00 OK
r-oldrel-windows-ix86+x86_64 1.9 42.00 565.00 607.00 OK

Check Details

Version: 1.9
Check: compiled code
Result: NOTE
    File ‘NSM3/libs/NSM3.so’:
     Found no calls to: ‘R_registerRoutines’, ‘R_useDynamicSymbols’
    
    It is good practice to register native routines and to disable symbol
    search.
    
    See ‘Writing portable packages’ in the ‘Writing R Extensions’ manual.
Flavors: r-devel-linux-x86_64-debian-clang, r-devel-linux-x86_64-debian-gcc

Version: 1.9
Flags: --no-stop-on-test-error
Check: compiled code
Result: NOTE
    File ‘NSM3/libs/NSM3.so’:
     Found no calls to: ‘R_registerRoutines’, ‘R_useDynamicSymbols’
    
    It is good practice to register native routines and to disable symbol
    search.
    
    See ‘Writing portable packages’ in the ‘Writing R Extensions’ manual.
Flavors: r-devel-linux-x86_64-fedora-clang, r-devel-linux-x86_64-fedora-gcc, r-devel-macos-x86_64-clang