CRAN Package Check Results for Package NSM3

Last updated on 2015-03-01 00:49:44.

Flavor Version Tinstall Tcheck Ttotal Status Flags
r-devel-linux-x86_64-debian-clang 1.1 6.35 155.89 162.24 OK
r-devel-linux-x86_64-debian-gcc 1.1 6.07 143.24 149.31 OK
r-devel-linux-x86_64-fedora-clang 1.1 327.02 OK
r-devel-linux-x86_64-fedora-gcc 1.1 309.22 OK
r-devel-osx-x86_64-clang 1.1 285.19 OK
r-devel-windows-ix86+x86_64 1.1 23.00 359.00 382.00 OK
r-patched-linux-x86_64 1.1 14.68 196.10 210.78 OK
r-patched-solaris-sparc 1.1 2254.10 OK
r-patched-solaris-x86 1.1 513.00 OK
r-release-linux-ix86 1.1 11.69 226.15 237.84 OK
r-release-linux-x86_64 1.1 13.06 203.09 216.14 OK
r-release-osx-x86_64-mavericks 1.1 OK
r-release-osx-x86_64-snowleopard 1.1 ERROR
r-release-windows-ix86+x86_64 1.1 44.00 445.00 489.00 OK
r-oldrel-windows-ix86+x86_64 1.1 40.00 476.00 516.00 OK

Check Details

Version: 1.1
Check: whether package can be installed
Result: ERROR
    Installation failed.
Flavor: r-release-osx-x86_64-snowleopard