CRAN Package Check Results for Package NSM3

Last updated on 2014-07-22 17:48:34.

Flavor Version Tinstall Tcheck Ttotal Status Flags
r-devel-linux-x86_64-debian-clang 1.1 7.41 170.88 178.29 OK
r-devel-linux-x86_64-debian-gcc 1.1 7.34 162.74 170.08 OK
r-devel-linux-x86_64-fedora-clang 1.1 394.89 OK
r-devel-linux-x86_64-fedora-gcc 1.1 379.52 OK
r-devel-osx-x86_64-clang 1.1 282.19 OK
r-devel-windows-ix86+x86_64 1.1 24.00 372.00 396.00 OK
r-patched-linux-x86_64 1.1 7.69 165.54 173.24 OK
r-patched-solaris-sparc 1.1 2066.80 OK
r-patched-solaris-x86 1.1 435.10 OK
r-release-linux-ix86 1.1 9.27 201.14 210.40 OK
r-release-linux-x86_64 1.1 7.52 164.46 171.98 OK
r-release-osx-x86_64-mavericks 1.1 OK
r-release-osx-x86_64-snowleopard 1.1 ERROR
r-release-windows-ix86+x86_64 1.1 26.00 387.00 413.00 OK
r-oldrel-windows-ix86+x86_64 1.1 28.00 422.00 450.00 OK

Check Details

Version: 1.1
Check: whether package can be installed
Result: ERROR
    Installation failed.
    See ‘/Volumes/XT3/Builds/R-dev-web/QA/Simon/packages/snowleopard-x86_64/results/3.1/NSM3.Rcheck/00install.out’ for details.
Flavor: r-release-osx-x86_64-snowleopard