CRAN Package Check Results for Package NSM3

Last updated on 2014-11-26 15:47:33.

Flavor Version Tinstall Tcheck Ttotal Status Flags
r-devel-linux-x86_64-debian-clang 1.1 8.97 170.76 179.73 OK
r-devel-linux-x86_64-debian-gcc 1.1 8.62 201.63 210.25 OK
r-devel-linux-x86_64-fedora-clang 1.1 397.71 OK
r-devel-linux-x86_64-fedora-gcc 1.1 382.08 OK
r-devel-osx-x86_64-clang 1.1 307.76 OK
r-devel-windows-ix86+x86_64 1.1 29.00 385.00 414.00 OK
r-patched-linux-x86_64 1.1 10.54 177.64 188.18 OK
r-patched-solaris-sparc 1.1 2149.80 OK
r-patched-solaris-x86 1.1 465.40 OK
r-release-linux-ix86 1.1 10.12 204.57 214.69 OK
r-release-linux-x86_64 1.1 8.86 173.14 182.00 OK
r-release-osx-x86_64-mavericks 1.1 OK
r-release-osx-x86_64-snowleopard 1.1 ERROR
r-release-windows-ix86+x86_64 1.1 33.00 430.00 463.00 OK
r-oldrel-windows-ix86+x86_64 1.1 28.00 425.00 453.00 OK

Check Details

Version: 1.1
Check: whether package can be installed
Result: ERROR
    Installation failed.
Flavor: r-release-osx-x86_64-snowleopard