CRAN Package Check Results for Package NSM3

Last updated on 2017-05-22 16:48:50.

Flavor Version Tinstall Tcheck Ttotal Status Flags
r-devel-linux-x86_64-debian-clang 1.9 6.65 150.52 157.16 NOTE
r-devel-linux-x86_64-debian-gcc 1.9 6.88 146.19 153.07 NOTE
r-devel-linux-x86_64-fedora-clang 1.9 315.59 NOTE --no-stop-on-test-error
r-devel-linux-x86_64-fedora-gcc 1.9 314.63 NOTE --no-stop-on-test-error
r-devel-windows-ix86+x86_64 1.9 33.00 487.00 520.00 OK
r-patched-linux-x86_64 1.9 7.07 144.40 151.46 NOTE
r-patched-solaris-sparc 1.9 1924.20 OK
r-patched-solaris-x86 1.9 384.60 OK
r-release-linux-x86_64 1.9 6.71 150.17 156.88 NOTE
r-release-windows-ix86+x86_64 1.9 25.00 393.00 418.00 OK
r-release-osx-x86_64 1.9 ERROR
r-oldrel-windows-ix86+x86_64 1.9 54.00 491.00 545.00 OK
r-oldrel-osx-x86_64 1.9 OK

Check Details

Version: 1.9
Check: compiled code
Result: NOTE
    File ‘NSM3/libs/NSM3.so’:
     Found no calls to: ‘R_registerRoutines’, ‘R_useDynamicSymbols’
    
    It is good practice to register native routines and to disable symbol
    search.
    
    See ‘Writing portable packages’ in the ‘Writing R Extensions’ manual.
Flavors: r-devel-linux-x86_64-debian-clang, r-devel-linux-x86_64-debian-gcc, r-patched-linux-x86_64, r-release-linux-x86_64

Version: 1.9
Flags: --no-stop-on-test-error
Check: compiled code
Result: NOTE
    File ‘NSM3/libs/NSM3.so’:
     Found no calls to: ‘R_registerRoutines’, ‘R_useDynamicSymbols’
    
    It is good practice to register native routines and to disable symbol
    search.
    
    See ‘Writing portable packages’ in the ‘Writing R Extensions’ manual.
Flavors: r-devel-linux-x86_64-fedora-clang, r-devel-linux-x86_64-fedora-gcc

Version: 1.9
Check: package dependencies
Result: ERROR
    Package required but not available: ‘partitions’
    
    See section ‘The DESCRIPTION file’ in the ‘Writing R Extensions’
    manual.
Flavor: r-release-osx-x86_64