CRAN Package Check Results for Package NSM3

Last updated on 2015-01-30 14:48:54.

Flavor Version Tinstall Tcheck Ttotal Status Flags
r-devel-linux-x86_64-debian-clang 1.1 6.13 150.69 156.82 OK
r-devel-linux-x86_64-debian-gcc 1.1 6.22 146.42 152.64 OK
r-devel-linux-x86_64-fedora-clang 1.1 370.50 OK
r-devel-linux-x86_64-fedora-gcc 1.1 324.76 OK
r-devel-osx-x86_64-clang 1.1 324.04 OK
r-devel-windows-ix86+x86_64 1.1 31.00 343.00 374.00 OK
r-patched-linux-x86_64 1.1 9.25 186.22 195.47 OK
r-patched-solaris-sparc 1.1 2254.10 OK
r-patched-solaris-x86 1.1 479.60 OK
r-release-linux-ix86 1.1 10.36 2.54 12.91 OK
r-release-linux-x86_64 1.1 8.91 177.37 186.28 OK
r-release-osx-x86_64-mavericks 1.1 OK
r-release-osx-x86_64-snowleopard 1.1 ERROR
r-release-windows-ix86+x86_64 1.1 34.00 416.00 450.00 OK
r-oldrel-windows-ix86+x86_64 1.1 32.00 452.00 484.00 OK

Check Details

Version: 1.1
Check: whether package can be installed
Result: ERROR
    Installation failed.
Flavor: r-release-osx-x86_64-snowleopard