CRAN Package Check Results for Package NSUM

Last updated on 2018-07-20 09:48:55 CEST.

Flavor Version Tinstall Tcheck Ttotal Status Flags
r-devel-linux-x86_64-debian-clang 1.0 5.50 62.88 68.38 NOTE
r-devel-linux-x86_64-debian-gcc 1.0 5.25 58.30 63.55 NOTE
r-devel-linux-x86_64-fedora-clang 1.0 91.39 NOTE
r-devel-linux-x86_64-fedora-gcc 1.0 91.99 NOTE
r-devel-windows-ix86+x86_64 1.0 8.00 110.00 118.00 NOTE
r-patched-linux-x86_64 1.0 4.72 63.11 67.83 NOTE
r-patched-solaris-x86 1.0 135.40 NOTE
r-release-linux-x86_64 1.0 5.27 63.63 68.90 NOTE
r-release-windows-ix86+x86_64 1.0 12.00 74.00 86.00 NOTE
r-release-osx-x86_64 1.0 NOTE
r-oldrel-windows-ix86+x86_64 1.0 11.00 81.00 92.00 NOTE
r-oldrel-osx-x86_64 1.0 NOTE

Check Details

Version: 1.0
Check: R code for possible problems
Result: NOTE
    .mcmc.bar: no visible global function definition for ‘rnorm’
    .mcmc.bar: no visible global function definition for ‘runif’
    .mcmc.comb: no visible global function definition for ‘rnorm’
    .mcmc.comb: no visible global function definition for ‘runif’
    .mcmc.rd: no visible global function definition for ‘rnorm’
    .mcmc.rd: no visible global function definition for ‘runif’
    .mcmc.trans: no visible global function definition for ‘rnorm’
    .mcmc.trans: no visible global function definition for ‘runif’
    .simulate.bar: no visible global function definition for ‘rlnorm’
    .simulate.bar: no visible global function definition for ‘rbeta’
    .simulate.bar: no visible global function definition for ‘rbinom’
    .simulate.comb: no visible global function definition for ‘rlnorm’
    .simulate.comb: no visible global function definition for ‘rbeta’
    .simulate.comb: no visible global function definition for ‘rbinom’
    .simulate.rd: no visible global function definition for ‘rlnorm’
    .simulate.rd: no visible global function definition for ‘rbinom’
    .simulate.trans: no visible global function definition for ‘rlnorm’
    .simulate.trans: no visible global function definition for ‘rbinom’
    Undefined global functions or variables:
     rbeta rbinom rlnorm rnorm runif
    Consider adding
     importFrom("stats", "rbeta", "rbinom", "rlnorm", "rnorm", "runif")
    to your NAMESPACE file.
Flavors: r-devel-linux-x86_64-debian-clang, r-devel-linux-x86_64-debian-gcc, r-devel-linux-x86_64-fedora-clang, r-devel-linux-x86_64-fedora-gcc, r-devel-windows-ix86+x86_64, r-patched-linux-x86_64, r-patched-solaris-x86, r-release-linux-x86_64, r-release-windows-ix86+x86_64, r-release-osx-x86_64, r-oldrel-windows-ix86+x86_64, r-oldrel-osx-x86_64