CRAN Package Check Results for Package NSUM

Last updated on 2017-12-18 10:47:25 CET.

Flavor Version Tinstall Tcheck Ttotal Status Flags
r-devel-linux-x86_64-debian-clang 1.0 3.15 51.88 55.03 NOTE
r-devel-linux-x86_64-debian-gcc 1.0 2.81 47.02 49.83 NOTE
r-devel-linux-x86_64-fedora-clang 1.0 80.66 NOTE
r-devel-linux-x86_64-fedora-gcc 1.0 80.44 NOTE
r-devel-windows-ix86+x86_64 1.0 7.00 68.00 75.00 NOTE
r-patched-linux-x86_64 1.0 3.50 65.05 68.55 NOTE
r-patched-solaris-x86 1.0 138.20 NOTE
r-release-linux-x86_64 1.0 3.53 62.98 66.51 NOTE
r-release-windows-ix86+x86_64 1.0 7.00 99.00 106.00 NOTE
r-release-osx-x86_64 1.0 NOTE
r-oldrel-windows-ix86+x86_64 1.0 8.00 89.00 97.00 NOTE
r-oldrel-osx-x86_64 1.0 NOTE

Check Details

Version: 1.0
Check: R code for possible problems
Result: NOTE
    .mcmc.bar: no visible global function definition for ‘rnorm’
    .mcmc.bar: no visible global function definition for ‘runif’
    .mcmc.comb: no visible global function definition for ‘rnorm’
    .mcmc.comb: no visible global function definition for ‘runif’
    .mcmc.rd: no visible global function definition for ‘rnorm’
    .mcmc.rd: no visible global function definition for ‘runif’
    .mcmc.trans: no visible global function definition for ‘rnorm’
    .mcmc.trans: no visible global function definition for ‘runif’
    .simulate.bar: no visible global function definition for ‘rlnorm’
    .simulate.bar: no visible global function definition for ‘rbeta’
    .simulate.bar: no visible global function definition for ‘rbinom’
    .simulate.comb: no visible global function definition for ‘rlnorm’
    .simulate.comb: no visible global function definition for ‘rbeta’
    .simulate.comb: no visible global function definition for ‘rbinom’
    .simulate.rd: no visible global function definition for ‘rlnorm’
    .simulate.rd: no visible global function definition for ‘rbinom’
    .simulate.trans: no visible global function definition for ‘rlnorm’
    .simulate.trans: no visible global function definition for ‘rbinom’
    Undefined global functions or variables:
     rbeta rbinom rlnorm rnorm runif
    Consider adding
     importFrom("stats", "rbeta", "rbinom", "rlnorm", "rnorm", "runif")
    to your NAMESPACE file.
Flavors: r-devel-linux-x86_64-debian-clang, r-devel-linux-x86_64-debian-gcc, r-devel-linux-x86_64-fedora-clang, r-devel-linux-x86_64-fedora-gcc, r-devel-windows-ix86+x86_64, r-patched-linux-x86_64, r-patched-solaris-x86, r-release-linux-x86_64, r-release-windows-ix86+x86_64, r-release-osx-x86_64, r-oldrel-windows-ix86+x86_64, r-oldrel-osx-x86_64