CRAN Package Check Results for Package NScluster

Last updated on 2024-05-23 15:59:52 CEST.

Flavor Version Tinstall Tcheck Ttotal Status Flags
r-devel-linux-x86_64-debian-clang 1.3.6-1 10.15 39.43 49.58 NOTE
r-devel-linux-x86_64-debian-gcc 1.3.6-1 6.33 29.28 35.61 NOTE
r-devel-linux-x86_64-fedora-clang 1.3.6-1 60.94 NOTE
r-devel-linux-x86_64-fedora-gcc 1.3.6-1 68.74 NOTE
r-devel-windows-x86_64 1.3.6-1 13.00 68.00 81.00 NOTE
r-patched-linux-x86_64 1.3.6-1 7.71 36.59 44.30 NOTE
r-release-linux-x86_64 1.3.6-1 7.21 37.51 44.72 NOTE
r-release-macos-arm64 1.3.6-1 30.00 NOTE
r-release-windows-x86_64 1.3.6-1 13.00 67.00 80.00 NOTE
r-oldrel-macos-arm64 1.3.6-1 29.00 OK
r-oldrel-macos-x86_64 1.3.6-1 40.00 OK
r-oldrel-windows-x86_64 1.3.6-1 16.00 67.00 83.00 OK

Additional issues

Intel

Check Details

Version: 1.3.6-1
Check: Rd files
Result: NOTE checkRd: (-1) NScluster-package.Rd:30-34: Lost braces in \itemize; meant \describe ? checkRd: (-1) NScluster-package.Rd:35-43: Lost braces in \itemize; meant \describe ? checkRd: (-1) NScluster-package.Rd:44-48: Lost braces in \itemize; meant \describe ? checkRd: (-1) NScluster-package.Rd:49-53: Lost braces in \itemize; meant \describe ? checkRd: (-1) mple.cppm.Rd:44-66: Lost braces in \itemize; meant \describe ? checkRd: (-1) mple.cppm.Rd:69-110: Lost braces in \itemize; meant \describe ? checkRd: (-1) mple.cppm.Rd:113-155: Lost braces in \itemize; meant \describe ? checkRd: (-1) sim.cppm.Rd:36-87: Lost braces in \itemize; meant \describe ? checkRd: (-1) sim.cppm.Rd:90-120: Lost braces in \itemize; meant \describe ? checkRd: (-1) sim.cppm.Rd:123-148: Lost braces in \itemize; meant \describe ? checkRd: (-1) sim.cppm.Rd:151-192: Lost braces in \itemize; meant \describe ? checkRd: (-1) sim.cppm.Rd:195-211: Lost braces in \itemize; meant \describe ? Flavors: r-devel-linux-x86_64-debian-clang, r-devel-linux-x86_64-debian-gcc, r-devel-linux-x86_64-fedora-clang, r-devel-linux-x86_64-fedora-gcc, r-devel-windows-x86_64, r-patched-linux-x86_64, r-release-linux-x86_64, r-release-macos-arm64, r-release-windows-x86_64