CRAN Package Check Results for Package NanoStringNorm

Last updated on 2018-01-21 08:48:31 CET.

Flavor Version Tinstall Tcheck Ttotal Status Flags
r-devel-linux-x86_64-debian-clang 1.2.1 5.54 100.50 106.04 OK
r-devel-linux-x86_64-debian-gcc 1.2.1 4.92 77.46 82.38 OK
r-devel-windows-ix86+x86_64 1.2.1 15.00 116.00 131.00 OK
r-patched-linux-x86_64 1.2.1 5.90 102.39 108.29 OK
r-patched-solaris-x86 1.2.1 152.90 OK
r-release-linux-x86_64 1.2.1 4.79 101.02 105.81 OK
r-release-windows-ix86+x86_64 1.2.1 22.00 121.00 143.00 OK
r-release-osx-x86_64 1.2.1 ERROR
r-oldrel-windows-ix86+x86_64 1.2.1 18.00 109.00 127.00 OK
r-oldrel-osx-x86_64 1.2.1 OK

Check Details

Version: 1.2.1
Check: package dependencies
Result: ERROR
    Package required but not available: ‘vsn’
    
    See section ‘The DESCRIPTION file’ in the ‘Writing R Extensions’
    manual.
Flavor: r-release-osx-x86_64