CRAN Package Check Results for Package NanoStringNorm

Last updated on 2016-02-08 08:47:42.

Flavor Version Tinstall Tcheck Ttotal Status Flags
r-devel-linux-x86_64-debian-gcc 1.1.21 2.83 54.26 57.09 OK
r-devel-linux-x86_64-fedora-clang 1.1.21 116.98 OK
r-devel-linux-x86_64-fedora-gcc 1.1.21 109.54 OK
r-devel-osx-x86_64-clang 1.1.21 133.25 OK
r-devel-windows-ix86+x86_64 1.1.21 17.00 91.00 108.00 OK
r-patched-linux-x86_64 1.1.21 3.52 61.49 65.00 OK
r-patched-solaris-sparc 1.1.21 738.70 OK
r-patched-solaris-x86 1.1.21 153.90 OK
r-release-linux-x86_64 1.1.21 3.24 61.97 65.21 OK
r-release-osx-x86_64-mavericks 1.1.21 ERROR
r-release-windows-ix86+x86_64 1.1.21 15.00 99.00 114.00 OK
r-oldrel-windows-ix86+x86_64 1.1.21 20.00 164.00 184.00 OK

Check Details

Version: 1.1.21
Check: package dependencies
Result: ERROR
    Package required but not available: ‘vsn’
    
    See section ‘The DESCRIPTION file’ in the ‘Writing R Extensions’
    manual.
Flavor: r-release-osx-x86_64-mavericks