CRAN Package Check Results for Package NanoStringNorm

Last updated on 2017-03-22 23:53:25.

Flavor Version Tinstall Tcheck Ttotal Status Flags
r-devel-linux-x86_64-debian-clang 1.1.21 4.72 80.98 85.70 OK
r-devel-linux-x86_64-debian-gcc 1.1.21 4.59 81.06 85.65 OK
r-devel-linux-x86_64-fedora-clang 1.1.21 133.64 OK --no-stop-on-test-error
r-devel-linux-x86_64-fedora-gcc 1.1.21 133.49 OK --no-stop-on-test-error
r-devel-macos-x86_64-clang 1.1.21 99.74 OK --no-stop-on-test-error
r-devel-windows-ix86+x86_64 1.1.21 11.00 130.00 141.00 OK
r-patched-linux-x86_64 1.1.21 4.31 75.16 79.47 OK
r-patched-solaris-sparc 1.1.21 766.60 OK
r-patched-solaris-x86 1.1.21 165.40 OK
r-release-linux-x86_64 1.1.21 4.61 74.55 79.16 OK
r-release-osx-x86_64-mavericks 1.1.21 OK
r-release-windows-ix86+x86_64 1.1.21 29.00 118.00 147.00 OK
r-oldrel-windows-ix86+x86_64 1.1.21 24.00 170.00 194.00 WARN

Check Details

Version: 1.1.21
Check: whether package can be installed
Result: WARN
    Found the following significant warnings:
     Warning: failed to assign NativeSymbolInfo for env since env is already defined in the 'lazyeval' namespace
Flavor: r-oldrel-windows-ix86+x86_64