CRAN Package Check Results for Package NanoStringNorm

Last updated on 2017-07-28 08:48:00.

Flavor Version Tinstall Tcheck Ttotal Status Flags
r-devel-linux-x86_64-debian-clang 1.1.21 4.86 100.62 105.48 OK
r-devel-linux-x86_64-debian-gcc 1.1.21 4.49 102.88 107.37 OK
r-devel-linux-x86_64-fedora-clang 1.1.21 134.89 OK
r-devel-linux-x86_64-fedora-gcc 1.1.21 134.89 OK
r-devel-windows-ix86+x86_64 1.1.21 11.00 114.00 125.00 OK
r-patched-linux-x86_64 1.1.21 4.65 100.75 105.40 OK
r-patched-solaris-x86 1.1.21 163.30 OK
r-release-linux-x86_64 1.1.21 4.72 101.81 106.53 OK
r-release-windows-ix86+x86_64 1.1.21 13.00 155.00 168.00 OK
r-release-osx-x86_64 1.1.21 ERROR
r-oldrel-windows-ix86+x86_64 1.1.21 11.00 116.00 127.00 OK
r-oldrel-osx-x86_64 1.1.21 OK

Check Details

Version: 1.1.21
Check: package dependencies
Result: ERROR
    Package required but not available: ‘vsn’
    
    See section ‘The DESCRIPTION file’ in the ‘Writing R Extensions’
    manual.
Flavor: r-release-osx-x86_64