CRAN Package Check Results for Package NanoStringNorm

Last updated on 2014-08-30 23:48:28.

Flavor Version Tinstall Tcheck Ttotal Status Flags
r-devel-linux-x86_64-debian-clang 1.1.17 1.23 35.80 37.03 NOTE
r-devel-linux-x86_64-debian-gcc 1.1.17 1.02 35.03 36.06 NOTE
r-devel-linux-x86_64-fedora-clang 1.1.17 80.30 NOTE
r-devel-linux-x86_64-fedora-gcc 1.1.17 74.74 NOTE
r-devel-osx-x86_64-clang 1.1.17 74.87 NOTE
r-devel-windows-ix86+x86_64 1.1.17 6.00 57.00 63.00 NOTE
r-patched-linux-x86_64 1.1.17 1.09 40.54 41.63 OK
r-patched-solaris-sparc 1.1.17 507.50 OK
r-patched-solaris-x86 1.1.17 115.20 OK
r-release-linux-ix86 1.1.17 1.61 54.58 56.19 OK
r-release-linux-x86_64 1.1.17 1.44 40.22 41.66 OK
r-release-osx-x86_64-mavericks 1.1.17 NOTE
r-release-osx-x86_64-snowleopard 1.1.17 NOTE
r-release-windows-ix86+x86_64 1.1.17 4.00 66.00 70.00 OK
r-oldrel-windows-ix86+x86_64 1.1.17 5.00 66.00 71.00 OK

Check Details

Version: 1.1.17
Check: R code for possible problems
Result: NOTE
    .test: no visible global function definition for ‘defineTestSuite’
    .test: no visible global function definition for ‘runTestSuite’
    .test: no visible global function definition for ‘printTextProtocol’
    Plot.NanoStringNorm.gvis: no visible global function definition for
     ‘gvisMotionChart’
    Plot.NanoStringNorm.gvis: no visible global function definition for
     ‘gvisTable’
    Plot.NanoStringNorm.gvis: no visible global function definition for
     ‘gvisMerge’
    norm.comp : get.icc: no visible global function definition for ‘lmer’
    norm.comp : get.icc: no visible global function definition for
     ‘VarCorr’
    other.normalization.vsn: no visible global function definition for
     ‘vsn2’
Flavors: r-devel-linux-x86_64-debian-clang, r-devel-linux-x86_64-debian-gcc, r-devel-linux-x86_64-fedora-clang, r-devel-linux-x86_64-fedora-gcc, r-devel-osx-x86_64-clang, r-devel-windows-ix86+x86_64

Version: 1.1.17
Check: package dependencies
Result: NOTE
    Package suggested but not available for checking: ‘vsn’
Flavors: r-release-osx-x86_64-mavericks, r-release-osx-x86_64-snowleopard

Version: 1.1.17
Check: R code for possible problems
Result: NOTE
    other.normalization.vsn: no visible global function definition for
     ‘vsn2’
Flavors: r-release-osx-x86_64-mavericks, r-release-osx-x86_64-snowleopard