CRAN Package Check Results for Package NanoStringNorm

Last updated on 2014-10-31 06:47:23.

Flavor Version Tinstall Tcheck Ttotal Status Flags
r-devel-linux-x86_64-debian-clang 1.1.17 1.20 37.70 38.90 NOTE
r-devel-linux-x86_64-debian-gcc 1.1.17 1.24 37.46 38.70 NOTE
r-devel-linux-x86_64-fedora-clang 1.1.17 78.69 NOTE
r-devel-linux-x86_64-fedora-gcc 1.1.17 74.93 NOTE
r-devel-osx-x86_64-clang 1.1.17 83.51 NOTE
r-devel-windows-ix86+x86_64 1.1.17 5.00 58.00 63.00 NOTE
r-patched-linux-x86_64 1.1.17 1.12 38.79 39.91 NOTE
r-patched-solaris-sparc 1.1.17 475.40 NOTE
r-patched-solaris-x86 1.1.17 102.70 NOTE
r-release-linux-ix86 1.1.17 1.65 55.00 56.64 OK
r-release-linux-x86_64 1.1.17 1.09 42.86 43.96 OK
r-release-osx-x86_64-mavericks 1.1.17 NOTE
r-release-osx-x86_64-snowleopard 1.1.17 NOTE
r-release-windows-ix86+x86_64 1.1.17 5.00 65.00 70.00 OK
r-oldrel-windows-ix86+x86_64 1.1.17 5.00 71.00 76.00 OK

Check Details

Version: 1.1.17
Check: R code for possible problems
Result: NOTE
    .test: no visible global function definition for ‘defineTestSuite’
    .test: no visible global function definition for ‘runTestSuite’
    .test: no visible global function definition for ‘printTextProtocol’
    Plot.NanoStringNorm.gvis: no visible global function definition for
     ‘gvisMotionChart’
    Plot.NanoStringNorm.gvis: no visible global function definition for
     ‘gvisTable’
    Plot.NanoStringNorm.gvis: no visible global function definition for
     ‘gvisMerge’
    norm.comp : get.icc: no visible global function definition for ‘lmer’
    norm.comp : get.icc: no visible global function definition for
     ‘VarCorr’
    other.normalization.vsn: no visible global function definition for
     ‘vsn2’
Flavors: r-devel-linux-x86_64-debian-clang, r-devel-linux-x86_64-debian-gcc, r-devel-linux-x86_64-fedora-clang, r-devel-linux-x86_64-fedora-gcc, r-devel-osx-x86_64-clang, r-devel-windows-ix86+x86_64, r-patched-linux-x86_64, r-patched-solaris-sparc, r-patched-solaris-x86

Version: 1.1.17
Check: package dependencies
Result: NOTE
    Package suggested but not available for checking: ‘vsn’
Flavors: r-release-osx-x86_64-mavericks, r-release-osx-x86_64-snowleopard

Version: 1.1.17
Check: R code for possible problems
Result: NOTE
    other.normalization.vsn: no visible global function definition for
     ‘vsn2’
Flavors: r-release-osx-x86_64-mavericks, r-release-osx-x86_64-snowleopard