CRAN Package Check Results for Package NanoStringNorm

Last updated on 2014-11-26 23:48:46.

Flavor Version Tinstall Tcheck Ttotal Status Flags
r-devel-linux-x86_64-debian-clang 1.1.17 1.12 38.74 39.86 NOTE
r-devel-linux-x86_64-debian-gcc 1.1.17 1.07 37.22 38.30 NOTE
r-devel-linux-x86_64-fedora-clang 1.1.17 81.45 NOTE
r-devel-linux-x86_64-fedora-gcc 1.1.17 77.16 NOTE
r-devel-osx-x86_64-clang 1.1.17 83.11 NOTE
r-devel-windows-ix86+x86_64 1.1.17 5.00 61.00 66.00 NOTE
r-patched-linux-x86_64 1.1.17 1.12 39.19 40.31 NOTE
r-patched-solaris-sparc 1.1.17 475.40 NOTE
r-patched-solaris-x86 1.1.17 102.40 NOTE
r-release-linux-ix86 1.1.17 1.60 49.03 50.63 NOTE
r-release-linux-x86_64 1.1.17 1.11 37.67 38.78 NOTE
r-release-osx-x86_64-mavericks 1.1.17 NOTE
r-release-osx-x86_64-snowleopard 1.1.17 NOTE
r-release-windows-ix86+x86_64 1.1.17 6.00 64.00 70.00 NOTE
r-oldrel-windows-ix86+x86_64 1.1.17 5.00 69.00 74.00 OK

Check Details

Version: 1.1.17
Check: R code for possible problems
Result: NOTE
    .test: no visible global function definition for ‘defineTestSuite’
    .test: no visible global function definition for ‘runTestSuite’
    .test: no visible global function definition for ‘printTextProtocol’
    Plot.NanoStringNorm.gvis: no visible global function definition for
     ‘gvisMotionChart’
    Plot.NanoStringNorm.gvis: no visible global function definition for
     ‘gvisTable’
    Plot.NanoStringNorm.gvis: no visible global function definition for
     ‘gvisMerge’
    norm.comp : get.icc: no visible global function definition for ‘lmer’
    norm.comp : get.icc: no visible global function definition for
     ‘VarCorr’
    other.normalization.vsn: no visible global function definition for
     ‘vsn2’
Flavors: r-devel-linux-x86_64-debian-clang, r-devel-linux-x86_64-debian-gcc, r-devel-linux-x86_64-fedora-clang, r-devel-linux-x86_64-fedora-gcc, r-devel-osx-x86_64-clang, r-devel-windows-ix86+x86_64, r-patched-linux-x86_64, r-patched-solaris-sparc, r-patched-solaris-x86, r-release-linux-ix86, r-release-linux-x86_64, r-release-windows-ix86+x86_64

Version: 1.1.17
Check: package dependencies
Result: NOTE
    Package suggested but not available for checking: ‘vsn’
Flavors: r-release-osx-x86_64-mavericks, r-release-osx-x86_64-snowleopard

Version: 1.1.17
Check: R code for possible problems
Result: NOTE
    other.normalization.vsn: no visible global function definition for
     ‘vsn2’
Flavors: r-release-osx-x86_64-mavericks, r-release-osx-x86_64-snowleopard