CRAN Package Check Results for Package NanoStringNorm

Last updated on 2020-09-19 23:48:16 CEST.

Flavor Version Tinstall Tcheck Ttotal Status Flags
r-devel-linux-x86_64-debian-clang 1.2.1.1 13.25 107.50 120.75 NOTE
r-devel-linux-x86_64-debian-gcc 1.2.1.1 10.22 81.19 91.41 NOTE
r-devel-linux-x86_64-fedora-clang 1.2.1.1 155.39 NOTE
r-devel-linux-x86_64-fedora-gcc 1.2.1.1 147.58 NOTE
r-devel-windows-ix86+x86_64 1.2.1.1 26.00 138.00 164.00 WARN
r-patched-linux-x86_64 1.2.1.1 11.81 104.59 116.40 NOTE
r-patched-solaris-x86 1.2.1.1 168.20 NOTE
r-release-linux-x86_64 1.2.1.1 12.25 104.11 116.36 NOTE
r-release-macos-x86_64 1.2.1.1 OK
r-release-windows-ix86+x86_64 1.2.1.1 28.00 148.00 176.00 WARN
r-oldrel-macos-x86_64 1.2.1.1 OK
r-oldrel-windows-ix86+x86_64 1.2.1.1 24.00 136.00 160.00 WARN

Check Details

Version: 1.2.1.1
Check: for non-standard things in the check directory
Result: NOTE
    Found the following files/directories:
     'NanoStringNorm_Example_Plots_All.pdf'
     'NanoStringNorm_Interactive_Plot'
Flavors: r-devel-linux-x86_64-debian-clang, r-devel-linux-x86_64-debian-gcc, r-devel-linux-x86_64-fedora-clang, r-devel-linux-x86_64-fedora-gcc, r-patched-linux-x86_64, r-patched-solaris-x86, r-release-linux-x86_64

Version: 1.2.1.1
Check: whether package can be installed
Result: WARN
    Found the following significant warnings:
     Warning: namespace 'Rcpp' is not available and has been replaced
Flavors: r-devel-windows-ix86+x86_64, r-release-windows-ix86+x86_64, r-oldrel-windows-ix86+x86_64