CRAN Package Check Results for Package NanoStringNorm

Last updated on 2017-09-24 00:51:13.

Flavor Version Tinstall Tcheck Ttotal Status Flags
r-devel-linux-x86_64-debian-clang 1.1.21 6.10 94.68 100.78 OK
r-devel-linux-x86_64-debian-gcc 1.1.21 6.25 105.51 111.76 OK
r-devel-linux-x86_64-fedora-clang 1.1.21 136.99 OK
r-devel-linux-x86_64-fedora-gcc 1.1.21 139.52 OK
r-devel-windows-ix86+x86_64 1.1.21 11.00 113.00 124.00 OK
r-patched-linux-x86_64 1.1.21 6.60 102.11 108.71 OK
r-patched-solaris-x86 1.1.21 160.10 OK
r-release-linux-x86_64 1.1.21 7.33 82.54 89.88 OK
r-release-windows-ix86+x86_64 1.1.21 12.00 117.00 129.00 OK
r-release-osx-x86_64 1.1.21 ERROR
r-oldrel-windows-ix86+x86_64 1.1.21 11.00 107.00 118.00 OK
r-oldrel-osx-x86_64 1.1.21 OK

Check Details

Version: 1.1.21
Check: package dependencies
Result: ERROR
    Package required but not available: ‘vsn’
    
    See section ‘The DESCRIPTION file’ in the ‘Writing R Extensions’
    manual.
Flavor: r-release-osx-x86_64