CRAN Package Check Results for Package NanoStringNorm

Last updated on 2017-04-24 20:47:28.

Flavor Version Tinstall Tcheck Ttotal Status Flags
r-devel-linux-x86_64-debian-clang 1.1.21 4.56 83.13 87.69 OK
r-devel-linux-x86_64-debian-gcc 1.1.21 5.34 80.69 86.03 OK
r-devel-linux-x86_64-fedora-clang 1.1.21 136.65 OK --no-stop-on-test-error
r-devel-linux-x86_64-fedora-gcc 1.1.21 134.07 OK --no-stop-on-test-error
r-devel-windows-ix86+x86_64 1.1.21 OK
r-patched-linux-x86_64 1.1.21 4.90 80.89 85.79 OK
r-patched-solaris-sparc 1.1.21 766.60 OK
r-patched-solaris-x86 1.1.21 161.30 OK
r-release-linux-x86_64 1.1.21 4.44 81.36 85.80 OK
r-release-windows-ix86+x86_64 1.1.21 12.00 117.00 129.00 OK
r-release-osx-x86_64 1.1.21 ERROR
r-oldrel-windows-ix86+x86_64 1.1.21 12.00 114.00 126.00 OK
r-oldrel-osx-x86_64 1.1.21 OK

Check Details

Version: 1.1.21
Check: package dependencies
Result: ERROR
    Package required but not available: ‘vsn’
    
    See section ‘The DESCRIPTION file’ in the ‘Writing R Extensions’
    manual.
Flavor: r-release-osx-x86_64