CRAN Package Check Results for Package NanoStringNorm

Last updated on 2017-05-27 14:47:10.

Flavor Version Tinstall Tcheck Ttotal Status Flags
r-devel-linux-x86_64-debian-clang 1.1.21 4.60 83.93 88.53 OK
r-devel-linux-x86_64-debian-gcc 1.1.21 5.23 82.09 87.32 OK
r-devel-linux-x86_64-fedora-clang 1.1.21 137.83 OK
r-devel-linux-x86_64-fedora-gcc 1.1.21 139.38 OK
r-devel-windows-ix86+x86_64 1.1.21 19.00 134.00 153.00 OK
r-patched-linux-x86_64 1.1.21 5.10 88.04 93.14 OK
r-patched-solaris-sparc 1.1.21 766.60 OK
r-patched-solaris-x86 1.1.21 163.50 OK
r-release-linux-x86_64 1.1.21 4.74 84.99 89.73 OK
r-release-windows-ix86+x86_64 1.1.21 12.00 125.00 137.00 OK
r-release-osx-x86_64 1.1.21 ERROR
r-oldrel-windows-ix86+x86_64 1.1.21 18.00 114.00 132.00 OK
r-oldrel-osx-x86_64 1.1.21 OK

Check Details

Version: 1.1.21
Check: package dependencies
Result: ERROR
    Package required but not available: ‘vsn’
    
    See section ‘The DESCRIPTION file’ in the ‘Writing R Extensions’
    manual.
Flavor: r-release-osx-x86_64