CRAN Package Check Results for Package NanoStringNorm

Last updated on 2014-07-22 15:51:53.

Flavor Version Tinstall Tcheck Ttotal Status Flags
r-devel-linux-x86_64-debian-clang 1.1.17 1.12 39.77 40.88 OK
r-devel-linux-x86_64-debian-gcc 1.1.17 1.15 38.90 40.05 OK
r-devel-linux-x86_64-fedora-clang 1.1.17 91.72 OK
r-devel-linux-x86_64-fedora-gcc 1.1.17 86.96 OK
r-devel-osx-x86_64-clang 1.1.17 86.95 OK
r-devel-windows-ix86+x86_64 1.1.17 5.00 72.00 77.00 OK
r-patched-linux-x86_64 1.1.17 1.12 40.41 41.53 OK
r-patched-solaris-sparc 1.1.17 513.00 OK
r-patched-solaris-x86 1.1.17 115.10 OK
r-release-linux-ix86 1.1.17 1.62 54.85 56.48 OK
r-release-linux-x86_64 1.1.17 1.11 41.17 42.28 OK
r-release-osx-x86_64-mavericks 1.1.17 NOTE
r-release-osx-x86_64-snowleopard 1.1.17 NOTE
r-release-windows-ix86+x86_64 1.1.17 5.00 65.00 70.00 OK
r-oldrel-windows-ix86+x86_64 1.1.17 5.00 69.00 74.00 OK

Check Details

Version: 1.1.17
Check: package dependencies
Result: NOTE
    Package suggested but not available for checking: ‘vsn’
Flavors: r-release-osx-x86_64-mavericks, r-release-osx-x86_64-snowleopard

Version: 1.1.17
Check: R code for possible problems
Result: NOTE
    other.normalization.vsn: no visible global function definition for
     ‘vsn2’
Flavors: r-release-osx-x86_64-mavericks, r-release-osx-x86_64-snowleopard