CRAN Package Check Results for Package NanoStringNorm

Last updated on 2016-04-29 17:48:25.

Flavor Version Tinstall Tcheck Ttotal Status Flags
r-devel-linux-x86_64-debian-gcc 1.1.21 2.88 55.88 58.76 OK
r-devel-linux-x86_64-fedora-clang 1.1.21 114.16 OK
r-devel-linux-x86_64-fedora-gcc 1.1.21 110.58 OK
r-devel-osx-x86_64-clang 1.1.21 125.19 OK
r-devel-windows-ix86+x86_64 1.1.21 10.00 104.00 114.00 OK
r-patched-linux-x86_64 1.1.21 2.92 56.50 59.42 OK
r-patched-solaris-sparc 1.1.21 671.40 OK
r-patched-solaris-x86 1.1.21 140.70 OK
r-release-linux-x86_64 1.1.21 3.21 63.63 66.84 OK
r-release-osx-x86_64-mavericks 1.1.21 ERROR
r-release-windows-ix86+x86_64 1.1.21 11.00 110.00 121.00 OK
r-oldrel-windows-ix86+x86_64 1.1.21 18.00 172.00 190.00 OK

Check Details

Version: 1.1.21
Check: package dependencies
Result: ERROR
    Package required but not available: ‘vsn’
    
    See section ‘The DESCRIPTION file’ in the ‘Writing R Extensions’
    manual.
Flavor: r-release-osx-x86_64-mavericks