CRAN Package Check Results for Package NanoStringNorm

Last updated on 2017-11-19 19:50:32.

Flavor Version Tinstall Tcheck Ttotal Status Flags
r-devel-linux-x86_64-debian-clang 1.2.0 4.27 69.52 73.79 OK
r-devel-linux-x86_64-debian-gcc 1.2.0 4.69 124.31 129.00 OK
r-devel-linux-x86_64-fedora-clang 1.2.0 121.26 OK
r-devel-linux-x86_64-fedora-gcc 1.2.0 166.78 OK
r-devel-windows-ix86+x86_64 1.2.0 19.00 116.00 135.00 OK
r-patched-linux-x86_64 1.2.0 4.32 69.25 73.57 OK
r-patched-solaris-x86 1.2.0 142.60 OK
r-release-linux-x86_64 1.2.0 4.86 69.39 74.25 OK
r-release-windows-ix86+x86_64 1.2.0 13.00 155.00 168.00 OK
r-release-osx-x86_64 1.2.0 ERROR
r-oldrel-windows-ix86+x86_64 1.2.0 14.00 96.00 110.00 OK
r-oldrel-osx-x86_64 1.2.0 OK

Check Details

Version: 1.2.0
Check: package dependencies
Result: ERROR
    Package required but not available: ‘vsn’
    
    See section ‘The DESCRIPTION file’ in the ‘Writing R Extensions’
    manual.
Flavor: r-release-osx-x86_64