CRAN Package Check Results for Package NanoStringNorm

Last updated on 2015-03-02 19:52:20.

Flavor Version Tinstall Tcheck Ttotal Status Flags
r-devel-linux-x86_64-debian-clang 1.1.17 1.02 35.85 36.87 NOTE
r-devel-linux-x86_64-debian-gcc 1.1.17 1.00 34.31 35.30 NOTE
r-devel-linux-x86_64-fedora-clang 1.1.17 72.43 NOTE
r-devel-linux-x86_64-fedora-gcc 1.1.17 67.80 NOTE
r-devel-osx-x86_64-clang 1.1.17 78.69 NOTE
r-devel-windows-ix86+x86_64 1.1.17 10.00 73.00 83.00 NOTE
r-patched-linux-x86_64 1.1.17 1.13 38.98 40.11 NOTE
r-patched-solaris-sparc 1.1.17 505.20 NOTE
r-patched-solaris-x86 1.1.17 102.90 NOTE
r-release-linux-ix86 1.1.17 1.61 51.75 53.36 NOTE
r-release-linux-x86_64 1.1.17 1.14 38.92 40.06 NOTE
r-release-osx-x86_64-mavericks 1.1.17 NOTE
r-release-osx-x86_64-snowleopard 1.1.17 NOTE
r-release-windows-ix86+x86_64 1.1.17 10.00 84.00 94.00 NOTE
r-oldrel-windows-ix86+x86_64 1.1.17 5.00 68.00 73.00 OK

Check Details

Version: 1.1.17
Check: DESCRIPTION meta-information
Result: NOTE
    Malformed Description field: should contain one or more complete sentences.
Flavors: r-devel-linux-x86_64-debian-clang, r-devel-linux-x86_64-debian-gcc, r-devel-linux-x86_64-fedora-clang, r-devel-linux-x86_64-fedora-gcc, r-devel-osx-x86_64-clang, r-devel-windows-ix86+x86_64

Version: 1.1.17
Check: dependencies in R code
Result: NOTE
    'library' or 'require' calls in package code:
     ‘RUnit’ ‘googleVis’ ‘lme4’ ‘vsn’
     Please use :: or requireNamespace() instead.
     See section 'Suggested packages' in the 'Writing R Extensions' manual.
Flavors: r-devel-linux-x86_64-debian-clang, r-devel-linux-x86_64-debian-gcc, r-devel-linux-x86_64-fedora-clang, r-devel-linux-x86_64-fedora-gcc, r-devel-osx-x86_64-clang, r-devel-windows-ix86+x86_64, r-patched-linux-x86_64, r-patched-solaris-sparc, r-patched-solaris-x86

Version: 1.1.17
Check: R code for possible problems
Result: NOTE
    .test: no visible global function definition for ‘defineTestSuite’
    .test: no visible global function definition for ‘runTestSuite’
    .test: no visible global function definition for ‘printTextProtocol’
    Plot.NanoStringNorm.gvis: no visible global function definition for
     ‘gvisMotionChart’
    Plot.NanoStringNorm.gvis: no visible global function definition for
     ‘gvisTable’
    Plot.NanoStringNorm.gvis: no visible global function definition for
     ‘gvisMerge’
    norm.comp : get.icc: no visible global function definition for ‘lmer’
    norm.comp : get.icc: no visible global function definition for
     ‘VarCorr’
    other.normalization.vsn: no visible global function definition for
     ‘vsn2’
Flavors: r-devel-linux-x86_64-debian-clang, r-devel-linux-x86_64-debian-gcc, r-devel-linux-x86_64-fedora-clang, r-devel-linux-x86_64-fedora-gcc, r-devel-osx-x86_64-clang, r-devel-windows-ix86+x86_64, r-patched-linux-x86_64, r-patched-solaris-sparc, r-patched-solaris-x86, r-release-linux-ix86, r-release-linux-x86_64, r-release-osx-x86_64-mavericks, r-release-windows-ix86+x86_64

Version: 1.1.17
Check: package dependencies
Result: NOTE
    Package suggested but not available for checking: ‘vsn’
Flavors: r-release-osx-x86_64-mavericks, r-release-osx-x86_64-snowleopard

Version: 1.1.17
Check: R code for possible problems
Result: NOTE
    other.normalization.vsn: no visible global function definition for
     ‘vsn2’
Flavor: r-release-osx-x86_64-snowleopard