CRAN Package Check Results for Package NanoStringNorm

Last updated on 2017-01-23 10:47:29.

Flavor Version Tinstall Tcheck Ttotal Status Flags
r-devel-linux-x86_64-debian-clang 1.1.21 4.55 81.17 85.72 OK
r-devel-linux-x86_64-debian-gcc 1.1.21 4.61 84.73 89.34 OK
r-devel-linux-x86_64-fedora-clang 1.1.21 149.57 OK --no-stop-on-test-error
r-devel-linux-x86_64-fedora-gcc 1.1.21 132.84 OK --no-stop-on-test-error
r-devel-macos-x86_64-clang 1.1.21 100.87 OK --no-stop-on-test-error
r-devel-windows-ix86+x86_64 1.1.21 12.00 128.00 140.00 OK
r-patched-linux-x86_64 1.1.21 5.56 73.74 79.30 OK
r-patched-solaris-sparc 1.1.21 711.80 OK
r-patched-solaris-x86 1.1.21 148.70 OK
r-release-linux-x86_64 1.1.21 4.91 74.62 79.53 OK
r-release-osx-x86_64-mavericks 1.1.21 OK
r-release-windows-ix86+x86_64 1.1.21 36.00 152.00 188.00 OK
r-oldrel-windows-ix86+x86_64 1.1.21 30.00 169.00 199.00 WARN

Check Details

Version: 1.1.21
Check: whether package can be installed
Result: WARN
    Found the following significant warnings:
     Warning: failed to assign NativeSymbolInfo for env since env is already defined in the 'lazyeval' namespace
Flavor: r-oldrel-windows-ix86+x86_64