CRAN Package Check Results for Package NanoStringNorm

Last updated on 2014-04-24 09:49:05.

Flavor Version Tinstall Tcheck Ttotal Status Flags
r-devel-linux-x86_64-debian-clang 1.1.17 1.29 41.38 42.67 OK
r-devel-linux-x86_64-debian-gcc 1.1.17 1.26 41.53 42.79 OK
r-devel-linux-x86_64-fedora-clang 1.1.17 89.39 OK
r-devel-linux-x86_64-fedora-gcc 1.1.17 87.44 OK
r-devel-osx-x86_64-clang 1.1.17 84.92 OK
r-devel-osx-x86_64-gcc 1.1.17 NOTE
r-devel-windows-ix86+x86_64 1.1.17 5.00 67.00 72.00 OK
r-patched-linux-x86_64 1.1.17 1.18 41.40 42.58 OK
r-patched-solaris-sparc 1.1.17 513.00 OK
r-patched-solaris-x86 1.1.17 113.70 OK
r-release-linux-ix86 1.1.17 3.00 73.00 76.00 OK
r-release-linux-x86_64 1.1.17 1.23 41.79 43.02 OK
r-release-osx-x86_64-mavericks 1.1.17 WARN
r-release-osx-x86_64-snowleopard 1.1.17 NOTE
r-release-windows-ix86+x86_64 1.1.17 5.00 68.00 73.00 OK
r-oldrel-windows-ix86+x86_64 1.1.17 5.00 68.00 73.00 OK

Check Details

Version: 1.1.17
Check: package dependencies
Result: NOTE
    Packages suggested but not available for checking: ‘vsn’ ‘lme4’
Flavors: r-devel-osx-x86_64-gcc, r-release-osx-x86_64-mavericks

Version: 1.1.17
Check: R code for possible problems
Result: NOTE
    norm.comp : get.icc: no visible global function definition for ‘lmer’
    norm.comp : get.icc: no visible global function definition for
     ‘VarCorr’
    other.normalization.vsn: no visible global function definition for
     ‘vsn2’
Flavors: r-devel-osx-x86_64-gcc, r-release-osx-x86_64-mavericks

Version: 1.1.17
Check: PDF version of manual
Result: WARNING
    LaTeX errors when creating PDF version.
    This typically indicates Rd problems.
    LaTeX errors found:
    ! LaTeX Error: File `upquote.sty' not found.
    
    Type X to quit or <RETURN> to proceed,
    or enter new name. (Default extension: sty)
    
    6517975c/Rd2.tex:8: ==> Fatal error occurred, no output PDF file produced!
Flavor: r-release-osx-x86_64-mavericks

Version: 1.1.17
Check: package dependencies
Result: NOTE
    Package suggested but not available for checking: ‘vsn’
Flavor: r-release-osx-x86_64-snowleopard

Version: 1.1.17
Check: R code for possible problems
Result: NOTE
    other.normalization.vsn: no visible global function definition for
     ‘vsn2’
Flavor: r-release-osx-x86_64-snowleopard