CRAN Package Check Results for Package NanoStringNorm

Last updated on 2015-01-30 18:51:33.

Flavor Version Tinstall Tcheck Ttotal Status Flags
r-devel-linux-x86_64-debian-clang 1.1.17 1.08 34.47 35.55 NOTE
r-devel-linux-x86_64-debian-gcc 1.1.17 1.03 35.65 36.68 NOTE
r-devel-linux-x86_64-fedora-clang 1.1.17 78.29 NOTE
r-devel-linux-x86_64-fedora-gcc 1.1.17 73.45 NOTE
r-devel-osx-x86_64-clang 1.1.17 82.09 NOTE
r-devel-windows-ix86+x86_64 1.1.17 7.00 57.00 64.00 NOTE
r-patched-linux-x86_64 1.1.17 1.11 38.44 39.54 NOTE
r-patched-solaris-sparc 1.1.17 462.40 NOTE
r-patched-solaris-x86 1.1.17 102.20 NOTE
r-release-linux-ix86 1.1.17 1.64 3.23 4.87 OK
r-release-linux-x86_64 1.1.17 1.12 38.68 39.79 NOTE
r-release-osx-x86_64-mavericks 1.1.17 NOTE
r-release-osx-x86_64-snowleopard 1.1.17 NOTE
r-release-windows-ix86+x86_64 1.1.17 6.00 66.00 72.00 NOTE
r-oldrel-windows-ix86+x86_64 1.1.17 6.00 66.00 72.00 OK

Check Details

Version: 1.1.17
Check: package dependencies
Result: NOTE
    Package suggested but not available for checking: ‘vsn’
Flavors: r-devel-linux-x86_64-debian-clang, r-release-osx-x86_64-mavericks, r-release-osx-x86_64-snowleopard

Version: 1.1.17
Check: dependencies in R code
Result: NOTE
    'library' or 'require' calls in package code:
     ‘RUnit’ ‘googleVis’ ‘lme4’ ‘vsn’
     Please use :: or requireNamespace() instead.
     See section 'Suggested packages' in the 'Writing R Extensions' manual.
Flavors: r-devel-linux-x86_64-debian-clang, r-devel-linux-x86_64-debian-gcc, r-devel-linux-x86_64-fedora-clang, r-devel-linux-x86_64-fedora-gcc, r-devel-osx-x86_64-clang, r-devel-windows-ix86+x86_64

Version: 1.1.17
Check: R code for possible problems
Result: NOTE
    .test: no visible global function definition for ‘defineTestSuite’
    .test: no visible global function definition for ‘runTestSuite’
    .test: no visible global function definition for ‘printTextProtocol’
    Plot.NanoStringNorm.gvis: no visible global function definition for
     ‘gvisMotionChart’
    Plot.NanoStringNorm.gvis: no visible global function definition for
     ‘gvisTable’
    Plot.NanoStringNorm.gvis: no visible global function definition for
     ‘gvisMerge’
    norm.comp : get.icc: no visible global function definition for ‘lmer’
    norm.comp : get.icc: no visible global function definition for
     ‘VarCorr’
    other.normalization.vsn: no visible global function definition for
     ‘vsn2’
Flavors: r-devel-linux-x86_64-debian-clang, r-devel-linux-x86_64-debian-gcc, r-devel-linux-x86_64-fedora-clang, r-devel-linux-x86_64-fedora-gcc, r-devel-osx-x86_64-clang, r-devel-windows-ix86+x86_64, r-patched-linux-x86_64, r-patched-solaris-sparc, r-patched-solaris-x86, r-release-linux-x86_64, r-release-osx-x86_64-mavericks, r-release-windows-ix86+x86_64

Version: 1.1.17
Check: R code for possible problems
Result: NOTE
    other.normalization.vsn: no visible global function definition for
     ‘vsn2’
Flavor: r-release-osx-x86_64-snowleopard