CRAN Package Check Results for Package NanoStringNorm

Last updated on 2017-02-25 23:47:53.

Flavor Version Tinstall Tcheck Ttotal Status Flags
r-devel-linux-x86_64-debian-clang 1.1.21 4.61 80.25 84.86 OK
r-devel-linux-x86_64-debian-gcc 1.1.21 4.50 81.26 85.76 OK
r-devel-linux-x86_64-fedora-clang 1.1.21 132.73 OK --no-stop-on-test-error
r-devel-linux-x86_64-fedora-gcc 1.1.21 131.02 OK --no-stop-on-test-error
r-devel-macos-x86_64-clang 1.1.21 101.98 OK --no-stop-on-test-error
r-devel-windows-ix86+x86_64 1.1.21 19.00 177.00 196.00 OK
r-patched-linux-x86_64 1.1.21 4.26 73.13 77.39 OK
r-patched-solaris-sparc 1.1.21 711.80 OK
r-patched-solaris-x86 1.1.21 146.80 OK
r-release-linux-x86_64 1.1.21 4.87 74.23 79.09 OK
r-release-osx-x86_64-mavericks 1.1.21 OK
r-release-windows-ix86+x86_64 1.1.21 16.00 125.00 141.00 OK
r-oldrel-windows-ix86+x86_64 1.1.21 18.00 170.00 188.00 WARN

Check Details

Version: 1.1.21
Check: whether package can be installed
Result: WARN
    Found the following significant warnings:
     Warning: failed to assign NativeSymbolInfo for env since env is already defined in the 'lazyeval' namespace
Flavor: r-oldrel-windows-ix86+x86_64