CRAN Package Check Results for Package NanoStringNorm

Last updated on 2016-12-07 08:48:07.

Flavor Version Tinstall Tcheck Ttotal Status Flags
r-devel-linux-x86_64-debian-clang 1.1.21 5.06 89.27 94.33 OK
r-devel-linux-x86_64-debian-gcc 1.1.21 5.65 88.58 94.23 OK
r-devel-linux-x86_64-fedora-clang 1.1.21 144.96 OK --no-stop-on-test-error
r-devel-linux-x86_64-fedora-gcc 1.1.21 136.97 OK --no-stop-on-test-error
r-devel-macos-x86_64-clang 1.1.21 101.16 OK --no-stop-on-test-error
r-devel-windows-ix86+x86_64 1.1.21 20.00 110.00 130.00 OK
r-patched-linux-x86_64 1.1.21 4.34 76.77 81.10 OK
r-patched-solaris-sparc 1.1.21 720.50 OK
r-patched-solaris-x86 1.1.21 144.80 OK
r-release-linux-x86_64 1.1.21 4.64 76.95 81.59 OK
r-release-osx-x86_64-mavericks 1.1.21 OK
r-release-windows-ix86+x86_64 1.1.21 11.00 116.00 127.00 OK
r-oldrel-windows-ix86+x86_64 1.1.21 15.00 126.00 141.00 WARN

Check Details

Version: 1.1.21
Check: whether package can be installed
Result: WARN
    Found the following significant warnings:
     Warning: failed to assign NativeSymbolInfo for env since env is already defined in the 'lazyeval' namespace
Flavor: r-oldrel-windows-ix86+x86_64