CRAN Package Check Results for Package NbClust

Last updated on 2015-07-03 16:47:27.

Flavor Version Tinstall Tcheck Ttotal Status Flags
r-devel-linux-x86_64-debian-clang 3.0 0.51 19.21 19.72 NOTE
r-devel-linux-x86_64-debian-gcc 3.0 0.56 18.62 19.17 NOTE
r-devel-linux-x86_64-fedora-clang 3.0 38.07 NOTE
r-devel-linux-x86_64-fedora-gcc 3.0 35.47 NOTE
r-devel-osx-x86_64-clang 3.0 37.94 OK
r-devel-windows-ix86+x86_64 3.0 4.00 32.00 36.00 OK
r-patched-linux-x86_64 3.0 0.56 19.64 20.21 OK
r-patched-solaris-sparc 3.0 260.60 OK
r-patched-solaris-x86 3.0 47.90 OK
r-release-linux-x86_64 3.0 0.59 19.17 19.76 OK
r-release-osx-x86_64-mavericks 3.0 OK
r-release-windows-ix86+x86_64 3.0 2.00 33.00 35.00 OK
r-oldrel-windows-ix86+x86_64 3.0 4.00 34.00 38.00 OK

Check Details

Version: 3.0
Check: R code for possible problems
Result: NOTE
    NbClust: no visible global function definition for ‘na.omit’
    NbClust: no visible global function definition for ‘dist’
    NbClust: no visible global function definition for ‘hclust’
    NbClust : Dis: no visible global function definition for ‘dist’
    NbClust : Index.Hubert: no visible global function definition for
     ‘dist’
    NbClust : Index.Hubert: no visible global function definition for ‘var’
    NbClust : Index.sPlussMoins: no visible global function definition for
     ‘as.dist’
    NbClust : Index.sPlussMoins: no visible global function definition for
     ‘median’
    NbClust : Index.15and28: no visible global function definition for
     ‘as.dist’
    NbClust : Indice.ptbiserial : biserial.cor: no visible global function
     definition for ‘complete.cases’
    NbClust : Indice.ptbiserial : biserial.cor: no visible global function
     definition for ‘sd’
    NbClust : Indices.WBT: no visible global function definition for ‘cov’
    NbClust : Indice.DB: no visible global function definition for ‘dist’
    NbClust : Indice.Gap : GAP : simgap: no visible global function
     definition for ‘runif’
    NbClust : Indice.Gap : GAP: no visible global function definition for
     ‘kmeans’
    NbClust : Indice.Gap : GAP: no visible global function definition for
     ‘cutree’
    NbClust : Indice.Gap : GAP: no visible global function definition for
     ‘hclust’
    NbClust : Indice.Gap : GAP: no visible global function definition for
     ‘dist’
    NbClust : Indice.Gap : GAP: no visible global function definition for
     ‘var’
    NbClust: no visible global function definition for ‘cutree’
    NbClust: no visible global function definition for ‘kmeans’
    NbClust: no visible global function definition for ‘pf’
    NbClust: no visible global function definition for ‘par’
    NbClust: no visible global function definition for ‘plot’
    Undefined global functions or variables:
     as.dist complete.cases cov cutree dist hclust kmeans median na.omit
     par pf plot runif sd var
Flavors: r-devel-linux-x86_64-debian-clang, r-devel-linux-x86_64-debian-gcc, r-devel-linux-x86_64-fedora-clang, r-devel-linux-x86_64-fedora-gcc